2024: Jan | Feb | Mar | Apr | May | Jun | Jul | Aug | Sep | Oct | Nov | Dec
2023: Jan | Feb | Mar | Apr | May | Jun | Jul | Aug | Sep | Oct | Nov | Dec
2022: Jan | Feb | Mar | Apr | May | Jun | Jul | Aug | Sep | Oct | Nov | Dec
2021: Jan | Feb | Mar | Apr | May | Jun | Jul | Aug | Sep | Oct | Nov | Dec
2020: Jan | Feb | Mar | Apr | May | Jun | Jul | Aug | Sep | Oct | Nov | Dec
2019: Jan | Feb | Mar | Apr | May | Jun | Jul | Aug | Sep | Oct | Nov | Dec
2018: Jan | Feb | Mar | Apr | May | Jun | Jul | Aug | Sep | Oct | Nov | Dec
2017: Jan | Feb | Mar | Apr | May | Jun | Jul | Aug | Sep | Oct | Nov | Dec
2016: Jan | Feb | Mar | Apr | May | Jun | Jul | Aug | Sep | Oct | Nov | Dec
2015: Jan | Feb | Mar | Apr | May | Jun | Jul | Aug | Sep | Oct | Nov | Dec
2014: Jan | Feb | Mar | Apr | May | Jun | Jul | Aug | Sep | Oct | Nov | Dec
2013: Jan | Feb | Mar | Apr | May | Jun | Jul | Aug | Sep | Oct | Nov | Dec
2012: Jan | Feb | Mar | Apr | May | Jun | Jul | Aug | Sep | Oct | Nov | Dec
2011: Jan | Feb | Mar | Apr | May | Jun | Jul | Aug | Sep | Oct | Nov | Dec
2010: Jan | Feb | Mar | Apr | May | Jun | Jul | Aug | Sep | Oct | Nov | Dec
2009: Jan | Feb | Mar | Apr | May | Jun | Jul | Aug | Sep | Oct | Nov | Dec
2008: Jan | Feb | Mar | Apr | May | Jun | Jul | Aug | Sep | Oct | Nov | Dec
Report for 2012 04
MONTHLY CLIMATOLOGICAL SUMMARY FOR 4/2012
HEAT COOL
MEAN DEG DEG WIND SPEED DOM MEAN MEAN
DAY TEMP HIGH TIME LOW TIME DAYS DAYS RAIN AVG HI TIME DIR BAROM HUM
---------------------------------------------------------------------------------------
1 39.6 48.3 2:31pm 35.7 11:59pm 25 0 0.34 3 18 1:42am NNE 30.25 92
2 45.3 56.4 2:44pm 34.6 1:12am 20 0 0.00 3 19 5:38am WNW 30.22 78
3 49.4 60.3 3:08pm 41.5 6:56am 16 0 0.24 6 22 10:26pm SE 30.09 76
4 40.6 47.0 3:43pm 34.2 6:04am 24 0 0.49 3 26 1:05am W 30.15 78
5 37.3 45.8 2:48pm 31.4 6:23am 28 0 0.00 4 24 5:33pm ESE 30.15 71
6 40.5 50.8 5:06pm 31.8 5:35am 25 0 0.00 4 19 7:34am ESE 30.30 63
7 47.9 61.1 3:05pm 36.9 6:30am 17 0 0.00 5 20 4:12am ESE 30.20 54
8 53.3 68.2 1:59pm 43.6 3:26am 12 0 0.00 6 24 2:28pm ESE 30.10 46
9 55.3 66.7 2:36pm 47.0 6:48am 10 0 0.00 5 19 1:24am ESE 29.97 47
10 48.1 53.9 2:54pm 41.7 4:20am 17 0 0.00 2 11 4:14pm NNE 29.89 73
11 41.0 44.9 2:05am 37.9 3:50pm 24 0 1.22 6 31 11:17pm SE 29.94 94
12 39.3 41.5 4:17pm 37.1 9:52pm 26 0 1.60 10 35 5:24am SSE 30.05 95
13 36.7 41.3 2:54pm 33.2 9:32am 28 0 1.11 6 39 1:38am SSE 29.84 96
14 41.8 52.0 4:22pm 34.0 12:00am 23 0 0.09 2 15 1:00pm WNW 30.06 93
15 48.4 59.4 3:17pm 38.7 6:32am 17 0 0.00 3 18 1:20pm ESE 30.25 79
16 52.5 63.4 2:19pm 44.4 6:36am 13 0 0.00 5 20 4:28am ESE 30.24 67
17 54.9 64.5 2:54pm 46.4 6:25am 10 0 0.00 6 21 7:19am ESE 30.16 67
18 55.3 62.8 2:40pm 48.1 6:20am 10 0 0.00 3 16 12:54am SE 30.13 66
19 59.6 70.2 2:20pm 48.7 6:44am 7 1 0.00 5 17 4:24pm ESE 30.15 69
20 66.4 77.8 2:40pm 57.8 1:08am 2 4 0.00 4 20 2:40am E 30.06 64
21 68.8 82.4 2:35pm 58.7 6:32am 2 6 0.00 5 20 7:18am E 29.97 60
22 70.4 83.2 2:11pm 60.9 5:59am 1 6 0.00 5 22 2:50am ESE 29.90 54
23 63.7 71.2 3:05pm 51.9 11:58pm 3 1 0.00 5 22 4:14am ESE 29.87 65
24 56.0 66.8 3:05pm 49.0 6:32am 9 0 0.00 2 13 12:00am S 30.02 81
25 54.8 57.6 5:53pm 52.5 11:17pm 10 0 0.44 3 13 4:10am ESE 29.93 91
26 48.4 52.7 12:00am 42.5 11:46pm 17 0 1.26 6 31 2:11pm S 29.97 92
27 48.6 58.9 3:04pm 39.0 5:58am 16 0 0.00 3 17 3:11pm NW 30.23 78
28 56.0 67.3 4:55pm 45.8 5:11am 9 0 0.00 3 18 5:55am ESE 30.04 72
29 61.8 72.3 3:31pm 53.1 7:26am 5 2 0.00 4 24 3:56am E 29.93 57
30 63.2 74.0 2:23pm 55.4 5:27am 4 2 0.00 7 24 2:45pm ESE 29.93 64
---------------------------------------------------------------------------------------
TOT 51.5 83.2 4/22/12 31.4 4/5/12 428 23 6.79 4 39 4/13/12 ESE 30.07 73
HEAT BASE: 65.0
COOL BASE: 65.0