NOAA-reports For Foresthill Weather.com
2018: Jan | Feb | Mar | Apr | May | Jun | Jul | Aug | Sep | Oct | Nov | Dec 
 2017: Jan | Feb | Mar | Apr | May | Jun | Jul | Aug | Sep | Oct | Nov | Dec 
2016: Jan | Feb | Mar | Apr | May | Jun | Jul | Aug | Sep | Oct | Nov | Dec 
2015: Jan | Feb | Mar | Apr | May | Jun | Jul | Aug | Sep | Oct | Nov | Dec 
2014: Jan | Feb | Mar | Apr | May | Jun | Jul | Aug | Sep | Oct | Nov | Dec 
2013: Jan | Feb | Mar | Apr | May | Jun | Jul | Aug | Sep | Oct | Nov | Dec 
2012: Jan | Feb | Mar | Apr | May | Jun | Jul | Aug | Sep | Oct | Nov | Dec 
2011: Jan | Feb | Mar | Apr | May | Jun | Jul | Aug | Sep | Oct | Nov | Dec 
2010: Jan | Feb | Mar | Apr | May | Jun | Jul | Aug | Sep | Oct | Nov | Dec 
2009: Jan | Feb | Mar | Apr | May | Jun | Jul | Aug | Sep | Oct | Nov | Dec 
2008: Jan | Feb | Mar | Apr | May | Jun | Jul | Aug | Sep | Oct | Nov | Dec 

Report for 2012 06
MONTHLY CLIMATOLOGICAL SUMMARY FOR 6/2012 HEAT COOL MEAN DEG DEG WIND SPEED DOM MEAN MEAN DAY TEMP HIGH TIME LOW TIME DAYS DAYS RAIN AVG HI TIME DIR BAROM HUM --------------------------------------------------------------------------------------- 1 74.3 85.8 2:53pm 65.0 5:48am 0 9 0.00 3 18 1:36am ESE 29.81 56 2 70.9 79.4 2:58pm 63.3 11:53pm 0 6 0.00 5 21 4:26am ESE 29.81 60 3 68.4 79.1 2:12pm 59.2 6:45am 1 5 0.00 4 20 7:09am ESE 29.87 58 4 54.0 64.3 12:00am 45.4 11:58pm 11 0 0.71 6 24 9:11pm SSE 29.92 85 5 47.2 55.4 5:47pm 40.8 5:40am 18 0 0.01 5 20 12:20am NNW 30.16 81 6 54.8 66.3 4:23pm 44.0 1:57am 10 0 0.00 3 15 3:33pm E 30.07 67 7 60.9 72.4 2:56pm 50.9 4:52am 6 2 0.00 3 18 6:38am ESE 30.00 62 8 60.9 69.5 2:04pm 54.1 6:28am 5 1 0.00 4 20 3:57am ESE 29.92 60 9 59.5 71.6 5:49pm 48.4 6:02am 7 1 0.00 4 23 4:01pm NW 29.93 48 10 65.7 77.1 2:45pm 54.7 3:12am 3 4 0.00 4 21 5:50am E 29.93 34 11 70.2 82.0 3:02pm 61.1 6:58am 1 6 0.00 4 23 1:24am ESE 29.96 37 12 71.4 82.7 2:45pm 63.2 6:52am 0 7 0.00 4 19 12:30am ESE 29.92 44 13 71.2 80.7 3:44pm 62.7 5:03am 0 7 0.00 3 18 5:25am E 29.80 51 14 71.3 80.7 2:10pm 63.8 6:39am 0 6 0.00 3 18 6:00am ESE 29.74 57 15 72.1 83.5 4:51pm 62.5 6:07am 0 8 0.00 3 15 7:02am E 29.76 56 16 79.0 91.0 2:49pm 68.6 2:12am 0 14 0.00 4 26 6:12am E 29.83 38 17 78.5 89.7 1:54pm 71.3 7:29am 0 13 0.00 6 22 5:47am ESE 29.81 43 18 72.2 82.7 3:14pm 64.7 11:55pm 0 7 0.00 7 21 4:41am SE 29.79 43 19 68.5 79.1 2:19pm 59.0 5:49am 1 5 0.00 4 18 12:00am ESE 29.84 38 20 71.2 83.4 2:38pm 61.3 4:31am 1 7 0.00 3 18 6:06am ESE 29.83 40 21 70.0 79.9 2:32pm 57.9 11:59pm 0 5 0.00 7 20 3:53am ESE 29.81 44 22 58.2 65.5 12:16pm 52.1 6:43am 7 0 0.00 5 20 9:49am SE 29.87 64 23 54.2 61.8 3:48pm 48.2 11:53pm 11 0 0.16 5 18 1:25pm S 29.88 74 24 54.5 65.5 4:03pm 44.8 6:23am 10 0 0.00 3 19 3:22am ESE 30.01 65 25 55.4 66.1 2:37pm 46.6 5:42am 10 0 0.00 5 18 2:21pm SSW 30.06 60 26 57.9 70.1 3:09pm 46.1 5:22am 8 1 0.00 3 18 6:48am ESE 30.01 64 27 63.9 76.4 2:19pm 53.1 6:08am 4 3 0.00 3 13 3:46am E 29.93 53 28 67.2 79.5 2:45pm 57.2 5:49am 2 5 0.00 5 18 2:55am ESE 30.01 48 29 66.9 78.2 2:05pm 58.3 6:08am 2 4 0.00 3 18 6:27am ESE 30.03 54 30 67.9 77.5 2:08pm 58.7 6:07am 2 5 0.00 4 18 2:16am ESE 29.96 57 --------------------------------------------------------------------------------------- TOT 65.3 91.0 6/16/12 40.8 6/5/12 123 131 0.88 4 26 6/16/12 ESE 29.91 55 HEAT BASE: 65.0 COOL BASE: 65.0
powered by Cumulus v1.9.3 (1059)
Ambient Weather VWS v14.00
Top Contact Website Map Copyright © 2007 - noaa Foresthillweather.com Never base important decisions on this or any weather information obtained from the Internet