NOAA-reports For Foresthill Weather.com
2018: Jan | Feb | Mar | Apr | May | Jun | Jul | Aug | Sep | Oct | Nov | Dec 
 2017: Jan | Feb | Mar | Apr | May | Jun | Jul | Aug | Sep | Oct | Nov | Dec 
2016: Jan | Feb | Mar | Apr | May | Jun | Jul | Aug | Sep | Oct | Nov | Dec 
2015: Jan | Feb | Mar | Apr | May | Jun | Jul | Aug | Sep | Oct | Nov | Dec 
2014: Jan | Feb | Mar | Apr | May | Jun | Jul | Aug | Sep | Oct | Nov | Dec 
2013: Jan | Feb | Mar | Apr | May | Jun | Jul | Aug | Sep | Oct | Nov | Dec 
2012: Jan | Feb | Mar | Apr | May | Jun | Jul | Aug | Sep | Oct | Nov | Dec 
2011: Jan | Feb | Mar | Apr | May | Jun | Jul | Aug | Sep | Oct | Nov | Dec 
2010: Jan | Feb | Mar | Apr | May | Jun | Jul | Aug | Sep | Oct | Nov | Dec 
2009: Jan | Feb | Mar | Apr | May | Jun | Jul | Aug | Sep | Oct | Nov | Dec 
2008: Jan | Feb | Mar | Apr | May | Jun | Jul | Aug | Sep | Oct | Nov | Dec 

Report for 2012 08
MONTHLY CLIMATOLOGICAL SUMMARY FOR 8/2012 HEAT COOL MEAN DEG DEG WIND SPEED DOM MEAN MEAN DAY TEMP HIGH TIME LOW TIME DAYS DAYS RAIN AVG HI TIME DIR BAROM HUM --------------------------------------------------------------------------------------- 1 76.4 89.2 2:37pm 67.2 6:32am 0 11 0.00 5 20 1:06am ESE 29.99 33 2 77.2 89.9 2:16pm 67.2 7:14am 0 12 0.00 4 20 5:54am ESE 29.93 32 3 77.6 89.8 2:10pm 68.8 5:51am 0 13 0.00 4 19 1:49am ESE 29.82 35 4 74.3 86.0 2:36pm 68.1 3:02am 0 9 0.00 4 19 6:47am ESE 29.84 47 5 74.9 87.7 3:05pm 66.3 7:19am 0 10 0.01 4 32 12:41am ESE 29.97 54 6 73.8 86.6 2:53pm 64.8 7:02am 0 9 0.00 3 16 2:57am W 30.06 40 7 76.4 88.4 2:30pm 68.0 6:16am 0 11 0.00 5 20 1:11am ESE 30.00 32 8 77.4 90.2 2:05pm 69.1 3:29am 0 12 0.00 4 18 6:58am E 29.95 36 9 79.9 92.5 2:40pm 72.4 3:31am 0 15 0.00 4 18 4:33am ESE 29.89 36 10 81.4 93.7 3:07pm 73.0 6:49am 0 16 0.00 5 19 1:04am E 29.80 29 11 83.4 97.8 2:34pm 74.4 7:07am 0 18 0.00 5 21 12:35am ESE 29.77 30 12 83.7 94.8 1:58pm 76.8 7:36am 0 19 0.00 5 20 4:24am ESE 29.79 32 13 84.3 94.4 1:50pm 76.9 6:44am 0 19 0.00 5 19 12:49am E 29.78 36 14 81.5 91.1 2:31pm 74.6 7:12am 0 16 0.00 4 16 12:04am E 29.75 42 15 80.9 90.9 2:56pm 75.1 11:58pm 0 16 0.00 3 16 5:33am ESE 29.78 44 16 79.3 91.8 2:13pm 70.8 6:42am 0 14 0.00 4 18 1:09am E 29.86 41 17 78.4 89.8 2:47pm 71.6 6:36am 0 13 0.00 3 18 6:37am ESE 29.90 43 18 78.0 87.5 4:15pm 73.4 7:25am 0 13 0.00 3 14 8:13am ESE 29.89 38 19 76.8 87.7 2:49pm 69.7 7:35am 0 12 0.00 4 19 7:07am E 29.88 37 20 76.0 88.6 2:50pm 66.8 6:19am 0 11 0.00 4 16 11:40pm ESE 29.87 35 21 75.5 87.7 1:52pm 67.6 7:26am 0 10 0.00 5 22 4:57am ESE 29.85 33 22 74.6 85.9 2:11pm 66.8 7:02am 0 10 0.00 3 16 1:24am ESE 29.86 34 23 74.7 86.9 2:14pm 67.3 6:02am 0 10 0.00 4 21 7:43am ESE 29.87 33 24 75.6 88.4 1:58pm 68.5 5:53am 0 11 0.00 5 19 2:16am ESE 29.85 33 25 75.4 86.9 2:48pm 67.4 11:57pm 0 10 0.00 5 21 4:00am ESE 29.78 36 26 69.6 79.5 2:56pm 63.9 10:09pm 0 5 0.00 5 18 1:04am ESE 29.86 41 27 69.3 81.8 2:24pm 60.0 6:57am 1 6 0.00 4 16 2:38am ESE 30.00 41 28 71.6 84.8 2:57pm 62.7 7:23am 0 7 0.00 5 21 11:50pm ESE 29.99 30 29 73.6 87.3 3:09pm 64.5 7:13am 0 9 0.00 5 22 2:53am E 29.89 25 30 75.8 89.0 2:31pm 68.2 11:51pm 0 11 0.00 6 23 3:27am ESE 29.79 28 31 69.7 81.2 2:35pm 62.2 11:56pm 0 5 0.00 5 18 6:31am ESE 29.83 38 --------------------------------------------------------------------------------------- TOT 76.7 97.8 8/11/12 60.0 8/27/12 2 364 0.01 4 32 8/5/12 ESE 29.87 36 HEAT BASE: 65.0 COOL BASE: 65.0
powered by Cumulus v1.9.3 (1059)
Ambient Weather VWS v14.00
Top Contact Website Map Copyright © 2007 - noaa Foresthillweather.com Never base important decisions on this or any weather information obtained from the Internet