2024: Jan | Feb | Mar | Apr | May | Jun | Jul | Aug | Sep | Oct | Nov | Dec
2023: Jan | Feb | Mar | Apr | May | Jun | Jul | Aug | Sep | Oct | Nov | Dec
2022: Jan | Feb | Mar | Apr | May | Jun | Jul | Aug | Sep | Oct | Nov | Dec
2021: Jan | Feb | Mar | Apr | May | Jun | Jul | Aug | Sep | Oct | Nov | Dec
2020: Jan | Feb | Mar | Apr | May | Jun | Jul | Aug | Sep | Oct | Nov | Dec
2019: Jan | Feb | Mar | Apr | May | Jun | Jul | Aug | Sep | Oct | Nov | Dec
2018: Jan | Feb | Mar | Apr | May | Jun | Jul | Aug | Sep | Oct | Nov | Dec
2017: Jan | Feb | Mar | Apr | May | Jun | Jul | Aug | Sep | Oct | Nov | Dec
2016: Jan | Feb | Mar | Apr | May | Jun | Jul | Aug | Sep | Oct | Nov | Dec
2015: Jan | Feb | Mar | Apr | May | Jun | Jul | Aug | Sep | Oct | Nov | Dec
2014: Jan | Feb | Mar | Apr | May | Jun | Jul | Aug | Sep | Oct | Nov | Dec
2013: Jan | Feb | Mar | Apr | May | Jun | Jul | Aug | Sep | Oct | Nov | Dec
2012: Jan | Feb | Mar | Apr | May | Jun | Jul | Aug | Sep | Oct | Nov | Dec
2011: Jan | Feb | Mar | Apr | May | Jun | Jul | Aug | Sep | Oct | Nov | Dec
2010: Jan | Feb | Mar | Apr | May | Jun | Jul | Aug | Sep | Oct | Nov | Dec
2009: Jan | Feb | Mar | Apr | May | Jun | Jul | Aug | Sep | Oct | Nov | Dec
2008: Jan | Feb | Mar | Apr | May | Jun | Jul | Aug | Sep | Oct | Nov | Dec
Report for 2012 09
MONTHLY CLIMATOLOGICAL SUMMARY FOR 9/2012
HEAT COOL
MEAN DEG DEG WIND SPEED DOM MEAN MEAN
DAY TEMP HIGH TIME LOW TIME DAYS DAYS RAIN AVG HI TIME DIR BAROM HUM
---------------------------------------------------------------------------------------
1 66.0 77.0 2:50pm 58.1 6:45am 2 3 0.00 4 17 2:59pm ESE 29.97 42
2 69.2 82.5 2:51pm 59.6 4:33am 2 6 0.00 3 14 7:27am ESE 29.97 40
3 72.5 85.2 2:53pm 63.5 7:06am 0 8 0.00 3 18 10:48pm ESE 29.97 36
4 74.5 87.9 2:20pm 65.8 7:07am 0 9 0.00 5 22 2:58am E 29.98 31
5 72.9 83.8 1:00pm 67.7 5:00am 0 8 0.00 6 25 11:32pm ESE 29.94 42
6 71.8 81.8 2:05pm 64.2 11:58pm 0 7 0.00 4 28 12:13am ESE 29.95 50
7 72.7 84.5 1:54pm 63.8 1:13am 0 8 0.00 3 18 7:21am E 30.02 45
8 74.3 85.3 1:42pm 67.2 4:32am 0 9 0.00 4 16 4:20am ESE 29.97 49
9 73.4 85.1 2:21pm 66.3 7:18am 0 8 0.00 4 18 3:41am ESE 29.90 43
10 71.9 84.3 2:50pm 64.0 3:23am 0 7 0.00 4 16 4:55am ESE 29.87 42
11 72.2 83.6 1:48pm 64.3 7:12am 0 7 0.00 4 19 1:44am ESE 29.88 41
12 72.1 84.0 2:32pm 63.2 6:30am 0 7 0.00 2 13 12:53pm E 30.00 41
13 76.3 90.6 2:30pm 66.6 2:26am 0 11 0.00 3 18 7:48am E 30.06 31
14 77.5 89.9 1:52pm 70.8 7:00am 0 13 0.00 5 21 4:29am ESE 30.02 34
15 75.5 88.5 2:31pm 66.7 7:21am 0 10 0.00 4 17 11:57am ESE 30.03 30
16 74.5 88.3 2:39pm 66.7 7:05am 0 10 0.00 5 22 2:54am ESE 30.00 28
17 73.0 83.5 2:24pm 67.0 5:07am 0 8 0.00 4 16 4:34am E 29.97 31
18 72.4 84.1 2:30pm 64.6 6:24am 0 7 0.00 4 16 6:29am E 30.01 35
19 72.1 83.8 2:38pm 65.1 3:34am 0 7 0.00 4 19 6:11am E 30.02 35
20 73.3 83.2 2:26pm 66.6 5:51am 0 8 0.00 4 18 1:33am E 29.99 35
21 73.4 83.6 2:57pm 66.9 6:51am 0 8 0.00 4 18 9:42pm ESE 29.93 37
22 73.8 86.3 2:58pm 66.4 7:36am 0 9 0.00 4 19 5:02am ESE 29.92 37
23 72.0 82.9 3:14pm 64.3 11:56pm 0 7 0.00 5 21 3:31pm ESE 29.93 41
24 68.1 79.8 2:33pm 59.3 7:20am 1 4 0.00 4 18 4:58am ESE 29.91 38
25 70.1 80.6 2:58pm 62.7 6:24am 0 6 0.00 4 19 7:02am E 29.88 37
26 70.4 80.3 4:08pm 63.4 7:55am 0 6 0.00 4 18 11:27pm E 29.87 41
27 74.3 86.8 2:30pm 66.8 6:25am 0 9 0.00 5 20 2:10am ESE 29.90 31
28 74.8 87.1 2:26pm 67.5 5:06am 0 10 0.00 5 19 12:00am E 29.88 29
29 74.3 86.1 3:20pm 67.0 3:02am 0 9 0.00 4 21 7:24am E 29.98 30
30 76.0 89.8 2:51pm 67.0 4:45am 0 11 0.00 4 16 3:31pm E 30.04 30
---------------------------------------------------------------------------------------
TOT 72.8 90.6 9/13/12 58.1 9/1/12 7 242 0.00 4 28 9/6/12 ESE 29.96 37
HEAT BASE: 65.0
COOL BASE: 65.0