NOAA-reports For Foresthill Weather.com
2018: Jan | Feb | Mar | Apr | May | Jun | Jul | Aug | Sep | Oct | Nov | Dec 
2017: Jan | Feb | Mar | Apr | May | Jun | Jul | Aug | Sep | Oct | Nov | Dec 
2016: Jan | Feb | Mar | Apr | May | Jun | Jul | Aug | Sep | Oct | Nov | Dec 
2015: Jan | Feb | Mar | Apr | May | Jun | Jul | Aug | Sep | Oct | Nov | Dec 
2014: Jan | Feb | Mar | Apr | May | Jun | Jul | Aug | Sep | Oct | Nov | Dec 
2013: Jan | Feb | Mar | Apr | May | Jun | Jul | Aug | Sep | Oct | Nov | Dec 
2012: Jan | Feb | Mar | Apr | May | Jun | Jul | Aug | Sep | Oct | Nov | Dec 
2011: Jan | Feb | Mar | Apr | May | Jun | Jul | Aug | Sep | Oct | Nov | Dec 
2010: Jan | Feb | Mar | Apr | May | Jun | Jul | Aug | Sep | Oct | Nov | Dec 
2009: Jan | Feb | Mar | Apr | May | Jun | Jul | Aug | Sep | Oct | Nov | Dec 
2008: Jan | Feb | Mar | Apr | May | Jun | Jul | Aug | Sep | Oct | Nov | Dec 

Report for 2012 10
MONTHLY CLIMATOLOGICAL SUMMARY FOR 10/2012 HEAT COOL MEAN DEG DEG WIND SPEED DOM MEAN MEAN DAY TEMP HIGH TIME LOW TIME DAYS DAYS RAIN AVG HI TIME DIR BAROM HUM --------------------------------------------------------------------------------------- 1 78.0 90.8 2:52pm 70.5 4:27am 0 13 0.00 4 19 6:00am ESE 29.98 26 2 77.0 89.6 2:22pm 70.0 7:25am 0 12 0.00 4 19 10:33pm ESE 29.88 26 3 75.4 87.1 2:06pm 68.4 7:53am 0 10 0.00 6 25 4:05am ESE 29.89 25 4 69.1 78.4 2:34pm 63.2 6:35am 0 4 0.00 6 20 12:45am ESE 30.00 37 5 61.8 68.5 2:06pm 53.1 11:56pm 4 1 0.00 4 18 8:11am SE 30.08 55 6 59.0 69.2 2:28pm 52.3 7:16am 7 1 0.00 3 15 9:43am E 30.04 66 7 60.6 71.2 2:55pm 53.6 7:10am 6 1 0.00 3 12 1:37am ESE 29.98 62 8 56.8 65.2 1:29pm 51.5 11:56pm 8 0 0.00 4 18 5:39am SE 30.01 67 9 56.2 66.0 3:12pm 50.0 7:26am 9 0 0.00 3 15 4:13pm ESE 30.02 63 10 57.6 66.7 2:25pm 50.6 6:36am 8 0 0.00 2 13 1:24pm E 29.95 60 11 54.0 59.3 1:23pm 49.4 11:55pm 11 0 0.00 3 21 2:01pm E 29.91 71 12 50.4 54.0 2:06pm 47.3 5:33am 15 0 0.00 1 12 1:12pm S 30.13 87 13 53.4 63.9 3:37pm 45.2 6:49am 12 0 0.00 2 13 10:14pm S 30.29 79 14 59.1 70.3 3:51pm 51.4 7:31am 7 1 0.00 3 21 11:32pm ESE 30.21 70 15 63.8 75.0 2:49pm 55.9 6:19am 4 2 0.00 3 19 1:33am E 30.07 57 16 66.6 76.1 2:38pm 60.5 5:20am 2 3 0.00 4 18 6:20am E 29.96 57 17 66.9 77.1 2:12pm 61.3 2:43am 1 3 0.00 4 21 3:16am E 29.90 43 18 69.3 82.1 2:31pm 62.4 12:00am 1 5 0.00 5 20 12:59am ESE 30.01 36 19 64.1 74.2 2:23pm 57.2 7:56am 3 2 0.00 4 21 8:37am ESE 29.99 52 20 60.9 68.8 2:10pm 54.0 11:59pm 5 1 0.00 5 17 11:33am SE 29.84 59 21 52.1 56.3 4:06pm 46.4 9:01pm 13 0 0.00 6 19 7:53am SSE 29.86 67 22 43.1 48.1 12:00am 40.7 5:27am 22 0 1.59 9 32 10:05am S 29.88 91 23 41.9 45.1 4:31pm 38.9 11:41pm 23 0 0.46 5 28 12:56am S 30.08 93 24 42.3 45.9 3:17pm 38.8 12:01am 23 0 0.58 5 18 8:32am SSE 30.20 94 25 46.8 53.7 3:11pm 43.3 12:24am 18 0 0.01 4 16 11:39pm ESE 30.31 89 26 52.0 62.9 3:21pm 44.1 6:35am 13 0 0.00 4 19 1:12am E 30.24 69 27 57.4 67.2 2:51pm 51.3 5:13am 8 0 0.00 3 20 11:21pm E 30.09 71 28 59.4 69.4 2:49pm 53.7 5:31am 6 1 0.00 5 20 5:49am ESE 30.05 63 29 59.6 69.4 3:02pm 53.1 7:58am 6 1 0.00 5 22 4:15am ESE 30.12 59 30 59.5 69.0 2:36pm 54.0 5:28am 6 1 0.00 6 22 12:14am ESE 30.07 59 31 54.7 59.8 12:25pm 50.1 11:58pm 10 0 0.12 6 19 9:44am ESE 30.01 72 --------------------------------------------------------------------------------------- TOT 59.0 90.8 10/1/12 38.8 10/24/12 249 62 2.75 4 31 10/22/12 ESE 30.03 62 HEAT BASE: 65.0 COOL BASE: 65.0
powered by Cumulus v1.9.3 (1059)
Ambient Weather VWS v14.00
Top Contact Website Map Copyright © 2007 - noaa Foresthillweather.com Never base important decisions on this or any weather information obtained from the Internet