NOAA-reports For Foresthill Weather.com
2018: Jan | Feb | Mar | Apr | May | Jun | Jul | Aug | Sep | Oct | Nov | Dec 
2017: Jan | Feb | Mar | Apr | May | Jun | Jul | Aug | Sep | Oct | Nov | Dec 
2016: Jan | Feb | Mar | Apr | May | Jun | Jul | Aug | Sep | Oct | Nov | Dec 
2015: Jan | Feb | Mar | Apr | May | Jun | Jul | Aug | Sep | Oct | Nov | Dec 
2014: Jan | Feb | Mar | Apr | May | Jun | Jul | Aug | Sep | Oct | Nov | Dec 
2013: Jan | Feb | Mar | Apr | May | Jun | Jul | Aug | Sep | Oct | Nov | Dec 
2012: Jan | Feb | Mar | Apr | May | Jun | Jul | Aug | Sep | Oct | Nov | Dec 
2011: Jan | Feb | Mar | Apr | May | Jun | Jul | Aug | Sep | Oct | Nov | Dec 
2010: Jan | Feb | Mar | Apr | May | Jun | Jul | Aug | Sep | Oct | Nov | Dec 
2009: Jan | Feb | Mar | Apr | May | Jun | Jul | Aug | Sep | Oct | Nov | Dec 
2008: Jan | Feb | Mar | Apr | May | Jun | Jul | Aug | Sep | Oct | Nov | Dec 

Report for 2013 02
MONTHLY CLIMATOLOGICAL SUMMARY FOR 2/2013 HEAT COOL MEAN DEG DEG WIND SPEED DOM MEAN MEAN DAY TEMP HIGH TIME LOW TIME DAYS DAYS RAIN AVG HI TIME DIR BAROM HUM --------------------------------------------------------------------------------------- 1 49.8 59.8 2:46pm 44.1 6:24am 15 0 0.00 5 21 1:48am E 30.27 63 2 50.1 58.3 2:58pm 46.2 4:54am 15 0 0.00 5 20 5:36am ESE 30.30 62 3 48.0 57.0 3:03pm 41.4 7:09am 17 0 0.00 4 22 10:00pm E 30.22 61 4 49.1 57.9 2:14pm 44.0 7:54am 16 0 0.00 4 19 9:24pm E 30.17 59 5 45.1 52.4 2:06pm 39.2 11:56pm 20 0 0.00 5 20 4:14am ESE 30.11 75 6 41.5 50.9 1:37pm 35.1 6:42am 24 0 0.00 4 21 3:14am E 30.19 71 7 37.6 40.7 10:47am 32.7 11:53pm 27 0 0.18 6 19 1:06pm SSE 30.13 89 8 34.7 43.0 3:27pm 29.0 7:35am 30 0 0.00 4 19 4:19pm E 30.02 79 9 36.2 44.3 1:56pm 30.0 7:15am 29 0 0.00 4 18 2:35am ENE 30.11 68 10 39.2 49.5 2:43pm 30.8 7:04am 26 0 0.00 3 19 7:43pm NNE 30.16 64 11 40.5 50.9 2:12pm 33.1 6:26am 25 0 0.00 3 15 7:29am E 30.24 55 12 41.0 49.9 2:49pm 35.1 7:38am 24 0 0.00 1 10 2:42pm NE 30.39 70 13 43.6 53.7 2:30pm 35.8 7:28am 21 0 0.00 2 13 8:13am WNW 30.36 75 14 52.0 64.9 1:38pm 42.6 3:20am 13 0 0.00 5 28 8:53pm ENE 30.28 56 15 52.4 61.3 2:19pm 46.3 3:00am 13 0 0.00 4 19 12:07am ESE 30.31 50 16 51.4 60.8 1:00pm 46.0 11:51pm 14 0 0.00 5 22 5:08am ESE 30.21 52 17 47.7 57.0 2:29pm 41.8 8:03am 17 0 0.00 5 23 11:48pm ESE 30.04 63 18 44.3 53.9 1:33pm 37.1 11:50pm 21 0 0.00 7 21 8:18pm ESE 30.00 73 19 33.1 37.1 12:00am 29.1 11:32pm 32 0 0.38 6 26 5:07am S 29.85 91 20 34.6 44.9 4:00pm 27.9 3:14am 30 0 0.00 3 14 3:52pm NE 30.02 88 21 38.3 47.7 3:59pm 31.4 7:11am 27 0 0.00 4 16 3:10pm NNW 30.18 78 22 41.7 50.1 1:40pm 33.8 6:54am 23 0 0.00 4 17 10:20pm ESE 30.27 69 23 41.0 46.1 3:04pm 34.4 11:55pm 24 0 0.00 6 29 3:29am S 30.22 70 24 41.4 54.5 2:28pm 31.2 5:08am 24 0 0.00 3 13 8:47am ESE 30.27 52 25 42.2 52.2 1:40pm 36.1 3:22am 23 0 0.00 5 21 5:43am ESE 30.30 63 26 45.1 59.0 3:43pm 34.4 6:54am 20 0 0.00 4 20 3:26pm E 30.24 43 27 47.0 57.7 2:35pm 40.1 5:53am 18 0 0.00 4 19 7:30am E 30.36 42 28 49.9 60.5 3:23pm 42.4 5:59am 15 0 0.00 4 19 3:30pm ESE 30.46 57 --------------------------------------------------------------------------------------- TOT 43.5 64.9 2/14/13 27.9 2/20/13 602 0 0.56 4 29 2/23/13 ESE 30.20 66 HEAT BASE: 65.0 COOL BASE: 65.0
powered by Cumulus v1.9.3 (1059)
Ambient Weather VWS v14.00
Top Contact Website Map Copyright © 2007 - noaa Foresthillweather.com Never base important decisions on this or any weather information obtained from the Internet