NOAA-reports For Foresthill Weather.com
2018: Jan | Feb | Mar | Apr | May | Jun | Jul | Aug | Sep | Oct | Nov | Dec 
2017: Jan | Feb | Mar | Apr | May | Jun | Jul | Aug | Sep | Oct | Nov | Dec 
2016: Jan | Feb | Mar | Apr | May | Jun | Jul | Aug | Sep | Oct | Nov | Dec 
2015: Jan | Feb | Mar | Apr | May | Jun | Jul | Aug | Sep | Oct | Nov | Dec 
2014: Jan | Feb | Mar | Apr | May | Jun | Jul | Aug | Sep | Oct | Nov | Dec 
2013: Jan | Feb | Mar | Apr | May | Jun | Jul | Aug | Sep | Oct | Nov | Dec 
2012: Jan | Feb | Mar | Apr | May | Jun | Jul | Aug | Sep | Oct | Nov | Dec 
2011: Jan | Feb | Mar | Apr | May | Jun | Jul | Aug | Sep | Oct | Nov | Dec 
2010: Jan | Feb | Mar | Apr | May | Jun | Jul | Aug | Sep | Oct | Nov | Dec 
2009: Jan | Feb | Mar | Apr | May | Jun | Jul | Aug | Sep | Oct | Nov | Dec 
2008: Jan | Feb | Mar | Apr | May | Jun | Jul | Aug | Sep | Oct | Nov | Dec 

Report for 2013 04
MONTHLY CLIMATOLOGICAL SUMMARY FOR 4/2013 HEAT COOL MEAN DEG DEG WIND SPEED DOM MEAN MEAN DAY TEMP HIGH TIME LOW TIME DAYS DAYS RAIN AVG HI TIME DIR BAROM HUM --------------------------------------------------------------------------------------- 1 47.6 55.4 3:00pm 43.1 7:04am 17 0 0.02 4 19 12:03am ESE 30.17 88 2 50.3 60.2 2:18pm 41.0 5:31am 15 0 0.00 3 18 6:33am ESE 30.19 80 3 55.3 67.1 2:38pm 46.2 6:43am 10 0 0.00 4 18 7:37am ESE 30.12 78 4 50.2 54.2 12:00am 44.9 7:42am 15 0 0.81 5 29 9:03am SSW 30.08 92 5 50.1 54.1 2:39pm 47.1 8:02am 15 0 0.01 3 13 1:19pm S 30.17 90 6 50.3 56.3 3:16pm 46.8 5:23am 15 0 0.00 4 16 5:38am SE 30.19 87 7 50.4 58.2 1:51pm 41.9 11:49pm 15 0 0.15 6 28 6:32pm S 30.04 87 8 45.1 54.3 4:29pm 38.7 4:43am 20 0 0.42 5 30 2:13pm NNW 29.90 73 9 51.3 65.7 2:54pm 37.5 7:23am 14 0 0.00 6 32 2:13pm NNW 30.12 45 10 60.0 73.5 2:12pm 48.9 4:11am 7 2 0.00 4 17 3:19pm N 30.14 48 11 58.1 66.6 2:52pm 49.4 7:12am 7 0 0.00 4 17 1:30pm NW 29.93 65 12 59.5 70.6 1:59pm 51.0 3:04am 7 1 0.00 4 22 3:57am ESE 29.88 50 13 58.3 69.3 2:56pm 51.3 6:29am 7 1 0.00 5 20 3:05am ESE 29.86 57 14 54.1 61.4 3:18pm 47.2 6:50am 11 0 0.00 4 19 8:21pm ESE 29.83 56 15 44.3 49.5 12:00am 38.6 11:57pm 21 0 0.00 3 20 2:34pm S 29.85 76 16 43.2 53.9 2:06pm 35.2 6:49am 21 0 0.00 4 29 5:11pm NNE 30.08 56 17 48.1 60.4 3:53pm 37.3 6:34am 17 0 0.00 5 27 5:38pm N 30.26 36 18 52.7 62.6 2:16pm 43.4 2:25am 12 0 0.00 4 20 7:27am E 30.28 42 19 57.2 69.6 2:42pm 48.6 2:57am 8 1 0.00 4 20 4:19am E 30.22 51 20 59.7 71.1 2:23pm 50.4 6:09am 7 1 0.00 5 18 6:20am E 30.08 51 21 62.3 73.6 1:36pm 52.9 6:42am 5 2 0.00 4 16 4:39am E 30.03 50 22 64.1 74.7 3:00pm 54.8 7:05am 4 3 0.00 5 30 11:29pm E 29.95 49 23 63.5 75.0 2:59pm 54.0 5:12am 4 2 0.00 7 38 5:30am E 29.90 29 24 64.7 77.0 2:06pm 53.9 4:45am 4 3 0.00 7 34 10:02am E 29.86 28 25 59.2 67.4 2:24pm 51.2 7:43am 6 0 0.00 3 16 10:44pm ESE 29.98 47 26 60.7 72.4 3:44pm 50.9 6:55am 6 2 0.00 2 13 3:40am E 30.17 60 27 65.0 77.8 2:17pm 54.7 6:21am 4 4 0.00 3 14 11:23pm E 30.16 56 28 66.4 77.7 3:09pm 56.4 6:36am 3 4 0.00 4 18 6:50am E 30.00 46 29 67.1 76.9 1:29pm 59.1 6:55am 2 4 0.00 3 14 7:18am ESE 29.85 54 30 64.3 72.2 1:23pm 56.3 6:59am 3 2 0.00 5 37 10:46pm ESE 29.79 47 --------------------------------------------------------------------------------------- TOT 56.1 77.8 4/27/13 35.2 4/16/13 299 33 1.41 4 38 4/23/13 ESE 30.04 59 HEAT BASE: 65.0 COOL BASE: 65.0
powered by Cumulus v1.9.3 (1059)
Ambient Weather VWS v14.00
Top Contact Website Map Copyright © 2007 - noaa Foresthillweather.com Never base important decisions on this or any weather information obtained from the Internet