NOAA-reports For Foresthill Weather.com
2018: Jan | Feb | Mar | Apr | May | Jun | Jul | Aug | Sep | Oct | Nov | Dec 
2017: Jan | Feb | Mar | Apr | May | Jun | Jul | Aug | Sep | Oct | Nov | Dec 
2016: Jan | Feb | Mar | Apr | May | Jun | Jul | Aug | Sep | Oct | Nov | Dec 
2015: Jan | Feb | Mar | Apr | May | Jun | Jul | Aug | Sep | Oct | Nov | Dec 
2014: Jan | Feb | Mar | Apr | May | Jun | Jul | Aug | Sep | Oct | Nov | Dec 
2013: Jan | Feb | Mar | Apr | May | Jun | Jul | Aug | Sep | Oct | Nov | Dec 
2012: Jan | Feb | Mar | Apr | May | Jun | Jul | Aug | Sep | Oct | Nov | Dec 
2011: Jan | Feb | Mar | Apr | May | Jun | Jul | Aug | Sep | Oct | Nov | Dec 
2010: Jan | Feb | Mar | Apr | May | Jun | Jul | Aug | Sep | Oct | Nov | Dec 
2009: Jan | Feb | Mar | Apr | May | Jun | Jul | Aug | Sep | Oct | Nov | Dec 
2008: Jan | Feb | Mar | Apr | May | Jun | Jul | Aug | Sep | Oct | Nov | Dec 

Report for 2013 05
MONTHLY CLIMATOLOGICAL SUMMARY FOR 5/2013 HEAT COOL MEAN DEG DEG WIND SPEED DOM MEAN MEAN DAY TEMP HIGH TIME LOW TIME DAYS DAYS RAIN AVG HI TIME DIR BAROM HUM --------------------------------------------------------------------------------------- 1 66.6 79.7 2:36pm 56.2 4:41am 3 4 0.00 8 33 5:41am E 30.01 17 2 68.8 80.5 3:08pm 60.6 6:42am 1 5 0.00 6 30 3:52am E 30.15 24 3 67.8 79.0 2:26pm 58.3 5:55am 2 5 0.00 4 18 7:34am E 29.97 41 4 68.8 77.8 2:43pm 61.8 5:56am 1 4 0.00 7 34 1:45am E 29.66 29 5 57.6 63.3 2:41pm 51.6 6:18am 7 0 0.00 4 20 12:00am S 29.68 59 6 51.4 54.5 5:05pm 47.7 9:47am 14 0 0.76 4 18 6:53pm E 29.91 86 7 50.8 52.8 4:28pm 49.5 6:43am 14 0 0.24 2 13 11:40pm SE 30.04 92 8 53.8 58.7 5:57pm 50.5 2:58am 11 0 0.08 2 13 2:35am ESE 30.11 90 9 58.3 67.7 5:09pm 49.5 5:45am 7 0 0.00 2 12 9:04am NW 30.13 83 10 64.4 75.7 4:44pm 54.2 6:18am 4 3 0.00 2 16 12:59am E 30.14 77 11 69.6 81.2 2:16pm 59.9 6:23am 1 6 0.00 3 18 1:48am E 30.11 65 12 71.4 83.1 2:23pm 63.6 6:00am 0 7 0.00 5 25 6:18am ESE 30.09 51 13 71.0 83.9 2:44pm 60.9 6:46am 1 7 0.00 5 22 1:29am ESE 30.01 41 14 69.6 78.0 3:19pm 62.3 6:47am 1 5 0.00 5 23 1:48am E 29.89 48 15 63.8 71.1 1:24pm 56.3 7:01am 3 2 0.00 5 23 3:21am ESE 29.95 57 16 56.4 61.0 3:15pm 50.9 11:56pm 9 0 0.03 6 19 11:48pm SE 29.96 73 17 54.4 63.8 1:45pm 46.5 6:56am 11 0 0.00 4 18 1:08am SSE 30.01 69 18 58.2 68.9 2:26pm 48.0 6:32am 8 1 0.00 4 18 1:03am E 30.11 55 19 62.0 72.1 4:50pm 51.6 6:08am 5 2 0.00 5 20 1:38pm E 30.08 53 20 67.1 78.9 2:36pm 56.6 4:08am 2 4 0.00 5 29 5:58am ESE 29.99 35 21 62.8 71.9 2:29pm 53.3 11:57pm 4 1 0.00 7 23 10:05am S 29.88 45 22 49.6 58.7 2:42pm 40.6 7:00am 15 0 0.00 2 15 2:16pm WNW 29.91 50 23 51.5 61.3 2:24pm 41.7 6:07am 14 0 0.00 4 21 5:21am ESE 29.98 48 24 56.4 68.3 3:08pm 45.4 5:50am 9 1 0.00 3 14 1:19pm E 29.99 47 25 58.0 68.6 2:22pm 49.6 4:49am 7 0 0.00 5 18 3:12am ESE 29.98 51 26 56.3 65.6 2:23pm 47.4 6:48am 9 0 0.00 5 16 4:08am SSE 30.05 64 27 53.0 57.9 10:59am 49.7 5:10am 12 0 0.15 4 16 5:35am S 30.07 79 28 55.8 64.4 5:17pm 50.1 3:54am 9 0 0.20 3 14 12:35pm SSE 29.98 84 29 58.5 67.2 5:28pm 52.3 6:51am 7 0 0.04 4 16 6:42am SSE 29.93 78 30 61.5 72.0 4:47pm 51.9 6:06am 5 2 0.00 4 16 4:47am E 29.97 60 31 67.0 80.3 3:07pm 53.1 5:55am 4 6 0.00 5 16 6:21am E 29.98 47 --------------------------------------------------------------------------------------- TOT 60.7 83.9 5/13/13 40.6 5/22/13 198 65 1.50 4 34 5/4/13 ESE 29.99 58 HEAT BASE: 65.0 COOL BASE: 65.0
powered by Cumulus v1.9.3 (1059)
Ambient Weather VWS v14.00
Top Contact Website Map Copyright © 2007 - noaa Foresthillweather.com Never base important decisions on this or any weather information obtained from the Internet