2024: Jan | Feb | Mar | Apr | May | Jun | Jul | Aug | Sep | Oct | Nov | Dec
2023: Jan | Feb | Mar | Apr | May | Jun | Jul | Aug | Sep | Oct | Nov | Dec
2022: Jan | Feb | Mar | Apr | May | Jun | Jul | Aug | Sep | Oct | Nov | Dec
2021: Jan | Feb | Mar | Apr | May | Jun | Jul | Aug | Sep | Oct | Nov | Dec
2020: Jan | Feb | Mar | Apr | May | Jun | Jul | Aug | Sep | Oct | Nov | Dec
2019: Jan | Feb | Mar | Apr | May | Jun | Jul | Aug | Sep | Oct | Nov | Dec
2018: Jan | Feb | Mar | Apr | May | Jun | Jul | Aug | Sep | Oct | Nov | Dec
2017: Jan | Feb | Mar | Apr | May | Jun | Jul | Aug | Sep | Oct | Nov | Dec
2016: Jan | Feb | Mar | Apr | May | Jun | Jul | Aug | Sep | Oct | Nov | Dec
2015: Jan | Feb | Mar | Apr | May | Jun | Jul | Aug | Sep | Oct | Nov | Dec
2014: Jan | Feb | Mar | Apr | May | Jun | Jul | Aug | Sep | Oct | Nov | Dec
2013: Jan | Feb | Mar | Apr | May | Jun | Jul | Aug | Sep | Oct | Nov | Dec
2012: Jan | Feb | Mar | Apr | May | Jun | Jul | Aug | Sep | Oct | Nov | Dec
2011: Jan | Feb | Mar | Apr | May | Jun | Jul | Aug | Sep | Oct | Nov | Dec
2010: Jan | Feb | Mar | Apr | May | Jun | Jul | Aug | Sep | Oct | Nov | Dec
2009: Jan | Feb | Mar | Apr | May | Jun | Jul | Aug | Sep | Oct | Nov | Dec
2008: Jan | Feb | Mar | Apr | May | Jun | Jul | Aug | Sep | Oct | Nov | Dec
Report for 2013 06
MONTHLY CLIMATOLOGICAL SUMMARY FOR 6/2013
HEAT COOL
MEAN DEG DEG WIND SPEED DOM MEAN MEAN
DAY TEMP HIGH TIME LOW TIME DAYS DAYS RAIN AVG HI TIME DIR BAROM HUM
---------------------------------------------------------------------------------------
1 72.9 84.8 1:34pm 64.1 3:41am 0 8 0.00 4 21 3:40am ESE 29.87 39
2 73.5 84.7 1:39pm 64.1 5:13am 0 9 0.00 4 19 12:45am E 29.71 43
3 74.7 83.6 2:01pm 67.0 3:36am 0 10 0.00 5 22 7:36am ESE 29.72 44
4 71.2 80.1 3:00pm 63.0 6:37am 0 6 0.00 3 12 9:56pm ESE 29.81 57
5 71.8 81.9 2:06pm 62.7 6:41am 0 7 0.00 3 13 11:27pm ESE 29.89 62
6 74.2 84.7 4:00pm 65.3 6:34am 0 9 0.00 3 14 1:04am ESE 29.85 62
7 79.3 94.2 3:06pm 66.8 6:07am 0 14 0.00 4 14 11:07pm E 29.81 42
8 83.6 95.1 3:59pm 73.3 2:37am 0 19 0.00 5 25 3:02am E 29.70 41
9 74.9 82.7 2:09pm 63.2 11:21pm 0 10 0.00 4 16 3:29am SSE 29.71 56
10 60.5 64.7 3:22pm 55.1 7:27am 5 0 0.00 4 19 11:01pm SE 29.85 72
11 65.5 77.6 2:41pm 55.1 6:29am 3 4 0.00 4 19 2:00pm ESE 29.95 63
12 67.1 78.4 2:38pm 59.6 6:03am 2 4 0.00 5 19 6:30am ESE 29.92 48
13 63.1 72.8 2:01pm 53.4 6:04am 4 2 0.00 4 21 2:54am ESE 30.02 43
14 65.9 77.4 4:31pm 55.8 3:24am 3 4 0.00 3 19 8:15am E 29.91 39
15 68.3 80.0 2:06pm 58.6 6:50am 2 5 0.00 4 18 2:13pm ESE 29.89 40
16 68.9 79.4 1:58pm 59.7 6:36am 1 5 0.00 5 21 1:23am ESE 30.00 39
17 68.0 78.5 1:59pm 59.8 6:18am 2 4 0.00 6 19 1:26am ESE 30.00 43
18 60.5 69.3 2:29pm 53.3 11:57pm 5 1 0.00 7 22 3:58pm SE 29.93 58
19 56.6 66.8 2:58pm 47.2 6:22am 9 0 0.00 4 16 4:38am ESE 30.01 56
20 60.8 72.1 2:50pm 49.1 6:24am 6 2 0.00 3 15 5:33pm E 29.99 47
21 65.0 76.1 2:20pm 53.8 5:02am 4 4 0.00 4 15 7:03am E 29.95 44
22 69.0 79.7 1:33pm 57.9 6:10am 2 6 0.00 3 16 2:06pm W 29.89 41
23 63.2 68.2 3:30pm 59.5 11:58pm 2 0 0.00 6 22 6:54am S 29.80 61
24 55.5 59.5 12:00am 53.6 6:26pm 9 0 1.18 4 19 3:13pm S 29.87 92
25 58.6 62.3 5:07pm 54.0 1:20am 6 0 0.68 5 26 12:24pm S 30.01 94
26 66.4 75.0 2:48pm 60.0 6:18am 2 3 0.00 3 14 1:43pm SSE 30.05 86
27 72.1 83.5 4:46pm 62.7 6:08am 1 8 0.00 4 18 6:23am E 30.07 74
28 76.0 87.9 2:54pm 65.8 6:35am 0 11 0.00 3 19 11:44pm ESE 29.98 59
29 79.6 92.2 3:01pm 69.9 5:05am 0 15 0.00 4 20 5:15am E 29.88 51
30 80.1 92.1 2:42pm 70.4 6:49am 0 15 0.00 3 18 12:56am E 29.80 51
---------------------------------------------------------------------------------------
TOT 68.9 95.1 6/8/13 47.2 6/19/13 68 185 1.86 4 25 6/8/13 ESE 29.89 55
HEAT BASE: 65.0
COOL BASE: 65.0