2024: Jan | Feb | Mar | Apr | May | Jun | Jul | Aug | Sep | Oct | Nov | Dec
2023: Jan | Feb | Mar | Apr | May | Jun | Jul | Aug | Sep | Oct | Nov | Dec
2022: Jan | Feb | Mar | Apr | May | Jun | Jul | Aug | Sep | Oct | Nov | Dec
2021: Jan | Feb | Mar | Apr | May | Jun | Jul | Aug | Sep | Oct | Nov | Dec
2020: Jan | Feb | Mar | Apr | May | Jun | Jul | Aug | Sep | Oct | Nov | Dec
2019: Jan | Feb | Mar | Apr | May | Jun | Jul | Aug | Sep | Oct | Nov | Dec
2018: Jan | Feb | Mar | Apr | May | Jun | Jul | Aug | Sep | Oct | Nov | Dec
2017: Jan | Feb | Mar | Apr | May | Jun | Jul | Aug | Sep | Oct | Nov | Dec
2016: Jan | Feb | Mar | Apr | May | Jun | Jul | Aug | Sep | Oct | Nov | Dec
2015: Jan | Feb | Mar | Apr | May | Jun | Jul | Aug | Sep | Oct | Nov | Dec
2014: Jan | Feb | Mar | Apr | May | Jun | Jul | Aug | Sep | Oct | Nov | Dec
2013: Jan | Feb | Mar | Apr | May | Jun | Jul | Aug | Sep | Oct | Nov | Dec
2012: Jan | Feb | Mar | Apr | May | Jun | Jul | Aug | Sep | Oct | Nov | Dec
2011: Jan | Feb | Mar | Apr | May | Jun | Jul | Aug | Sep | Oct | Nov | Dec
2010: Jan | Feb | Mar | Apr | May | Jun | Jul | Aug | Sep | Oct | Nov | Dec
2009: Jan | Feb | Mar | Apr | May | Jun | Jul | Aug | Sep | Oct | Nov | Dec
2008: Jan | Feb | Mar | Apr | May | Jun | Jul | Aug | Sep | Oct | Nov | Dec
Report for 2013 07
MONTHLY CLIMATOLOGICAL SUMMARY FOR 7/2013
HEAT COOL
MEAN DEG DEG WIND SPEED DOM MEAN MEAN
DAY TEMP HIGH TIME LOW TIME DAYS DAYS RAIN AVG HI TIME DIR BAROM HUM
---------------------------------------------------------------------------------------
1 82.5 93.6 2:56pm 74.1 6:51am 0 17 0.00 4 20 4:30am ESE 29.81 49
2 84.3 95.4 2:33pm 78.7 3:10am 0 19 0.00 5 18 4:43am E 29.83 49
3 82.4 92.4 4:26pm 74.1 2:49am 0 17 0.00 2 16 12:43am ESE 29.81 53
4 81.9 92.0 4:14pm 76.1 6:09am 0 17 0.00 3 18 11:08pm ESE 29.70 54
5 76.9 86.6 2:14pm 67.7 11:25pm 0 12 0.00 5 25 6:09am ESE 29.66 47
6 73.3 85.6 3:01pm 64.2 7:11am 0 8 0.00 4 18 11:34pm ESE 29.73 48
7 74.6 86.6 2:09pm 65.4 6:46am 0 10 0.00 5 19 12:51am ESE 29.79 44
8 75.4 86.5 2:06pm 68.0 7:05am 0 10 0.00 5 20 12:22am E 29.89 41
9 77.0 90.4 3:24pm 67.2 7:04am 0 12 0.00 5 21 7:11am E 29.99 33
10 77.9 90.3 1:34pm 70.4 11:45pm 0 13 0.00 6 29 12:34am ESE 29.91 32
11 74.1 86.6 2:26pm 66.5 11:57pm 0 9 0.00 4 21 4:53am ESE 29.86 35
12 72.0 83.8 2:34pm 63.0 6:57am 0 7 0.00 5 21 3:23am ESE 29.88 37
13 73.9 86.5 2:40pm 63.5 6:46am 0 9 0.00 5 22 12:49am E 29.92 35
14 75.7 87.2 2:23pm 67.5 6:43am 0 11 0.00 5 21 2:43am E 29.91 38
15 74.3 84.5 3:04pm 66.5 11:15pm 0 9 0.00 4 20 7:27am E 29.81 39
16 70.5 81.1 2:28pm 62.9 4:20am 0 6 0.00 4 19 11:38pm ESE 29.88 44
17 71.8 83.0 4:33pm 62.7 6:22am 0 7 0.00 4 20 3:26am E 30.02 40
18 73.7 86.0 2:04pm 62.9 6:18am 0 9 0.00 3 13 12:42am ESE 29.98 40
19 76.9 89.9 2:39pm 65.9 6:59am 0 12 0.00 2 16 11:47pm E 29.87 40
20 79.7 91.6 2:43pm 70.1 6:29am 0 15 0.00 3 14 12:02am E 29.76 43
21 80.1 91.1 2:22pm 73.0 5:18am 0 15 0.00 5 20 3:06am ESE 29.75 44
22 74.5 83.9 3:28pm 68.6 3:31am 0 10 0.00 3 25 11:51pm ESE 29.89 43
23 75.1 85.6 3:06pm 67.5 6:19am 0 10 0.00 4 17 5:21am SSW 29.95 41
24 77.4 88.1 2:16pm 68.1 6:25am 0 12 0.00 4 16 7:57am ESE 29.92 47
25 79.0 90.1 2:34pm 70.1 6:47am 0 14 0.00 3 13 1:22pm E 29.92 51
26 80.5 90.9 2:44pm 73.4 7:34am 0 16 0.00 4 19 6:24am ESE 29.97 47
27 78.1 88.4 2:18pm 70.1 6:58am 0 13 0.00 4 16 11:48pm ESE 29.88 44
28 77.2 88.2 2:29pm 69.8 6:30am 0 12 0.00 5 22 1:08am ESE 29.78 44
29 73.6 84.3 2:32pm 65.2 11:38pm 0 9 0.00 5 20 12:53am S 29.86 41
30 73.1 86.0 2:52pm 63.4 6:14am 0 8 0.00 4 21 1:19am ESE 30.01 39
31 74.3 85.3 1:36pm 67.1 11:56pm 0 9 0.00 6 23 12:13am ESE 29.98 35
---------------------------------------------------------------------------------------
TOT 76.5 95.4 7/2/13 62.7 7/17/13 2 358 0.00 4 29 7/10/13 ESE 29.87 43
HEAT BASE: 65.0
COOL BASE: 65.0