NOAA-reports For Foresthill Weather.com
2018: Jan | Feb | Mar | Apr | May | Jun | Jul | Aug | Sep | Oct | Nov | Dec 
2017: Jan | Feb | Mar | Apr | May | Jun | Jul | Aug | Sep | Oct | Nov | Dec 
2016: Jan | Feb | Mar | Apr | May | Jun | Jul | Aug | Sep | Oct | Nov | Dec 
2015: Jan | Feb | Mar | Apr | May | Jun | Jul | Aug | Sep | Oct | Nov | Dec 
2014: Jan | Feb | Mar | Apr | May | Jun | Jul | Aug | Sep | Oct | Nov | Dec 
2013: Jan | Feb | Mar | Apr | May | Jun | Jul | Aug | Sep | Oct | Nov | Dec 
2012: Jan | Feb | Mar | Apr | May | Jun | Jul | Aug | Sep | Oct | Nov | Dec 
2011: Jan | Feb | Mar | Apr | May | Jun | Jul | Aug | Sep | Oct | Nov | Dec 
2010: Jan | Feb | Mar | Apr | May | Jun | Jul | Aug | Sep | Oct | Nov | Dec 
2009: Jan | Feb | Mar | Apr | May | Jun | Jul | Aug | Sep | Oct | Nov | Dec 
2008: Jan | Feb | Mar | Apr | May | Jun | Jul | Aug | Sep | Oct | Nov | Dec 

Report for 2013 08
MONTHLY CLIMATOLOGICAL SUMMARY FOR 8/2013 HEAT COOL MEAN DEG DEG WIND SPEED DOM MEAN MEAN DAY TEMP HIGH TIME LOW TIME DAYS DAYS RAIN AVG HI TIME DIR BAROM HUM --------------------------------------------------------------------------------------- 1 69.2 80.4 2:10pm 60.6 7:02am 1 5 0.00 5 19 4:06am ESE 29.96 37 2 70.0 83.0 1:56pm 59.9 6:20am 1 6 0.00 4 18 3:44am E 29.92 33 3 72.2 84.5 2:24pm 63.1 6:31am 0 7 0.00 4 19 2:45am ESE 29.92 36 4 73.0 84.6 2:16pm 65.2 6:34am 0 8 0.00 5 21 3:44am ESE 29.93 37 5 72.8 84.5 2:58pm 63.7 7:10am 0 8 0.00 4 21 1:36am ESE 29.94 38 6 72.2 83.6 2:45pm 64.8 6:20am 0 7 0.00 4 16 12:41am E 29.94 40 7 67.1 76.2 2:47pm 59.3 6:56am 1 3 0.00 4 17 12:45pm S 30.00 54 8 65.5 77.3 3:00pm 57.6 3:56am 3 3 0.00 3 14 3:46am ESE 29.97 52 9 66.7 78.5 2:58pm 59.1 6:27am 2 4 0.00 5 19 2:08pm ESE 29.92 50 10 67.6 78.9 2:54pm 58.6 6:08am 2 5 0.00 4 20 1:58am ESE 29.99 47 11 69.4 80.8 2:01pm 60.4 6:59am 1 6 0.00 4 19 3:47am ESE 29.97 43 12 70.8 82.2 1:56pm 61.8 5:49am 1 6 0.00 5 19 6:36am ESE 29.95 41 13 73.7 87.2 3:03pm 64.0 7:16am 0 9 0.00 5 21 2:06am E 29.95 36 14 75.1 89.1 2:34pm 65.5 6:31am 0 10 0.00 4 20 11:51pm E 29.92 34 15 75.8 89.4 2:20pm 66.3 6:42am 0 11 0.00 5 19 1:09am ESE 29.92 33 16 76.1 91.1 2:13pm 65.6 7:28am 0 11 0.00 5 22 1:19am ESE 29.95 30 17 76.4 88.7 1:15pm 66.5 7:09am 0 11 0.00 4 21 5:26am ESE 29.90 35 18 77.0 89.9 3:25pm 67.9 6:30am 0 12 0.00 3 19 7:59pm E 29.85 42 19 78.5 86.6 6:32pm 72.9 6:52am 0 13 0.00 5 18 8:24am ESE 29.85 45 20 80.1 90.8 2:42pm 73.3 7:26am 0 15 0.00 3 17 2:57pm ESE 29.81 45 21 75.4 84.2 2:04pm 68.2 6:27am 0 10 0.00 2 16 2:20pm SW 29.83 50 22 73.6 86.2 2:28pm 65.6 5:40am 0 9 0.00 3 18 3:56pm ESE 29.87 43 23 71.6 82.6 2:43pm 62.6 6:44am 0 7 0.00 4 19 1:05pm E 29.83 39 24 70.5 82.6 2:25pm 62.7 6:32am 0 6 0.00 6 21 11:23am ESE 29.83 44 25 68.2 79.5 2:49pm 60.2 6:34am 1 4 0.00 4 19 2:46pm ESE 29.90 53 26 68.1 80.5 2:51pm 57.8 6:16am 2 5 0.00 4 19 11:48pm WSW 29.94 58 27 72.1 84.3 2:13pm 63.2 6:45am 0 7 0.00 4 21 7:13am E 29.86 45 28 73.1 84.9 2:10pm 65.3 7:05am 0 8 0.00 4 17 2:29pm ESE 29.87 43 29 72.8 85.0 2:09pm 64.0 7:02am 0 8 0.00 4 18 3:17am ESE 29.99 43 30 75.4 89.2 2:26pm 66.1 7:01am 0 10 0.00 4 19 12:06am E 29.99 37 31 76.1 88.6 2:14pm 67.7 7:10am 0 11 0.00 5 20 1:19am ESE 29.92 37 --------------------------------------------------------------------------------------- TOT 72.5 91.1 8/16/13 57.6 8/8/13 17 249 0.00 4 22 8/16/13 ESE 29.92 42 HEAT BASE: 65.0 COOL BASE: 65.0
powered by Cumulus v1.9.3 (1059)
Ambient Weather VWS v14.00
Top Contact Website Map Copyright © 2007 - noaa Foresthillweather.com Never base important decisions on this or any weather information obtained from the Internet