NOAA-reports For Foresthill Weather.com
2018: Jan | Feb | Mar | Apr | May | Jun | Jul | Aug | Sep | Oct | Nov | Dec 
 2017: Jan | Feb | Mar | Apr | May | Jun | Jul | Aug | Sep | Oct | Nov | Dec 
2016: Jan | Feb | Mar | Apr | May | Jun | Jul | Aug | Sep | Oct | Nov | Dec 
2015: Jan | Feb | Mar | Apr | May | Jun | Jul | Aug | Sep | Oct | Nov | Dec 
2014: Jan | Feb | Mar | Apr | May | Jun | Jul | Aug | Sep | Oct | Nov | Dec 
2013: Jan | Feb | Mar | Apr | May | Jun | Jul | Aug | Sep | Oct | Nov | Dec 
2012: Jan | Feb | Mar | Apr | May | Jun | Jul | Aug | Sep | Oct | Nov | Dec 
2011: Jan | Feb | Mar | Apr | May | Jun | Jul | Aug | Sep | Oct | Nov | Dec 
2010: Jan | Feb | Mar | Apr | May | Jun | Jul | Aug | Sep | Oct | Nov | Dec 
2009: Jan | Feb | Mar | Apr | May | Jun | Jul | Aug | Sep | Oct | Nov | Dec 
2008: Jan | Feb | Mar | Apr | May | Jun | Jul | Aug | Sep | Oct | Nov | Dec 

Report for 2013 09
MONTHLY CLIMATOLOGICAL SUMMARY FOR 9/2013 HEAT COOL MEAN DEG DEG WIND SPEED DOM MEAN MEAN DAY TEMP HIGH TIME LOW TIME DAYS DAYS RAIN AVG HI TIME DIR BAROM HUM --------------------------------------------------------------------------------------- 1 73.8 82.5 2:39pm 68.0 7:02am 0 9 0.00 4 18 2:21am ESE 29.88 43 2 65.1 69.8 12:00am 61.1 7:58am 1 1 0.40 2 14 11:51pm ESE 29.90 82 3 66.6 76.9 3:24pm 59.2 4:59am 2 3 0.02 2 14 1:50pm ESE 29.96 77 4 69.3 80.1 1:49pm 61.5 12:01am 1 5 0.00 4 15 12:50am ESE 29.97 63 5 67.1 78.8 2:17pm 58.0 6:13am 2 4 0.00 4 22 3:13am ESE 29.96 54 6 70.5 83.9 2:50pm 59.6 6:44am 2 7 0.00 3 18 5:15am E 29.95 42 7 74.5 87.4 2:38pm 65.1 7:12am 0 9 0.00 4 18 2:41am ESE 29.88 41 8 76.6 89.8 2:45pm 66.7 6:44am 0 12 0.00 4 20 3:18am E 29.83 33 9 78.0 90.7 2:17pm 68.1 6:15am 0 13 0.00 4 18 8:54am E 29.75 33 10 77.3 88.0 3:13pm 67.6 11:25pm 0 12 0.00 3 14 7:32am E 29.74 36 11 71.4 81.2 2:42pm 63.8 11:03pm 0 6 0.00 4 16 2:29am ESE 29.89 50 12 70.7 80.7 3:28pm 62.6 6:52am 0 6 0.00 3 15 8:26am E 29.91 51 13 73.3 83.0 2:59pm 64.7 7:04am 0 8 0.00 2 13 10:23pm E 29.81 54 14 74.9 85.2 2:38pm 67.6 7:00am 0 10 0.00 3 16 11:38pm ESE 29.73 52 15 71.3 81.5 1:52pm 64.2 11:50pm 0 6 0.00 5 20 4:35am ESE 29.77 43 16 68.8 81.0 2:43pm 60.5 7:20am 1 5 0.00 4 16 12:47pm ESE 29.83 42 17 63.2 70.3 2:34pm 57.6 11:57pm 3 1 0.00 5 22 12:28pm SE 29.81 57 18 63.5 75.9 2:42pm 53.0 5:12am 4 3 0.00 3 16 8:25am E 29.88 47 19 68.9 82.8 3:17pm 59.2 5:15am 2 6 0.00 3 20 7:17am ESE 29.84 36 20 66.7 76.7 2:35pm 58.8 11:59pm 1 3 0.00 7 26 2:09pm ESE 29.79 42 21 52.5 58.9 12:00am 45.6 11:56pm 12 0 1.20 5 22 6:24pm SE 29.83 90 22 51.4 61.0 4:24pm 44.1 7:41am 14 0 0.01 3 16 12:19am E 30.01 85 23 58.7 70.6 2:50pm 48.6 6:11am 7 1 0.00 3 15 11:39pm E 30.04 73 24 60.1 68.7 1:54pm 54.3 5:43am 5 1 0.00 7 23 11:16am S 29.93 70 25 52.3 58.0 2:19pm 47.4 10:16pm 13 0 0.00 3 15 2:39am SSE 29.87 68 26 53.5 64.0 3:45pm 44.8 5:16am 12 0 0.00 5 31 7:44am ENE 29.91 48 27 55.7 66.5 3:35pm 47.8 7:38am 9 0 0.00 3 18 5:31am ESE 30.09 48 28 60.2 72.8 2:37pm 51.5 5:09am 6 2 0.00 5 20 10:53pm ESE 30.11 48 29 60.0 69.3 2:33pm 54.0 5:57am 6 1 0.00 7 24 1:05pm S 30.09 58 30 59.4 66.0 5:15pm 55.4 6:48am 6 0 0.00 4 15 5:51am SSE 30.05 80 --------------------------------------------------------------------------------------- TOT 65.8 90.7 9/9/13 44.1 9/22/13 109 135 1.63 4 31 9/26/13 ESE 29.90 55 HEAT BASE: 65.0 COOL BASE: 65.0
powered by Cumulus v1.9.3 (1059)
Ambient Weather VWS v14.00
Top Contact Website Map Copyright © 2007 - noaa Foresthillweather.com Never base important decisions on this or any weather information obtained from the Internet