NOAA-reports For Foresthill Weather.com
2018: Jan | Feb | Mar | Apr | May | Jun | Jul | Aug | Sep | Oct | Nov | Dec 
2017: Jan | Feb | Mar | Apr | May | Jun | Jul | Aug | Sep | Oct | Nov | Dec 
2016: Jan | Feb | Mar | Apr | May | Jun | Jul | Aug | Sep | Oct | Nov | Dec 
2015: Jan | Feb | Mar | Apr | May | Jun | Jul | Aug | Sep | Oct | Nov | Dec 
2014: Jan | Feb | Mar | Apr | May | Jun | Jul | Aug | Sep | Oct | Nov | Dec 
2013: Jan | Feb | Mar | Apr | May | Jun | Jul | Aug | Sep | Oct | Nov | Dec 
2012: Jan | Feb | Mar | Apr | May | Jun | Jul | Aug | Sep | Oct | Nov | Dec 
2011: Jan | Feb | Mar | Apr | May | Jun | Jul | Aug | Sep | Oct | Nov | Dec 
2010: Jan | Feb | Mar | Apr | May | Jun | Jul | Aug | Sep | Oct | Nov | Dec 
2009: Jan | Feb | Mar | Apr | May | Jun | Jul | Aug | Sep | Oct | Nov | Dec 
2008: Jan | Feb | Mar | Apr | May | Jun | Jul | Aug | Sep | Oct | Nov | Dec 

Report for 2013 10
MONTHLY CLIMATOLOGICAL SUMMARY FOR 10/2013 HEAT COOL MEAN DEG DEG WIND SPEED DOM MEAN MEAN DAY TEMP HIGH TIME LOW TIME DAYS DAYS RAIN AVG HI TIME DIR BAROM HUM --------------------------------------------------------------------------------------- 1 58.7 68.6 2:39pm 51.4 7:12am 7 1 0.00 3 18 1:14am ESE 29.98 72 2 58.3 67.6 2:33pm 53.0 11:58pm 7 0 0.00 3 14 1:24pm ESE 29.97 59 3 55.5 67.1 3:30pm 46.6 7:57am 10 0 0.00 5 34 5:54pm E 30.01 46 4 61.9 72.5 2:54pm 52.8 12:00am 5 2 0.00 10 37 12:42am E 30.10 23 5 62.3 73.3 2:56pm 55.9 6:24am 4 2 0.00 5 23 2:34am E 30.20 26 6 63.7 76.0 2:52pm 55.3 7:05am 4 3 0.00 5 21 12:22am E 30.14 28 7 63.8 75.8 2:23pm 57.1 5:38am 3 2 0.00 5 22 12:38am ESE 29.98 26 8 59.2 67.4 12:28pm 52.7 11:55pm 6 0 0.00 4 18 5:17am ESE 29.83 35 9 53.4 60.8 3:40pm 46.9 7:24am 12 0 0.04 4 29 6:53am ESE 29.66 57 10 51.8 61.6 4:01pm 44.7 6:09am 13 0 0.00 3 13 7:14am E 29.94 64 11 54.6 64.6 2:07pm 47.3 7:10am 10 0 0.00 4 15 8:11am ESE 30.07 61 12 55.4 64.8 2:24pm 49.2 7:05am 10 0 0.00 5 17 1:30pm ESE 29.98 56 13 54.7 64.0 4:05pm 47.1 7:04am 10 0 0.01 4 18 12:44pm E 30.01 58 14 57.2 67.3 2:30pm 51.1 7:34am 8 0 0.00 5 23 2:46am E 30.11 43 15 61.0 72.5 2:59pm 53.5 1:08am 5 1 0.00 7 25 9:03pm E 30.05 31 16 60.4 70.6 2:14pm 52.2 7:26am 6 1 0.00 5 23 12:10am ESE 30.11 32 17 59.8 70.7 2:18pm 52.4 6:25am 6 1 0.00 4 15 6:45am ESE 30.07 38 18 62.4 72.8 3:42pm 55.2 12:34am 4 2 0.00 4 19 2:43am ESE 30.06 33 19 63.8 75.0 2:25pm 57.2 7:53am 4 2 0.00 5 21 7:13am E 30.08 32 20 63.2 74.2 2:19pm 55.5 7:23am 4 2 0.00 4 16 12:04am E 30.00 36 21 63.4 73.7 2:19pm 56.1 6:20am 4 2 0.00 3 22 11:19pm E 29.99 37 22 65.6 77.5 2:10pm 58.9 6:50am 3 3 0.00 5 21 5:29am E 30.00 26 23 64.8 77.1 2:36pm 57.6 4:06am 3 3 0.00 4 17 3:23pm E 29.94 25 24 62.9 73.5 2:15pm 56.8 6:52am 4 2 0.00 4 16 10:51pm E 30.00 30 25 62.0 73.5 3:13pm 54.6 4:58am 5 2 0.00 4 14 12:03am ESE 30.13 31 26 62.1 73.5 3:07pm 54.6 3:47am 5 2 0.00 4 19 11:47pm ESE 30.12 33 27 57.9 68.7 1:34pm 42.4 11:59pm 8 1 0.15 8 27 8:35pm ESE 29.82 42 28 42.3 45.0 3:29pm 39.5 2:22am 23 0 0.35 4 20 7:33pm ESE 29.74 91 29 44.1 46.7 5:24pm 41.1 11:51pm 21 0 0.01 3 16 1:23am SSE 30.04 91 30 45.3 54.4 3:05pm 38.8 5:37am 20 0 0.00 4 18 6:43am ESE 30.17 79 31 49.9 60.8 3:41pm 42.7 7:18am 15 0 0.00 4 18 6:16am ESE 30.20 71 --------------------------------------------------------------------------------------- TOT 58.1 77.5 10/22/13 38.8 10/30/13 248 34 0.56 5 37 10/4/13 ESE 30.02 46 HEAT BASE: 65.0 COOL BASE: 65.0
powered by Cumulus v1.9.3 (1059)
Ambient Weather VWS v14.00
Top Contact Website Map Copyright © 2007 - noaa Foresthillweather.com Never base important decisions on this or any weather information obtained from the Internet