2024: Jan | Feb | Mar | Apr | May | Jun | Jul | Aug | Sep | Oct | Nov | Dec
2023: Jan | Feb | Mar | Apr | May | Jun | Jul | Aug | Sep | Oct | Nov | Dec
2022: Jan | Feb | Mar | Apr | May | Jun | Jul | Aug | Sep | Oct | Nov | Dec
2021: Jan | Feb | Mar | Apr | May | Jun | Jul | Aug | Sep | Oct | Nov | Dec
2020: Jan | Feb | Mar | Apr | May | Jun | Jul | Aug | Sep | Oct | Nov | Dec
2019: Jan | Feb | Mar | Apr | May | Jun | Jul | Aug | Sep | Oct | Nov | Dec
2018: Jan | Feb | Mar | Apr | May | Jun | Jul | Aug | Sep | Oct | Nov | Dec
2017: Jan | Feb | Mar | Apr | May | Jun | Jul | Aug | Sep | Oct | Nov | Dec
2016: Jan | Feb | Mar | Apr | May | Jun | Jul | Aug | Sep | Oct | Nov | Dec
2015: Jan | Feb | Mar | Apr | May | Jun | Jul | Aug | Sep | Oct | Nov | Dec
2014: Jan | Feb | Mar | Apr | May | Jun | Jul | Aug | Sep | Oct | Nov | Dec
2013: Jan | Feb | Mar | Apr | May | Jun | Jul | Aug | Sep | Oct | Nov | Dec
2012: Jan | Feb | Mar | Apr | May | Jun | Jul | Aug | Sep | Oct | Nov | Dec
2011: Jan | Feb | Mar | Apr | May | Jun | Jul | Aug | Sep | Oct | Nov | Dec
2010: Jan | Feb | Mar | Apr | May | Jun | Jul | Aug | Sep | Oct | Nov | Dec
2009: Jan | Feb | Mar | Apr | May | Jun | Jul | Aug | Sep | Oct | Nov | Dec
2008: Jan | Feb | Mar | Apr | May | Jun | Jul | Aug | Sep | Oct | Nov | Dec
Report for 2014 04
MONTHLY CLIMATOLOGICAL SUMMARY FOR 4/2014
HEAT COOL
MEAN DEG DEG WIND SPEED DOM MEAN MEAN
DAY TEMP HIGH TIME LOW TIME DAYS DAYS RAIN AVG HI TIME DIR BAROM HUM
---------------------------------------------------------------------------------------
1 34.7 38.5 3:21pm 32.8 8:20am 30 0 1.04 1 21 3:42pm SE 29.99 94
2 40.0 47.8 5:05pm 33.7 7:49am 25 0 0.00 1 12 1:33pm WNW 30.10 91
3 43.7 52.2 2:39pm 36.5 6:42am 21 0 0.00 2 14 2:59am ESE 30.15 86
4 42.8 49.2 5:31pm 38.9 11:57pm 22 0 0.00 1 16 3:23pm ESE 30.06 86
5 46.2 57.9 4:50pm 35.2 7:21am 19 0 0.00 2 15 3:23pm E 30.17 77
6 55.3 69.9 1:41pm 43.6 7:06am 10 1 0.00 3 18 10:04pm E 30.22 69
7 61.1 74.0 2:29pm 50.3 7:36am 6 2 0.00 3 24 12:43am E 30.17 56
8 63.1 76.2 2:18pm 53.3 6:40am 5 3 0.00 4 21 7:07am E 30.12 51
9 62.3 73.3 1:46pm 54.6 7:01am 5 2 0.00 5 21 6:46am ESE 30.05 56
10 62.6 76.4 1:54pm 53.5 6:41am 5 3 0.00 5 20 12:21am E 30.00 53
11 62.9 74.9 1:58pm 55.3 7:09am 4 2 0.00 4 22 5:56am E 29.89 52
12 60.3 68.9 2:22pm 52.5 7:11am 6 1 0.00 3 18 1:11am E 29.84 60
13 59.7 70.0 4:24pm 49.8 7:30am 6 1 0.00 3 23 9:22pm E 29.97 57
14 62.2 73.6 3:03pm 54.6 7:26am 5 2 0.00 4 24 1:02am ESE 30.06 42
15 61.6 72.1 2:37pm 53.6 6:55am 5 2 0.00 3 19 6:12am ESE 29.97 53
16 61.0 71.4 1:54pm 52.2 7:00am 6 2 0.00 2 13 6:12am ESE 29.88 52
17 62.8 74.5 2:00pm 55.0 6:54am 4 2 0.00 3 17 1:57pm ESE 29.83 59
18 61.2 70.2 1:20pm 54.6 7:02am 5 1 0.00 2 18 1:22am ESE 29.85 66
19 59.4 70.3 2:28pm 51.8 11:50pm 6 1 0.00 3 19 5:31am ESE 30.00 63
20 59.3 71.8 1:27pm 48.0 6:53am 7 2 0.00 2 15 2:57pm E 30.12 44
21 58.9 66.9 12:18pm 53.3 6:08am 6 0 0.00 3 20 5:03am ESE 30.02 56
22 47.3 53.3 12:00am 42.3 9:21am 18 0 0.20 2 24 12:19am SSW 30.01 73
23 49.3 58.4 4:00pm 41.0 6:33am 16 0 0.00 1 19 2:49am ESE 30.13 65
24 53.1 62.1 3:27pm 45.7 4:28am 12 0 0.21 3 22 8:18pm ESE 30.06 68
25 41.9 50.1 12:00am 37.8 9:21pm 23 0 2.39 2 20 11:19am ESE 29.86 92
26 42.8 49.5 2:26pm 38.2 7:37am 22 0 0.03 1 16 3:47pm SSW 30.00 87
27 45.5 52.8 4:42pm 40.6 12:50am 20 0 0.00 2 15 11:02am SE 30.13 85
28 51.4 62.8 2:26pm 40.2 6:09am 14 0 0.00 3 18 11:45pm E 30.23 71
29 63.0 75.6 4:11pm 50.0 6:24am 5 3 0.00 3 29 8:59pm E 30.20 44
30 68.5 80.4 1:47pm 60.7 7:19am 1 5 0.00 4 30 2:39am ESE 30.11 32
---------------------------------------------------------------------------------------
TOT 54.8 80.4 4/30/14 32.8 4/1/14 339 33 3.87 3 30 4/30/14 ESE 30.04 65
HEAT BASE: 65.0
COOL BASE: 65.0