2024: Jan | Feb | Mar | Apr | May | Jun | Jul | Aug | Sep | Oct | Nov | Dec
2023: Jan | Feb | Mar | Apr | May | Jun | Jul | Aug | Sep | Oct | Nov | Dec
2022: Jan | Feb | Mar | Apr | May | Jun | Jul | Aug | Sep | Oct | Nov | Dec
2021: Jan | Feb | Mar | Apr | May | Jun | Jul | Aug | Sep | Oct | Nov | Dec
2020: Jan | Feb | Mar | Apr | May | Jun | Jul | Aug | Sep | Oct | Nov | Dec
2019: Jan | Feb | Mar | Apr | May | Jun | Jul | Aug | Sep | Oct | Nov | Dec
2018: Jan | Feb | Mar | Apr | May | Jun | Jul | Aug | Sep | Oct | Nov | Dec
2017: Jan | Feb | Mar | Apr | May | Jun | Jul | Aug | Sep | Oct | Nov | Dec
2016: Jan | Feb | Mar | Apr | May | Jun | Jul | Aug | Sep | Oct | Nov | Dec
2015: Jan | Feb | Mar | Apr | May | Jun | Jul | Aug | Sep | Oct | Nov | Dec
2014: Jan | Feb | Mar | Apr | May | Jun | Jul | Aug | Sep | Oct | Nov | Dec
2013: Jan | Feb | Mar | Apr | May | Jun | Jul | Aug | Sep | Oct | Nov | Dec
2012: Jan | Feb | Mar | Apr | May | Jun | Jul | Aug | Sep | Oct | Nov | Dec
2011: Jan | Feb | Mar | Apr | May | Jun | Jul | Aug | Sep | Oct | Nov | Dec
2010: Jan | Feb | Mar | Apr | May | Jun | Jul | Aug | Sep | Oct | Nov | Dec
2009: Jan | Feb | Mar | Apr | May | Jun | Jul | Aug | Sep | Oct | Nov | Dec
2008: Jan | Feb | Mar | Apr | May | Jun | Jul | Aug | Sep | Oct | Nov | Dec
Report for 2014 05
MONTHLY CLIMATOLOGICAL SUMMARY FOR 5/2014
HEAT COOL
MEAN DEG DEG WIND SPEED DOM MEAN MEAN
DAY TEMP HIGH TIME LOW TIME DAYS DAYS RAIN AVG HI TIME DIR BAROM HUM
---------------------------------------------------------------------------------------
1 68.0 79.3 2:19pm 60.4 5:06am 2 5 0.00 3 19 7:10am E 30.10 35
2 66.0 77.9 2:44pm 57.4 5:23am 3 4 0.00 4 21 6:03am ESE 30.05 40
3 59.6 70.3 2:38pm 52.3 11:58pm 6 1 0.00 4 22 3:04pm ESE 29.96 53
4 55.1 64.2 2:20pm 45.6 6:49am 10 0 0.00 3 19 12:36am SE 30.00 64
5 50.7 57.6 4:44pm 42.8 11:57pm 14 0 0.29 4 23 10:26pm S 29.97 77
6 49.1 59.9 4:08pm 40.9 6:16am 16 0 0.01 2 18 3:57pm NW 29.90 79
7 53.1 61.7 3:12pm 45.4 6:15am 12 0 0.00 2 19 4:46am ESE 29.94 68
8 53.4 60.0 2:18pm 49.0 5:34am 12 0 0.12 4 23 11:57am ESE 30.04 77
9 53.4 60.1 2:47pm 49.6 7:22am 12 0 0.16 3 22 2:11am S 30.11 83
10 50.3 57.5 4:11pm 44.4 6:56am 15 0 0.00 2 26 4:46pm ESE 30.07 73
11 56.4 70.3 2:12pm 44.3 5:37am 10 1 0.00 3 25 10:49am NE 30.11 46
12 62.1 73.8 4:31pm 50.9 5:47am 5 2 0.00 3 19 6:24am E 30.12 40
13 68.4 80.7 1:54pm 58.2 12:40am 2 5 0.00 3 22 2:06am ESE 30.15 35
14 70.2 82.7 2:44pm 58.9 6:56am 1 6 0.00 3 18 11:27pm E 30.13 38
15 70.7 83.0 2:28pm 62.4 6:31am 0 6 0.00 3 18 4:59am ESE 30.09 41
16 69.3 81.8 2:28pm 60.7 6:47am 1 5 0.00 4 21 4:06am ESE 30.01 34
17 64.5 73.3 2:15pm 57.9 5:55am 3 2 0.00 4 23 2:03am ESE 29.91 40
18 58.8 67.6 1:51pm 52.0 6:42am 6 0 0.00 2 15 3:06am SSE 29.91 61
19 56.0 64.9 2:07pm 49.6 11:54pm 9 0 0.00 3 22 11:20am S 29.90 65
20 49.7 54.5 3:11pm 45.7 4:36am 15 0 0.13 1 16 8:19pm ESE 29.97 86
21 56.4 68.3 5:35pm 46.9 5:58am 9 0 0.03 2 16 3:17pm NW 29.97 80
22 64.0 77.5 1:40pm 53.0 6:35am 4 3 0.00 3 21 7:46am E 29.95 62
23 67.6 78.6 4:29pm 57.6 6:23am 2 5 0.00 2 15 12:23am E 29.95 55
24 69.0 78.1 3:02pm 60.5 6:13am 1 5 0.00 1 13 6:35am E 29.92 59
25 71.1 81.8 1:35pm 61.4 6:07am 1 7 0.00 1 15 11:02pm E 29.92 56
26 70.5 81.0 2:49pm 61.8 6:47am 0 6 0.00 2 16 4:54am ESE 29.94 48
27 67.0 77.5 2:18pm 58.6 6:16am 2 4 0.00 3 21 10:15am SE 29.96 41
28 60.8 68.6 4:41pm 52.2 7:12am 5 1 0.00 2 16 6:14pm NNW 29.98 40
29 63.4 75.2 1:32pm 52.3 4:02am 4 3 0.00 2 19 1:12am E 29.93 36
30 64.1 74.6 2:40pm 55.9 6:35am 4 3 0.00 3 18 3:14pm ESE 29.91 39
31 64.2 75.2 2:49pm 55.6 7:01am 4 3 0.00 3 20 3:10am E 29.92 39
---------------------------------------------------------------------------------------
TOT 61.4 83.0 5/15/14 40.9 5/6/14 189 77 0.74 3 26 5/10/14 ESE 29.99 55
HEAT BASE: 65.0
COOL BASE: 65.0