2024: Jan | Feb | Mar | Apr | May | Jun | Jul | Aug | Sep | Oct | Nov | Dec
2023: Jan | Feb | Mar | Apr | May | Jun | Jul | Aug | Sep | Oct | Nov | Dec
2022: Jan | Feb | Mar | Apr | May | Jun | Jul | Aug | Sep | Oct | Nov | Dec
2021: Jan | Feb | Mar | Apr | May | Jun | Jul | Aug | Sep | Oct | Nov | Dec
2020: Jan | Feb | Mar | Apr | May | Jun | Jul | Aug | Sep | Oct | Nov | Dec
2019: Jan | Feb | Mar | Apr | May | Jun | Jul | Aug | Sep | Oct | Nov | Dec
2018: Jan | Feb | Mar | Apr | May | Jun | Jul | Aug | Sep | Oct | Nov | Dec
2017: Jan | Feb | Mar | Apr | May | Jun | Jul | Aug | Sep | Oct | Nov | Dec
2016: Jan | Feb | Mar | Apr | May | Jun | Jul | Aug | Sep | Oct | Nov | Dec
2015: Jan | Feb | Mar | Apr | May | Jun | Jul | Aug | Sep | Oct | Nov | Dec
2014: Jan | Feb | Mar | Apr | May | Jun | Jul | Aug | Sep | Oct | Nov | Dec
2013: Jan | Feb | Mar | Apr | May | Jun | Jul | Aug | Sep | Oct | Nov | Dec
2012: Jan | Feb | Mar | Apr | May | Jun | Jul | Aug | Sep | Oct | Nov | Dec
2011: Jan | Feb | Mar | Apr | May | Jun | Jul | Aug | Sep | Oct | Nov | Dec
2010: Jan | Feb | Mar | Apr | May | Jun | Jul | Aug | Sep | Oct | Nov | Dec
2009: Jan | Feb | Mar | Apr | May | Jun | Jul | Aug | Sep | Oct | Nov | Dec
2008: Jan | Feb | Mar | Apr | May | Jun | Jul | Aug | Sep | Oct | Nov | Dec
Report for 2014 06
MONTHLY CLIMATOLOGICAL SUMMARY FOR 6/2014
HEAT COOL
MEAN DEG DEG WIND SPEED DOM MEAN MEAN
DAY TEMP HIGH TIME LOW TIME DAYS DAYS RAIN AVG HI TIME DIR BAROM HUM
---------------------------------------------------------------------------------------
1 67.1 79.8 2:31pm 56.2 6:23am 3 5 0.00 2 15 4:29am E 29.87 32
2 67.1 77.1 4:12pm 58.7 11:59pm 2 4 0.00 2 19 6:22am ESE 29.81 41
3 66.5 77.5 2:44pm 58.5 5:23am 2 4 0.00 3 16 12:34am E 29.87 47
4 69.6 81.4 5:02pm 57.4 6:59am 2 7 0.00 1 14 2:17am E 29.85 45
5 72.1 82.5 3:25pm 62.7 6:35am 0 7 0.00 1 11 2:26am ESE 29.80 48
6 72.6 82.1 3:10pm 65.1 6:45am 0 8 0.00 2 20 4:31am ESE 29.76 51
7 73.9 84.9 4:25pm 63.7 6:58am 0 9 0.00 1 11 2:58pm W 29.77 52
8 77.9 90.1 1:49pm 67.0 4:32am 0 13 0.00 2 23 8:20am E 29.78 38
9 79.0 92.2 1:58pm 70.3 7:17am 0 14 0.00 2 20 7:33am E 29.72 34
10 78.4 90.0 3:33pm 68.8 7:04am 0 13 0.00 2 18 1:49am ESE 29.69 32
11 73.2 82.5 2:04pm 64.9 11:55pm 0 8 0.00 3 21 1:52am E 29.75 46
12 66.9 77.5 2:21pm 58.5 11:58pm 2 4 0.00 3 20 10:27am SE 29.85 50
13 62.6 72.2 4:40pm 54.2 6:13am 4 2 0.00 1 16 1:54am ESE 29.93 40
14 63.6 72.4 1:02pm 55.1 5:05am 4 2 0.00 1 13 6:17am E 29.90 41
15 65.2 75.6 2:27pm 56.9 5:45am 3 3 0.00 4 20 2:45pm ESE 29.78 42
16 60.6 67.9 1:52pm 52.6 6:29am 5 1 0.00 5 24 6:22am SSE 29.80 52
17 59.3 69.2 3:38pm 48.2 6:16am 7 1 0.00 1 15 1:10am ESE 29.92 49
18 65.8 77.2 2:34pm 56.3 5:29am 3 4 0.00 2 18 7:42am E 29.95 34
19 69.2 82.3 1:28pm 57.9 5:33am 2 6 0.00 2 19 12:56am E 29.97 29
20 72.2 84.7 2:27pm 62.2 6:45am 0 8 0.00 2 20 7:10am E 29.93 32
21 71.9 84.3 3:03pm 63.5 7:24am 0 7 0.00 2 20 5:33am ESE 29.85 34
22 70.4 82.3 2:00pm 60.7 6:08am 1 6 0.00 2 22 5:19am E 29.86 35
23 71.5 83.0 3:13pm 62.2 6:10am 0 7 0.00 2 18 6:31am E 29.89 36
24 71.8 80.4 2:30pm 63.8 7:10am 0 7 0.00 3 20 3:43am ESE 29.91 41
25 68.4 79.5 1:35pm 62.7 11:50pm 0 4 0.00 3 21 12:52pm S 29.89 55
26 62.6 71.1 2:17pm 56.9 6:50am 4 1 0.00 2 20 5:01am SSE 29.92 63
27 67.6 78.1 3:04pm 58.4 12:05am 2 5 0.00 1 14 12:23pm SW 29.93 55
28 69.7 80.7 1:22pm 60.0 6:13am 1 6 0.00 2 18 1:45am ESE 29.90 48
29 74.3 86.8 4:00pm 63.4 5:24am 0 10 0.00 2 16 2:20am E 29.89 37
30 79.5 92.2 3:16pm 68.6 6:00am 0 14 0.00 2 13 1:16am E 29.80 41
---------------------------------------------------------------------------------------
TOT 69.7 92.2 6/9/14 48.2 6/17/14 48 189 0.00 2 24 6/16/14 E 29.85 43
HEAT BASE: 65.0
COOL BASE: 65.0