NOAA-reports For Foresthill Weather.com
2018: Jan | Feb | Mar | Apr | May | Jun | Jul | Aug | Sep | Oct | Nov | Dec 
2017: Jan | Feb | Mar | Apr | May | Jun | Jul | Aug | Sep | Oct | Nov | Dec 
2016: Jan | Feb | Mar | Apr | May | Jun | Jul | Aug | Sep | Oct | Nov | Dec 
2015: Jan | Feb | Mar | Apr | May | Jun | Jul | Aug | Sep | Oct | Nov | Dec 
2014: Jan | Feb | Mar | Apr | May | Jun | Jul | Aug | Sep | Oct | Nov | Dec 
2013: Jan | Feb | Mar | Apr | May | Jun | Jul | Aug | Sep | Oct | Nov | Dec 
2012: Jan | Feb | Mar | Apr | May | Jun | Jul | Aug | Sep | Oct | Nov | Dec 
2011: Jan | Feb | Mar | Apr | May | Jun | Jul | Aug | Sep | Oct | Nov | Dec 
2010: Jan | Feb | Mar | Apr | May | Jun | Jul | Aug | Sep | Oct | Nov | Dec 
2009: Jan | Feb | Mar | Apr | May | Jun | Jul | Aug | Sep | Oct | Nov | Dec 
2008: Jan | Feb | Mar | Apr | May | Jun | Jul | Aug | Sep | Oct | Nov | Dec 

Report for 2014 08
MONTHLY CLIMATOLOGICAL SUMMARY FOR 8/2014 HEAT COOL MEAN DEG DEG WIND SPEED DOM MEAN MEAN DAY TEMP HIGH TIME LOW TIME DAYS DAYS RAIN AVG HI TIME DIR BAROM HUM --------------------------------------------------------------------------------------- 1 83.8 96.3 3:17pm 74.7 6:11am 0 19 0.00 3 19 2:35am E 29.85 28 2 82.1 94.6 3:11pm 72.5 6:31am 0 17 0.00 4 19 5:52am ESE 29.85 25 3 77.1 85.9 2:58pm 71.3 11:56pm 0 12 0.00 2 20 12:43am ESE 29.86 37 4 70.0 75.0 11:37am 64.9 10:04pm 0 5 0.05 1 16 10:11pm ESE 29.92 63 5 66.4 68.6 12:52am 64.6 11:53pm 0 1 0.00 1 22 12:59am N 30.01 76 6 71.7 82.5 2:26pm 63.4 4:19am 0 7 0.00 1 15 6:51am E 30.00 66 7 75.3 85.4 3:29pm 65.4 6:58am 0 10 0.00 1 15 1:21pm WSW 29.90 58 8 77.6 88.5 1:55pm 69.5 7:04am 0 13 0.00 3 19 2:16am ESE 29.85 49 9 77.5 90.1 1:29pm 69.0 7:13am 0 13 0.00 4 20 2:19am ESE 29.87 37 10 76.7 86.6 1:45pm 70.0 6:38am 0 12 0.00 2 20 1:31am ESE 29.90 40 11 77.8 87.8 4:24pm 70.4 7:16am 0 13 0.01 2 15 2:16am E 29.89 37 12 73.5 84.8 1:46pm 65.8 5:13am 0 9 0.00 3 21 11:13am S 29.89 41 13 70.6 79.8 1:17pm 63.7 7:05am 0 6 0.00 2 20 11:45am ESE 29.91 49 14 72.0 84.1 2:18pm 63.6 3:15am 0 7 0.00 2 20 1:34pm ESE 29.92 53 15 75.3 88.5 1:23pm 66.7 5:55am 0 10 0.00 3 21 5:17am ESE 29.95 44 16 76.6 89.9 2:19pm 68.0 4:29am 0 12 0.00 3 22 6:54am ESE 29.97 37 17 76.5 89.3 2:22pm 67.7 6:42am 0 12 0.00 3 21 1:38am ESE 29.94 32 18 76.0 89.6 1:34pm 66.6 6:41am 0 11 0.00 3 21 1:30am ESE 29.81 30 19 73.8 85.3 1:09pm 65.7 7:28am 0 9 0.00 2 15 3:13am E 29.76 39 20 70.5 80.9 2:24pm 63.6 1:48am 0 6 0.00 2 20 3:59am ESE 29.84 50 21 72.5 84.6 1:37pm 64.1 7:07am 0 8 0.00 2 16 1:43pm E 29.91 46 22 71.9 84.1 2:31pm 62.9 7:05am 0 7 0.00 3 24 11:55am ESE 29.88 45 23 72.9 83.3 3:15pm 64.9 6:13am 0 8 0.00 2 18 1:25am E 29.86 43 24 72.3 82.1 2:40pm 63.1 7:04am 0 8 0.00 1 15 2:00pm ESE 29.81 46 25 70.0 80.2 2:07pm 62.5 6:57am 0 5 0.00 2 19 2:53am ESE 29.82 51 26 70.0 81.4 3:25pm 59.3 7:13am 1 6 0.00 1 15 1:47pm W 29.94 54 27 73.7 84.9 3:29pm 63.6 5:27am 0 9 0.00 2 18 6:40am ESE 30.02 46 28 76.3 88.0 12:58pm 67.1 6:42am 0 11 0.00 2 16 1:09pm ESE 29.99 41 29 74.8 83.8 3:46pm 68.0 6:44am 0 10 0.00 2 16 11:14pm ESE 29.88 42 30 75.6 86.3 1:10pm 66.2 7:16am 0 11 0.00 3 18 1:38pm ESE 29.85 35 31 74.6 86.3 1:41pm 64.9 7:17am 0 10 0.00 2 20 3:18am ESE 29.84 33 --------------------------------------------------------------------------------------- TOT 74.4 96.3 8/1/14 59.3 8/26/14 3 294 0.06 2 24 8/22/14 ESE 29.89 44 HEAT BASE: 65.0 COOL BASE: 65.0
powered by Cumulus v1.9.3 (1059)
Ambient Weather VWS v14.00
Top Contact Website Map Copyright © 2007 - noaa Foresthillweather.com Never base important decisions on this or any weather information obtained from the Internet