NOAA-reports For Foresthill Weather.com
2018: Jan | Feb | Mar | Apr | May | Jun | Jul | Aug | Sep | Oct | Nov | Dec 
2017: Jan | Feb | Mar | Apr | May | Jun | Jul | Aug | Sep | Oct | Nov | Dec 
2016: Jan | Feb | Mar | Apr | May | Jun | Jul | Aug | Sep | Oct | Nov | Dec 
2015: Jan | Feb | Mar | Apr | May | Jun | Jul | Aug | Sep | Oct | Nov | Dec 
2014: Jan | Feb | Mar | Apr | May | Jun | Jul | Aug | Sep | Oct | Nov | Dec 
2013: Jan | Feb | Mar | Apr | May | Jun | Jul | Aug | Sep | Oct | Nov | Dec 
2012: Jan | Feb | Mar | Apr | May | Jun | Jul | Aug | Sep | Oct | Nov | Dec 
2011: Jan | Feb | Mar | Apr | May | Jun | Jul | Aug | Sep | Oct | Nov | Dec 
2010: Jan | Feb | Mar | Apr | May | Jun | Jul | Aug | Sep | Oct | Nov | Dec 
2009: Jan | Feb | Mar | Apr | May | Jun | Jul | Aug | Sep | Oct | Nov | Dec 
2008: Jan | Feb | Mar | Apr | May | Jun | Jul | Aug | Sep | Oct | Nov | Dec 

Report for 2014 09
MONTHLY CLIMATOLOGICAL SUMMARY FOR 9/2014 HEAT COOL MEAN DEG DEG WIND SPEED DOM MEAN MEAN DAY TEMP HIGH TIME LOW TIME DAYS DAYS RAIN AVG HI TIME DIR BAROM HUM --------------------------------------------------------------------------------------- 1 76.6 89.7 1:48pm 65.6 7:00am 0 12 0.00 2 16 8:05am E 29.80 32 2 77.4 89.7 1:48pm 68.8 6:22am 0 12 0.00 3 19 6:45am ESE 29.76 34 3 76.5 89.3 1:42pm 67.8 7:20am 0 12 0.00 3 18 4:00am E 29.70 35 4 75.4 87.9 3:13pm 65.4 6:26am 0 10 0.00 2 15 7:12am E 29.70 28 5 75.3 87.1 2:47pm 67.2 6:59am 0 10 0.00 3 15 2:07pm E 29.82 30 6 75.6 88.6 1:43pm 67.0 7:18am 0 11 0.00 3 17 1:50pm ESE 29.87 35 7 75.3 89.2 1:17pm 67.0 6:38am 0 10 0.00 4 21 5:55am E 29.82 33 8 71.9 85.0 1:16pm 64.1 10:29pm 0 7 0.00 3 19 2:06pm ESE 29.81 30 9 70.9 82.9 1:41pm 62.3 5:26am 1 7 0.00 3 23 2:47am ESE 29.93 25 10 73.6 88.3 1:43pm 62.2 7:54am 0 9 0.00 2 15 1:58pm ESE 29.91 29 11 77.6 90.6 2:10pm 68.8 6:54am 0 13 0.00 4 19 5:42am ESE 29.87 25 12 78.5 91.9 1:15pm 68.8 6:12am 0 13 0.00 3 18 7:38am E 29.85 26 13 79.2 93.2 2:34pm 69.9 6:44am 0 14 0.00 3 21 5:03am ESE 29.80 27 14 79.1 91.2 1:59pm 71.1 7:37am 0 14 0.00 4 25 6:20am E 29.79 26 15 77.3 89.8 2:02pm 69.7 11:43pm 0 12 0.00 3 20 1:31am ESE 29.84 33 16 74.7 87.1 2:41pm 67.3 6:51am 0 10 0.00 3 20 4:34am ESE 29.84 36 17 73.1 85.5 2:55pm 63.3 11:58pm 0 8 0.00 3 16 2:10pm ESE 29.77 35 18 65.2 72.4 4:18pm 61.0 7:27am 1 2 0.00 1 14 1:09pm NW 29.83 73 19 65.1 74.2 3:01pm 58.1 7:16am 2 2 0.00 1 11 4:23pm S 29.88 70 20 69.6 79.9 2:33pm 61.6 5:25am 1 6 0.00 2 18 10:24pm E 29.90 60 21 68.4 71.8 5:20pm 65.0 11:38pm 0 3 0.00 2 18 11:10pm ESE 29.93 60 22 70.0 80.8 3:02pm 63.8 4:32am 0 5 0.00 3 19 4:50am E 29.98 52 23 70.3 81.2 2:02pm 62.7 6:16am 0 6 0.00 3 16 1:59pm ESE 29.95 51 24 68.6 81.5 2:29pm 61.2 7:50am 1 5 0.00 3 21 1:01pm ESE 29.90 55 25 55.3 61.5 12:00am 50.1 11:59pm 10 0 1.02 1 15 7:26am ESE 29.96 89 26 54.2 64.5 3:37pm 45.6 6:42am 11 0 0.51 1 23 10:55pm E 29.99 80 27 53.7 61.4 3:09pm 48.6 6:22am 11 0 0.13 1 33 2:40am ESE 29.91 87 28 52.8 57.6 5:04pm 49.0 7:42am 12 0 0.11 2 14 7:59am SE 29.94 91 29 57.7 68.6 3:26pm 49.0 6:58am 8 1 0.00 2 18 7:09am ESE 30.02 78 30 61.3 70.5 2:20pm 54.6 7:50am 5 1 0.00 2 15 5:13am ESE 29.94 74 --------------------------------------------------------------------------------------- TOT 70.0 93.2 9/13/14 45.6 9/26/14 64 215 1.76 2 33 9/27/14 ESE 29.87 48 HEAT BASE: 65.0 COOL BASE: 65.0
powered by Cumulus v1.9.3 (1059)
Ambient Weather VWS v14.00
Top Contact Website Map Copyright © 2007 - noaa Foresthillweather.com Never base important decisions on this or any weather information obtained from the Internet