NOAA-reports For Foresthill Weather.com
2018: Jan | Feb | Mar | Apr | May | Jun | Jul | Aug | Sep | Oct | Nov | Dec 
 2017: Jan | Feb | Mar | Apr | May | Jun | Jul | Aug | Sep | Oct | Nov | Dec 
2016: Jan | Feb | Mar | Apr | May | Jun | Jul | Aug | Sep | Oct | Nov | Dec 
2015: Jan | Feb | Mar | Apr | May | Jun | Jul | Aug | Sep | Oct | Nov | Dec 
2014: Jan | Feb | Mar | Apr | May | Jun | Jul | Aug | Sep | Oct | Nov | Dec 
2013: Jan | Feb | Mar | Apr | May | Jun | Jul | Aug | Sep | Oct | Nov | Dec 
2012: Jan | Feb | Mar | Apr | May | Jun | Jul | Aug | Sep | Oct | Nov | Dec 
2011: Jan | Feb | Mar | Apr | May | Jun | Jul | Aug | Sep | Oct | Nov | Dec 
2010: Jan | Feb | Mar | Apr | May | Jun | Jul | Aug | Sep | Oct | Nov | Dec 
2009: Jan | Feb | Mar | Apr | May | Jun | Jul | Aug | Sep | Oct | Nov | Dec 
2008: Jan | Feb | Mar | Apr | May | Jun | Jul | Aug | Sep | Oct | Nov | Dec 

Report for 2014 10
MONTHLY CLIMATOLOGICAL SUMMARY FOR 10/2014 HEAT COOL MEAN DEG DEG WIND SPEED DOM MEAN MEAN DAY TEMP HIGH TIME LOW TIME DAYS DAYS RAIN AVG HI TIME DIR BAROM HUM --------------------------------------------------------------------------------------- 1 64.9 78.2 2:50pm 56.2 7:33am 3 3 0.00 3 26 3:08am E 29.91 45 2 67.3 79.5 2:41pm 59.0 5:10am 2 4 0.00 2 22 6:33am E 30.06 35 3 70.7 84.0 2:55pm 62.2 6:28am 1 7 0.00 1 18 7:47am ESE 30.10 35 4 72.3 85.0 2:51pm 63.5 7:30am 0 8 0.00 2 13 1:55am E 30.03 33 5 73.6 85.7 2:02pm 66.0 5:38am 0 9 0.00 1 15 8:46am E 29.95 33 6 74.1 86.5 2:29pm 66.9 7:02am 0 9 0.00 2 15 3:50am E 29.91 31 7 72.9 85.6 2:22pm 65.9 7:01am 0 8 0.00 2 14 1:01am E 29.88 36 8 70.4 83.0 1:46pm 61.6 7:24am 1 6 0.00 3 25 2:44pm E 29.89 32 9 67.6 77.5 2:51pm 61.2 7:45am 1 4 0.00 2 18 7:03am ESE 29.92 36 10 66.2 77.4 2:08pm 59.2 7:40am 2 3 0.00 2 13 1:44am E 30.00 43 11 67.1 78.5 2:21pm 59.9 5:05am 2 4 0.00 2 14 5:59am E 30.01 44 12 69.3 83.6 2:19pm 60.2 4:44am 1 6 0.00 2 19 11:54pm E 29.97 27 13 70.9 82.3 2:18pm 63.2 8:01am 0 6 0.00 2 18 3:50am ESE 29.96 30 14 62.8 75.3 11:52am 54.9 11:52pm 4 2 0.01 3 26 11:44am ESE 29.86 53 15 53.5 54.9 12:00am 51.8 8:31pm 12 0 0.49 1 23 7:44am S 29.99 90 16 55.4 63.4 2:13pm 50.1 6:11am 10 0 0.00 2 14 3:44am ESE 30.03 83 17 55.3 63.0 2:37pm 50.9 7:44am 10 0 0.00 2 16 3:00am ESE 30.00 78 18 56.6 66.4 3:44pm 48.6 7:37am 9 0 0.00 2 15 1:48am E 30.00 72 19 60.2 70.8 2:44pm 53.3 7:46am 6 1 0.00 2 20 5:23am ESE 29.94 60 20 55.7 63.4 1:27pm 49.2 11:53pm 9 0 0.24 2 19 2:14am ESE 29.95 76 21 50.4 59.3 3:23pm 43.1 7:54am 15 0 0.01 1 16 7:11am E 30.09 82 22 55.2 64.1 3:56pm 48.2 2:22am 10 0 0.00 2 18 7:16am E 30.10 59 23 57.0 64.0 2:55pm 52.4 6:28am 8 0 0.00 1 14 11:09pm ESE 30.07 63 24 59.4 71.9 2:34pm 51.7 6:41am 7 1 0.00 3 22 11:33pm ESE 29.98 59 25 51.5 58.5 12:26am 48.2 11:47am 14 0 0.93 4 28 7:16am SE 30.05 89 26 50.0 55.7 3:35pm 46.6 7:11am 15 0 0.01 1 13 3:51pm NW 30.14 89 27 50.8 59.5 3:06pm 45.1 5:55am 14 0 0.00 1 16 8:39am ESE 30.08 75 28 54.9 65.5 3:46pm 47.1 4:51am 10 0 0.00 0 13 7:22am E 30.14 63 29 61.2 71.3 3:10pm 54.4 3:30am 5 1 0.00 2 15 12:19am E 30.12 64 30 61.0 70.7 1:53pm 56.0 8:17am 5 1 0.00 2 20 4:21am ESE 29.96 56 31 52.0 57.1 11:31am 46.6 11:17pm 13 0 0.71 2 18 7:57am ESE 29.84 83 --------------------------------------------------------------------------------------- TOT 61.6 86.5 10/6/14 43.1 10/21/14 187 82 2.41 2 27 10/25/14 ESE 30.00 57 HEAT BASE: 65.0 COOL BASE: 65.0
powered by Cumulus v1.9.3 (1059)
Ambient Weather VWS v14.00
Top Contact Website Map Copyright © 2007 - noaa Foresthillweather.com Never base important decisions on this or any weather information obtained from the Internet