NOAA-reports For Foresthill Weather.com
2018: Jan | Feb | Mar | Apr | May | Jun | Jul | Aug | Sep | Oct | Nov | Dec 
2017: Jan | Feb | Mar | Apr | May | Jun | Jul | Aug | Sep | Oct | Nov | Dec 
2016: Jan | Feb | Mar | Apr | May | Jun | Jul | Aug | Sep | Oct | Nov | Dec 
2015: Jan | Feb | Mar | Apr | May | Jun | Jul | Aug | Sep | Oct | Nov | Dec 
2014: Jan | Feb | Mar | Apr | May | Jun | Jul | Aug | Sep | Oct | Nov | Dec 
2013: Jan | Feb | Mar | Apr | May | Jun | Jul | Aug | Sep | Oct | Nov | Dec 
2012: Jan | Feb | Mar | Apr | May | Jun | Jul | Aug | Sep | Oct | Nov | Dec 
2011: Jan | Feb | Mar | Apr | May | Jun | Jul | Aug | Sep | Oct | Nov | Dec 
2010: Jan | Feb | Mar | Apr | May | Jun | Jul | Aug | Sep | Oct | Nov | Dec 
2009: Jan | Feb | Mar | Apr | May | Jun | Jul | Aug | Sep | Oct | Nov | Dec 
2008: Jan | Feb | Mar | Apr | May | Jun | Jul | Aug | Sep | Oct | Nov | Dec 

Report for 2014 12
MONTHLY CLIMATOLOGICAL SUMMARY FOR 12/2014 HEAT COOL MEAN DEG DEG WIND SPEED DOM MEAN MEAN DAY TEMP HIGH TIME LOW TIME DAYS DAYS RAIN AVG HI TIME DIR BAROM HUM --------------------------------------------------------------------------------------- 1 49.8 54.3 2:02pm 46.7 11:51pm 15 0 0.05 2 17 3:51am SE 30.16 94 2 48.1 52.8 8:52pm 45.6 7:07am 17 0 0.87 4 28 6:02pm E 29.89 93 3 50.8 52.6 12:00am 48.9 7:39am 14 0 4.45 10 41 11:11am SSE 29.86 95 4 51.1 53.3 3:34pm 48.6 11:34pm 14 0 0.66 3 22 10:00am SSE 30.01 95 5 50.3 53.8 3:20pm 47.6 3:30am 15 0 0.36 3 25 9:31pm SSE 30.11 96 6 51.4 54.8 3:38pm 48.5 11:55pm 14 0 0.13 3 23 1:11am SSE 30.25 96 7 48.7 54.8 2:05pm 44.8 7:02am 16 0 0.00 2 19 1:19am ESE 30.26 96 8 48.9 55.1 3:00pm 45.1 5:16am 16 0 0.00 2 23 6:12am ESE 30.24 87 9 50.2 55.9 11:42am 45.9 2:04am 15 0 0.00 1 17 2:28am E 30.21 85 10 50.9 55.8 11:58pm 45.9 6:05am 14 0 0.00 5 31 11:28pm SSE 29.99 78 11 48.6 56.9 5:05am 39.7 7:38pm 16 0 3.08 9 45 11:47am S 29.67 80 12 40.1 42.3 1:28pm 36.7 7:28am 25 0 1.08 2 18 1:54am SE 29.93 95 13 39.9 43.1 2:18pm 37.1 7:12am 25 0 0.00 0 8 10:16pm E 30.24 95 14 39.3 43.4 3:49pm 35.3 3:43am 26 0 0.00 1 18 5:21am ESE 30.17 93 15 40.3 41.7 1:05pm 38.9 8:49am 25 0 0.48 7 33 6:40am SE 30.04 94 16 43.4 46.0 2:03pm 40.7 11:52pm 22 0 0.32 7 34 10:13pm SSE 29.99 95 17 41.0 42.7 1:19pm 39.7 10:18pm 24 0 0.58 3 19 7:49am SE 30.09 95 18 41.6 45.3 3:36pm 38.7 6:28am 23 0 0.00 1 16 8:51pm ESE 30.24 95 19 43.2 44.9 11:14pm 41.9 12:00am 22 0 0.83 6 25 9:13am SE 30.23 95 20 46.0 47.4 2:17pm 44.8 12:00am 19 0 0.19 2 16 8:51am SE 30.27 96 21 50.1 53.8 3:51pm 46.0 12:00am 15 0 0.10 1 15 12:01am SE 30.33 96 22 49.6 56.9 2:37pm 43.9 7:52am 15 0 0.00 1 12 10:23am ESE 30.27 96 23 49.6 55.9 3:03pm 45.2 7:42am 15 0 0.00 1 19 10:23pm E 30.23 89 24 43.9 48.1 10:39am 33.8 11:57pm 21 0 0.52 5 28 12:01pm SE 30.04 92 25 35.5 43.3 2:05pm 30.6 6:11am 30 0 0.00 2 19 12:38pm N 30.14 82 26 37.4 45.8 2:47pm 31.6 8:01am 28 0 0.00 2 22 5:57pm NNE 30.25 64 27 36.6 44.2 2:10pm 31.0 5:25am 28 0 0.00 1 15 2:41am ESE 30.42 76 28 39.1 46.6 2:11pm 34.5 6:42am 26 0 0.00 1 14 8:48pm E 30.37 74 29 36.4 41.9 12:44pm 33.0 7:42am 29 0 0.00 1 16 2:31am ESE 30.23 85 30 33.8 38.9 1:03pm 29.0 11:10pm 31 0 0.00 6 45 10:38am ENE 30.25 60 31 36.0 46.9 2:08pm 28.9 5:02am 29 0 0.00 3 23 8:58pm E 30.25 38 --------------------------------------------------------------------------------------- TOT 44.2 56.9 12/11/14 28.9 12/31/14 643 0 13.70 3 45 12/11/14 SSE 30.15 87 HEAT BASE: 65.0 COOL BASE: 65.0
powered by Cumulus v1.9.3 (1059)
Ambient Weather VWS v14.00
Top Contact Website Map Copyright © 2007 - noaa Foresthillweather.com Never base important decisions on this or any weather information obtained from the Internet