2024: Jan | Feb | Mar | Apr | May | Jun | Jul | Aug | Sep | Oct | Nov | Dec
2023: Jan | Feb | Mar | Apr | May | Jun | Jul | Aug | Sep | Oct | Nov | Dec
2022: Jan | Feb | Mar | Apr | May | Jun | Jul | Aug | Sep | Oct | Nov | Dec
2021: Jan | Feb | Mar | Apr | May | Jun | Jul | Aug | Sep | Oct | Nov | Dec
2020: Jan | Feb | Mar | Apr | May | Jun | Jul | Aug | Sep | Oct | Nov | Dec
2019: Jan | Feb | Mar | Apr | May | Jun | Jul | Aug | Sep | Oct | Nov | Dec
2018: Jan | Feb | Mar | Apr | May | Jun | Jul | Aug | Sep | Oct | Nov | Dec
2017: Jan | Feb | Mar | Apr | May | Jun | Jul | Aug | Sep | Oct | Nov | Dec
2016: Jan | Feb | Mar | Apr | May | Jun | Jul | Aug | Sep | Oct | Nov | Dec
2015: Jan | Feb | Mar | Apr | May | Jun | Jul | Aug | Sep | Oct | Nov | Dec
2014: Jan | Feb | Mar | Apr | May | Jun | Jul | Aug | Sep | Oct | Nov | Dec
2013: Jan | Feb | Mar | Apr | May | Jun | Jul | Aug | Sep | Oct | Nov | Dec
2012: Jan | Feb | Mar | Apr | May | Jun | Jul | Aug | Sep | Oct | Nov | Dec
2011: Jan | Feb | Mar | Apr | May | Jun | Jul | Aug | Sep | Oct | Nov | Dec
2010: Jan | Feb | Mar | Apr | May | Jun | Jul | Aug | Sep | Oct | Nov | Dec
2009: Jan | Feb | Mar | Apr | May | Jun | Jul | Aug | Sep | Oct | Nov | Dec
2008: Jan | Feb | Mar | Apr | May | Jun | Jul | Aug | Sep | Oct | Nov | Dec
Report for 2015 01
MONTHLY CLIMATOLOGICAL SUMMARY FOR 1/2015
HEAT COOL
MEAN DEG DEG WIND SPEED DOM MEAN MEAN
DAY TEMP HIGH TIME LOW TIME DAYS DAYS RAIN AVG HI TIME DIR BAROM HUM
---------------------------------------------------------------------------------------
1 35.1 40.9 3:06pm 29.7 8:23am 30 0 0.00 0 21 12:16am ESE 30.19 63
2 36.9 46.1 1:31pm 31.1 7:53am 28 0 0.00 1 14 12:52am E 30.24 65
3 39.4 47.2 2:52pm 34.4 7:20am 26 0 0.00 1 16 10:41pm ESE 30.33 64
4 44.4 52.4 2:58pm 38.0 12:33am 21 0 0.00 1 28 8:31am E 30.45 69
5 49.0 56.0 2:16pm 44.3 5:46am 16 0 0.00 2 18 11:57pm E 30.40 72
6 54.4 65.3 2:40pm 48.9 4:43am 11 0 0.00 3 18 12:00am ESE 30.31 61
7 57.2 67.8 1:37pm 52.5 12:20am 8 0 0.00 3 19 4:12am E 30.23 53
8 54.5 62.5 12:29pm 50.4 5:45am 10 0 0.00 3 21 8:03am E 30.10 58
9 53.3 58.0 2:00pm 50.6 4:37am 12 0 0.00 1 14 1:49am ESE 30.04 59
10 51.7 57.3 12:40pm 47.9 11:58pm 13 0 0.00 1 12 11:11pm ESE 30.02 70
11 49.5 55.9 1:25pm 45.4 7:08am 16 0 0.00 1 15 3:22am E 30.11 80
12 47.0 53.5 1:57pm 42.6 7:49am 18 0 0.00 2 15 11:26pm E 30.25 85
13 47.2 56.6 1:03pm 40.6 11:51pm 18 0 0.00 2 21 10:32am E 30.22 70
14 44.7 52.9 1:57pm 38.3 7:36am 20 0 0.00 2 21 11:36pm ESE 30.30 69
15 47.2 55.0 2:37pm 41.4 7:13am 18 0 0.00 2 22 12:02am ESE 30.36 68
16 48.7 54.0 3:12pm 44.9 2:22am 16 0 0.00 2 21 10:55am ESE 30.32 72
17 51.7 58.6 1:52pm 47.9 1:55am 13 0 0.00 1 18 10:30pm ESE 30.30 84
18 52.0 59.4 1:55pm 47.4 7:06am 13 0 0.00 2 12 2:36am ESE 30.32 85
19 50.4 56.8 12:49pm 46.0 8:08am 15 0 0.00 1 12 12:01am E 30.26 86
20 44.8 49.1 2:12pm 42.1 7:51am 20 0 0.00 1 9 3:05am E 30.14 88
21 46.2 54.7 11:40am 39.7 11:49pm 19 0 0.00 1 19 4:41am E 30.18 71
22 47.2 55.4 2:10pm 39.6 12:01am 18 0 0.00 2 18 6:29am E 30.34 60
23 53.3 64.2 1:58pm 45.5 12:41am 12 0 0.00 2 20 6:27pm E 30.37 51
24 60.3 71.3 3:21pm 51.0 2:28am 6 1 0.00 4 38 8:37am E 30.22 33
25 57.6 67.0 2:47pm 51.0 4:45am 8 0 0.00 1 20 12:15am E 30.12 46
26 54.5 63.8 1:57pm 48.5 3:09am 10 0 0.00 3 16 7:29am ESE 30.06 58
27 50.7 54.4 3:16pm 44.5 11:28pm 14 0 0.00 2 21 11:51am ESE 30.21 67
28 48.8 58.7 1:05pm 42.2 5:08am 16 0 0.00 2 13 7:58am ESE 30.27 67
29 51.3 59.9 1:54pm 45.9 5:18am 14 0 0.00 2 18 6:38am E 30.17 65
30 52.9 62.7 2:34pm 47.6 3:40am 12 0 0.00 3 18 6:17pm E 30.01 60
31 51.6 63.4 2:55pm 42.7 7:06am 13 0 0.00 2 22 8:50am E 30.03 43
---------------------------------------------------------------------------------------
TOT 49.5 71.3 1/24/15 29.7 1/1/15 483 1 0.00 2 38 1/24/15 E 30.22 66
HEAT BASE: 65.0
COOL BASE: 65.0