NOAA-reports For Foresthill Weather.com
2018: Jan | Feb | Mar | Apr | May | Jun | Jul | Aug | Sep | Oct | Nov | Dec 
2017: Jan | Feb | Mar | Apr | May | Jun | Jul | Aug | Sep | Oct | Nov | Dec 
2016: Jan | Feb | Mar | Apr | May | Jun | Jul | Aug | Sep | Oct | Nov | Dec 
2015: Jan | Feb | Mar | Apr | May | Jun | Jul | Aug | Sep | Oct | Nov | Dec 
2014: Jan | Feb | Mar | Apr | May | Jun | Jul | Aug | Sep | Oct | Nov | Dec 
2013: Jan | Feb | Mar | Apr | May | Jun | Jul | Aug | Sep | Oct | Nov | Dec 
2012: Jan | Feb | Mar | Apr | May | Jun | Jul | Aug | Sep | Oct | Nov | Dec 
2011: Jan | Feb | Mar | Apr | May | Jun | Jul | Aug | Sep | Oct | Nov | Dec 
2010: Jan | Feb | Mar | Apr | May | Jun | Jul | Aug | Sep | Oct | Nov | Dec 
2009: Jan | Feb | Mar | Apr | May | Jun | Jul | Aug | Sep | Oct | Nov | Dec 
2008: Jan | Feb | Mar | Apr | May | Jun | Jul | Aug | Sep | Oct | Nov | Dec 

Report for 2015 03
MONTHLY CLIMATOLOGICAL SUMMARY FOR 3/2015 HEAT COOL MEAN DEG DEG WIND SPEED DOM MEAN MEAN DAY TEMP HIGH TIME LOW TIME DAYS DAYS RAIN AVG HI TIME DIR BAROM HUM --------------------------------------------------------------------------------------- 1 43.5 54.9 1:44pm 36.0 2:48am 22 0 0.00 1 17 11:50am E 30.01 79 2 41.1 46.6 12:19pm 37.5 11:52pm 24 0 0.21 2 18 3:23am ESE 29.92 85 3 42.5 52.7 2:13pm 34.6 7:05am 23 0 0.00 2 24 11:46pm E 30.07 81 4 46.0 55.8 2:37pm 37.9 7:11am 19 0 0.00 2 29 12:14am E 30.19 65 5 49.2 61.1 1:53pm 40.9 6:46am 16 0 0.00 2 19 6:21am ESE 30.37 67 6 53.2 65.6 1:29pm 44.6 6:42am 12 0 0.00 1 13 1:49am E 30.28 55 7 54.5 65.8 1:49pm 45.6 3:36am 11 0 0.00 1 14 5:42am ESE 30.14 57 8 56.4 67.4 2:36pm 49.1 6:23am 8 0 0.00 2 15 6:05am E 30.09 59 9 58.0 70.8 2:58pm 50.3 4:14am 8 1 0.00 2 13 5:00am E 30.01 51 10 57.3 68.4 2:34pm 50.3 7:20am 8 0 0.00 2 21 2:23am ESE 29.99 55 11 51.1 55.5 12:00am 47.3 7:21am 14 0 0.15 1 22 2:06pm E 30.15 88 12 54.5 67.4 2:36pm 45.4 7:23am 11 0 0.01 2 18 10:33pm E 30.26 76 13 59.0 70.4 2:27pm 49.5 6:46am 7 1 0.00 1 19 8:11am ESE 30.19 60 14 63.3 76.1 2:38pm 56.2 6:20am 4 2 0.00 2 16 6:57am ESE 30.12 50 15 60.8 70.4 2:19pm 54.6 11:14pm 5 1 0.00 4 24 8:17am SE 30.06 52 16 57.0 65.7 2:58pm 51.6 7:30am 8 0 0.00 2 16 3:22am ESE 30.04 60 17 55.5 64.1 3:22pm 49.1 7:56am 9 0 0.00 2 13 1:28am NNW 30.06 71 18 54.6 64.6 2:09pm 45.8 7:21am 10 0 0.00 2 13 1:27pm ESE 30.05 67 19 59.7 71.2 2:52pm 52.1 2:14am 7 1 0.00 3 22 8:22am E 30.07 49 20 57.2 66.3 2:45pm 51.8 7:08am 8 0 0.00 3 18 2:32am ESE 30.11 57 21 55.7 67.4 2:35pm 48.3 8:31am 9 0 0.00 2 19 6:09am ESE 30.15 55 22 52.6 58.1 1:53pm 47.4 11:58pm 12 0 0.07 2 17 3:26pm ESE 30.15 75 23 47.0 52.9 4:53pm 44.1 7:29am 18 0 0.28 1 15 3:16am S 30.27 87 24 48.6 55.6 5:22pm 43.7 7:35am 16 0 0.00 0 13 7:33am N 30.30 83 25 55.1 66.0 4:46pm 45.0 2:18am 10 0 0.00 2 18 8:36am E 30.23 70 26 61.1 74.0 3:32pm 52.0 2:45am 6 2 0.00 2 18 8:20am ESE 30.19 61 27 63.9 77.2 2:36pm 56.4 6:04am 4 3 0.00 2 19 12:59am ESE 30.13 52 28 61.5 74.4 2:41pm 52.2 5:32am 5 2 0.00 2 19 7:12am E 30.12 54 29 62.7 75.2 2:38pm 53.7 7:00am 5 2 0.00 2 22 4:18am E 30.07 49 30 62.7 74.6 1:52pm 56.3 6:17am 4 2 0.00 3 16 7:22am ESE 30.03 55 31 53.7 61.6 1:22pm 44.8 11:24pm 11 0 0.00 2 16 2:45am SE 30.08 57 --------------------------------------------------------------------------------------- TOT 54.8 77.2 3/27/15 34.6 3/3/15 334 18 0.72 2 29 3/4/15 ESE 30.13 64 HEAT BASE: 65.0 COOL BASE: 65.0
powered by Cumulus v1.9.3 (1059)
Ambient Weather VWS v14.00
Top Contact Website Map Copyright © 2007 - noaa Foresthillweather.com Never base important decisions on this or any weather information obtained from the Internet