NOAA-reports For Foresthill Weather.com
2018: Jan | Feb | Mar | Apr | May | Jun | Jul | Aug | Sep | Oct | Nov | Dec 
 2017: Jan | Feb | Mar | Apr | May | Jun | Jul | Aug | Sep | Oct | Nov | Dec 
2016: Jan | Feb | Mar | Apr | May | Jun | Jul | Aug | Sep | Oct | Nov | Dec 
2015: Jan | Feb | Mar | Apr | May | Jun | Jul | Aug | Sep | Oct | Nov | Dec 
2014: Jan | Feb | Mar | Apr | May | Jun | Jul | Aug | Sep | Oct | Nov | Dec 
2013: Jan | Feb | Mar | Apr | May | Jun | Jul | Aug | Sep | Oct | Nov | Dec 
2012: Jan | Feb | Mar | Apr | May | Jun | Jul | Aug | Sep | Oct | Nov | Dec 
2011: Jan | Feb | Mar | Apr | May | Jun | Jul | Aug | Sep | Oct | Nov | Dec 
2010: Jan | Feb | Mar | Apr | May | Jun | Jul | Aug | Sep | Oct | Nov | Dec 
2009: Jan | Feb | Mar | Apr | May | Jun | Jul | Aug | Sep | Oct | Nov | Dec 
2008: Jan | Feb | Mar | Apr | May | Jun | Jul | Aug | Sep | Oct | Nov | Dec 

Report for 2015 05
MONTHLY CLIMATOLOGICAL SUMMARY FOR 5/2015 HEAT COOL MEAN DEG DEG WIND SPEED DOM MEAN MEAN DAY TEMP HIGH TIME LOW TIME DAYS DAYS RAIN AVG HI TIME DIR BAROM HUM --------------------------------------------------------------------------------------- 1 68.6 80.0 1:23pm 61.4 6:52am 1 5 0.00 2 15 7:35am ESE 29.85 41 2 66.7 77.2 1:32pm 59.9 6:41am 2 4 0.00 3 15 4:07am ESE 29.83 45 3 64.1 74.0 2:25pm 57.3 7:10am 3 2 0.00 2 18 12:21am E 29.82 47 4 61.8 70.3 1:39pm 55.0 6:36am 4 1 0.00 2 15 1:43am ESE 29.88 52 5 59.5 67.8 1:35pm 53.4 6:23am 6 0 0.00 2 19 6:33am ESE 29.88 58 6 56.0 63.1 5:48pm 48.1 6:46am 9 0 0.00 2 19 8:52pm ESE 29.81 65 7 47.9 53.7 4:01pm 40.4 8:45am 17 0 0.24 2 28 8:17am E 29.76 77 8 49.7 59.8 4:57pm 40.4 5:49am 15 0 0.00 1 12 3:08pm NNW 29.92 78 9 55.7 65.8 4:43pm 46.7 6:35am 9 0 0.00 1 13 2:21pm E 30.07 74 10 60.6 70.8 1:43pm 53.2 6:04am 6 1 0.00 3 18 4:18am ESE 30.01 65 11 57.9 66.6 12:52pm 49.0 11:57pm 7 0 0.00 4 24 11:41am SE 29.87 58 12 49.0 56.8 5:04pm 42.0 6:20am 16 0 0.00 3 20 5:34am SSE 29.88 69 13 50.0 58.8 1:48pm 43.5 5:51am 15 0 0.00 1 19 12:56pm SSW 29.93 63 14 49.0 58.6 5:02pm 43.8 11:43pm 16 0 0.12 2 20 6:18pm ESE 29.85 72 15 48.8 56.6 4:51pm 43.7 1:04am 16 0 0.00 1 15 3:30pm SSE 29.91 85 16 53.2 60.0 12:21pm 47.0 5:08am 12 0 0.00 2 16 5:20am ESE 29.99 80 17 54.3 60.3 4:35pm 49.9 6:04am 11 0 0.00 3 16 2:20am ESE 30.01 78 18 54.3 62.2 1:15pm 46.1 6:03am 11 0 0.00 2 16 1:55am ESE 30.04 72 19 56.1 64.7 5:06pm 48.8 5:41am 9 0 0.00 2 13 12:33am E 30.03 69 20 56.9 66.9 2:29pm 49.0 6:29am 8 0 0.00 2 15 1:35pm ENE 29.92 69 21 54.8 61.1 1:53pm 50.1 6:25am 10 0 0.00 2 14 4:23pm E 29.91 76 22 54.4 60.1 4:41pm 49.0 6:30am 11 0 0.02 1 12 10:45pm SSW 30.00 82 23 56.0 63.9 3:18pm 51.7 11:57pm 9 0 0.22 1 22 4:44pm SE 30.04 85 24 59.7 69.8 2:41pm 50.0 5:14am 6 1 0.00 1 12 3:09pm E 29.97 78 25 63.3 71.9 1:13pm 56.2 6:22am 4 2 0.00 2 18 5:39am ESE 29.91 67 26 63.5 72.9 3:07pm 56.3 6:02am 4 2 0.00 1 16 4:02am ESE 29.93 64 27 64.8 76.4 1:56pm 56.0 1:18am 3 3 0.00 1 18 3:00am ESE 29.95 57 28 66.9 77.0 12:57pm 58.4 6:00am 2 4 0.00 2 13 3:00am E 29.96 54 29 68.9 80.8 1:17pm 60.9 5:56am 1 5 0.00 2 14 5:51am E 29.92 52 30 71.4 83.9 1:59pm 62.4 6:04am 0 7 0.00 2 18 2:48am ESE 29.89 46 31 67.7 76.8 1:16pm 57.0 11:51pm 1 4 0.00 2 16 12:30am ESE 29.85 46 --------------------------------------------------------------------------------------- TOT 58.4 83.9 5/30/15 40.4 5/7/15 245 42 0.60 2 28 5/7/15 ESE 29.92 65 HEAT BASE: 65.0 COOL BASE: 65.0
powered by Cumulus v1.9.3 (1059)
Ambient Weather VWS v14.00
Top Contact Website Map Copyright © 2007 - noaa Foresthillweather.com Never base important decisions on this or any weather information obtained from the Internet