2024: Jan | Feb | Mar | Apr | May | Jun | Jul | Aug | Sep | Oct | Nov | Dec
2023: Jan | Feb | Mar | Apr | May | Jun | Jul | Aug | Sep | Oct | Nov | Dec
2022: Jan | Feb | Mar | Apr | May | Jun | Jul | Aug | Sep | Oct | Nov | Dec
2021: Jan | Feb | Mar | Apr | May | Jun | Jul | Aug | Sep | Oct | Nov | Dec
2020: Jan | Feb | Mar | Apr | May | Jun | Jul | Aug | Sep | Oct | Nov | Dec
2019: Jan | Feb | Mar | Apr | May | Jun | Jul | Aug | Sep | Oct | Nov | Dec
2018: Jan | Feb | Mar | Apr | May | Jun | Jul | Aug | Sep | Oct | Nov | Dec
2017: Jan | Feb | Mar | Apr | May | Jun | Jul | Aug | Sep | Oct | Nov | Dec
2016: Jan | Feb | Mar | Apr | May | Jun | Jul | Aug | Sep | Oct | Nov | Dec
2015: Jan | Feb | Mar | Apr | May | Jun | Jul | Aug | Sep | Oct | Nov | Dec
2014: Jan | Feb | Mar | Apr | May | Jun | Jul | Aug | Sep | Oct | Nov | Dec
2013: Jan | Feb | Mar | Apr | May | Jun | Jul | Aug | Sep | Oct | Nov | Dec
2012: Jan | Feb | Mar | Apr | May | Jun | Jul | Aug | Sep | Oct | Nov | Dec
2011: Jan | Feb | Mar | Apr | May | Jun | Jul | Aug | Sep | Oct | Nov | Dec
2010: Jan | Feb | Mar | Apr | May | Jun | Jul | Aug | Sep | Oct | Nov | Dec
2009: Jan | Feb | Mar | Apr | May | Jun | Jul | Aug | Sep | Oct | Nov | Dec
2008: Jan | Feb | Mar | Apr | May | Jun | Jul | Aug | Sep | Oct | Nov | Dec
Report for 2015 08
MONTHLY CLIMATOLOGICAL SUMMARY FOR 8/2015
HEAT COOL
MEAN DEG DEG WIND SPEED DOM MEAN MEAN
DAY TEMP HIGH TIME LOW TIME DAYS DAYS RAIN AVG HI TIME DIR BAROM HUM
---------------------------------------------------------------------------------------
1 79.3 87.9 1:04pm 72.4 6:06am 0 14 0.00 2 15 4:09am ESE 29.88 42
2 78.6 88.7 3:17pm 72.0 11:56pm 0 14 0.00 2 16 6:22am ESE 29.85 42
3 75.4 86.2 1:25pm 66.6 11:58pm 0 10 0.00 2 14 2:43pm E 29.85 46
4 67.8 76.6 12:34pm 59.6 11:56pm 1 4 0.00 1 14 3:31pm WSW 29.92 56
5 70.3 84.0 2:50pm 57.8 3:13am 2 7 0.00 1 15 5:31am E 29.98 52
6 72.5 80.9 1:53pm 64.3 6:33am 0 8 0.00 1 14 2:10am E 29.86 42
7 73.1 83.2 3:09pm 64.6 3:56am 0 8 0.00 2 19 8:31am E 29.83 46
8 73.5 84.0 2:46pm 65.8 6:27am 0 8 0.00 2 17 3:28pm ESE 29.87 42
9 75.5 86.3 3:01pm 65.9 6:44am 0 11 0.00 2 18 3:45am ESE 29.88 37
10 74.6 85.5 1:20pm 66.2 11:58pm 0 10 0.00 2 17 1:18pm ESE 29.84 39
11 71.5 82.2 3:15pm 63.1 6:40am 0 7 0.00 2 19 4:16pm ESE 29.87 39
12 71.9 83.2 2:54pm 63.6 2:33am 0 7 0.00 2 20 4:32am ESE 29.99 40
13 72.5 85.0 2:32pm 62.7 5:25am 0 8 0.00 1 16 12:35pm E 29.99 40
14 71.0 85.6 2:07pm 60.4 5:23am 1 7 0.00 1 16 7:30am SE 30.00 42
15 76.5 91.1 1:21pm 65.4 4:52am 0 12 0.00 2 18 6:06am E 29.97 30
16 81.2 97.1 2:35pm 70.7 6:31am 0 16 0.00 2 17 2:24pm E 29.89 20
17 82.6 96.7 1:50pm 71.3 6:33am 0 18 0.00 3 19 7:22am E 29.83 20
18 81.5 93.9 12:59pm 72.3 6:18am 0 17 0.00 2 19 6:21am ESE 29.83 26
19 78.9 92.0 3:03pm 70.4 2:35am 0 14 0.00 2 15 7:11am ESE 29.83 29
20 76.4 86.7 1:21pm 68.9 7:20am 0 11 0.00 2 18 3:39am ESE 29.81 32
21 75.5 88.7 2:02pm 67.6 11:58pm 0 11 0.00 2 19 7:20am E 29.80 34
22 74.7 86.2 2:13pm 66.3 7:01am 0 10 0.00 2 18 4:14pm ESE 29.85 38
23 75.5 87.7 1:36pm 67.1 7:18am 0 11 0.00 3 18 8:13am ESE 29.92 40
24 77.1 89.6 1:47pm 68.3 7:00am 0 12 0.00 2 17 3:25pm ESE 29.95 35
25 78.3 91.4 2:25pm 68.7 7:11am 0 13 0.00 3 18 1:15am ESE 29.93 27
26 78.2 92.8 2:48pm 68.1 6:33am 0 13 0.00 2 19 7:21am ESE 29.97 29
27 79.7 92.7 2:01pm 70.4 7:00am 0 15 0.00 3 18 3:28am E 29.99 28
28 80.5 92.6 1:36pm 72.4 7:13am 0 15 0.00 4 23 1:12am ESE 29.88 32
29 70.1 79.6 2:43pm 62.1 11:59pm 0 5 0.00 3 22 2:39pm S 29.91 54
30 67.1 79.1 2:53pm 57.5 7:33am 2 4 0.00 1 13 3:24pm W 29.97 48
31 70.5 84.5 2:38pm 59.1 6:25am 2 7 0.00 1 14 2:18pm WSW 29.90 33
---------------------------------------------------------------------------------------
TOT 75.2 97.1 8/16/15 57.5 8/30/15 9 326 0.00 2 23 8/28/15 ESE 29.90 37
HEAT BASE: 65.0
COOL BASE: 65.0