2024: Jan | Feb | Mar | Apr | May | Jun | Jul | Aug | Sep | Oct | Nov | Dec
2023: Jan | Feb | Mar | Apr | May | Jun | Jul | Aug | Sep | Oct | Nov | Dec
2022: Jan | Feb | Mar | Apr | May | Jun | Jul | Aug | Sep | Oct | Nov | Dec
2021: Jan | Feb | Mar | Apr | May | Jun | Jul | Aug | Sep | Oct | Nov | Dec
2020: Jan | Feb | Mar | Apr | May | Jun | Jul | Aug | Sep | Oct | Nov | Dec
2019: Jan | Feb | Mar | Apr | May | Jun | Jul | Aug | Sep | Oct | Nov | Dec
2018: Jan | Feb | Mar | Apr | May | Jun | Jul | Aug | Sep | Oct | Nov | Dec
2017: Jan | Feb | Mar | Apr | May | Jun | Jul | Aug | Sep | Oct | Nov | Dec
2016: Jan | Feb | Mar | Apr | May | Jun | Jul | Aug | Sep | Oct | Nov | Dec
2015: Jan | Feb | Mar | Apr | May | Jun | Jul | Aug | Sep | Oct | Nov | Dec
2014: Jan | Feb | Mar | Apr | May | Jun | Jul | Aug | Sep | Oct | Nov | Dec
2013: Jan | Feb | Mar | Apr | May | Jun | Jul | Aug | Sep | Oct | Nov | Dec
2012: Jan | Feb | Mar | Apr | May | Jun | Jul | Aug | Sep | Oct | Nov | Dec
2011: Jan | Feb | Mar | Apr | May | Jun | Jul | Aug | Sep | Oct | Nov | Dec
2010: Jan | Feb | Mar | Apr | May | Jun | Jul | Aug | Sep | Oct | Nov | Dec
2009: Jan | Feb | Mar | Apr | May | Jun | Jul | Aug | Sep | Oct | Nov | Dec
2008: Jan | Feb | Mar | Apr | May | Jun | Jul | Aug | Sep | Oct | Nov | Dec
Report for 2015 09
MONTHLY CLIMATOLOGICAL SUMMARY FOR 9/2015
HEAT COOL
MEAN DEG DEG WIND SPEED DOM MEAN MEAN
DAY TEMP HIGH TIME LOW TIME DAYS DAYS RAIN AVG HI TIME DIR BAROM HUM
---------------------------------------------------------------------------------------
1 72.7 85.2 1:07pm 64.4 5:45am 0 8 0.00 3 17 3:26pm ESE 29.85 35
2 70.3 82.5 1:58pm 62.6 6:56am 0 6 0.00 3 21 1:01pm ESE 29.85 42
3 64.8 73.7 1:18pm 57.2 7:06am 3 2 0.00 3 21 1:06pm SE 29.83 53
4 63.0 74.4 2:01pm 55.9 7:19am 4 2 0.00 2 23 2:40pm ESE 29.83 45
5 62.5 74.0 2:49pm 53.0 6:25am 5 2 0.00 2 18 1:23am ESE 29.95 33
6 68.2 81.6 2:41pm 59.1 2:09am 2 5 0.00 2 16 12:50pm ESE 29.97 29
7 72.6 87.5 2:19pm 62.5 6:56am 1 8 0.00 2 18 2:33am E 29.94 22
8 77.6 92.1 1:47pm 65.9 4:03am 0 13 0.00 2 16 1:16pm ESE 29.89 20
9 82.6 95.9 1:47pm 73.6 3:47am 0 18 0.00 3 20 4:08am E 29.86 22
10 82.4 95.4 1:41pm 74.6 6:57am 0 17 0.00 3 16 1:59pm E 29.85 25
11 81.7 94.6 2:59pm 73.5 5:03am 0 17 0.00 2 15 6:24am E 29.88 26
12 79.3 89.1 12:52pm 73.4 11:44pm 0 14 0.00 2 15 6:28am E 29.86 29
13 77.4 87.8 1:18pm 70.1 6:40am 0 12 0.00 2 22 1:18am ESE 29.78 32
14 69.3 76.0 12:43pm 59.5 11:57pm 1 5 0.03 3 26 12:42pm ESE 29.69 50
15 58.9 64.2 3:08pm 55.3 11:39pm 6 0 0.00 3 18 1:00pm S 29.82 72
16 53.4 60.4 2:23pm 47.7 7:11am 12 0 0.05 2 21 5:03am SSE 30.01 71
17 58.5 69.4 3:05pm 49.1 6:42am 7 1 0.01 2 13 3:04pm NW 30.06 73
18 64.8 78.5 3:17pm 54.6 4:03am 4 4 0.00 2 15 2:08pm E 29.96 52
19 71.2 85.1 3:13pm 60.5 5:26am 1 8 0.00 2 15 7:23am E 29.89 36
20 76.5 90.8 2:45pm 66.9 7:13am 0 12 0.00 3 22 2:33am ESE 29.89 23
21 77.3 90.8 1:52pm 67.6 6:31am 0 12 0.00 3 20 8:36am ESE 29.79 21
22 74.0 85.9 2:17pm 66.7 10:32pm 0 9 0.00 4 22 6:29am ESE 29.82 26
23 71.9 85.6 2:22pm 63.2 5:41am 0 7 0.00 2 19 5:59am ESE 29.94 29
24 74.5 87.9 3:17pm 65.7 4:28am 0 9 0.00 2 16 5:35am E 29.94 23
25 76.9 88.4 2:43pm 69.4 7:13am 0 12 0.00 2 15 7:44am ESE 29.89 24
26 74.3 85.0 1:40pm 65.6 7:11am 0 9 0.00 2 15 1:10pm ESE 29.86 33
27 73.8 84.3 3:11pm 67.8 6:17am 0 9 0.00 2 18 4:34am E 29.81 36
28 72.8 85.3 2:49pm 65.7 7:42am 0 8 0.00 3 19 4:42am ESE 29.85 38
29 67.8 77.6 2:28pm 62.7 6:53am 1 3 0.00 1 14 2:10pm ESE 29.91 39
30 63.1 66.9 12:06pm 60.9 5:30pm 2 0 0.02 1 16 12:57pm ESE 29.95 54
---------------------------------------------------------------------------------------
TOT 71.1 95.9 9/9/15 47.7 9/16/15 49 233 0.12 2 26 9/14/15 ESE 29.88 37
HEAT BASE: 65.0
COOL BASE: 65.0