2024: Jan | Feb | Mar | Apr | May | Jun | Jul | Aug | Sep | Oct | Nov | Dec
2023: Jan | Feb | Mar | Apr | May | Jun | Jul | Aug | Sep | Oct | Nov | Dec
2022: Jan | Feb | Mar | Apr | May | Jun | Jul | Aug | Sep | Oct | Nov | Dec
2021: Jan | Feb | Mar | Apr | May | Jun | Jul | Aug | Sep | Oct | Nov | Dec
2020: Jan | Feb | Mar | Apr | May | Jun | Jul | Aug | Sep | Oct | Nov | Dec
2019: Jan | Feb | Mar | Apr | May | Jun | Jul | Aug | Sep | Oct | Nov | Dec
2018: Jan | Feb | Mar | Apr | May | Jun | Jul | Aug | Sep | Oct | Nov | Dec
2017: Jan | Feb | Mar | Apr | May | Jun | Jul | Aug | Sep | Oct | Nov | Dec
2016: Jan | Feb | Mar | Apr | May | Jun | Jul | Aug | Sep | Oct | Nov | Dec
2015: Jan | Feb | Mar | Apr | May | Jun | Jul | Aug | Sep | Oct | Nov | Dec
2014: Jan | Feb | Mar | Apr | May | Jun | Jul | Aug | Sep | Oct | Nov | Dec
2013: Jan | Feb | Mar | Apr | May | Jun | Jul | Aug | Sep | Oct | Nov | Dec
2012: Jan | Feb | Mar | Apr | May | Jun | Jul | Aug | Sep | Oct | Nov | Dec
2011: Jan | Feb | Mar | Apr | May | Jun | Jul | Aug | Sep | Oct | Nov | Dec
2010: Jan | Feb | Mar | Apr | May | Jun | Jul | Aug | Sep | Oct | Nov | Dec
2009: Jan | Feb | Mar | Apr | May | Jun | Jul | Aug | Sep | Oct | Nov | Dec
2008: Jan | Feb | Mar | Apr | May | Jun | Jul | Aug | Sep | Oct | Nov | Dec
Report for 2015 10
MONTHLY CLIMATOLOGICAL SUMMARY FOR 10/2015
HEAT COOL
MEAN DEG DEG WIND SPEED DOM MEAN MEAN
DAY TEMP HIGH TIME LOW TIME DAYS DAYS RAIN AVG HI TIME DIR BAROM HUM
---------------------------------------------------------------------------------------
1 58.3 64.3 12:30am 55.3 11:52pm 7 0 0.48 2 23 6:43am ESE 29.99 88
2 61.5 74.8 4:17pm 50.6 7:24am 6 2 0.00 2 19 5:51pm NW 30.00 72
3 64.3 74.3 2:33pm 58.4 5:40am 3 2 0.01 3 35 11:52pm E 29.61 52
4 65.1 76.8 2:38pm 58.6 11:58pm 2 2 0.00 2 44 12:19am E 29.59 53
5 60.8 70.8 3:17pm 52.6 6:59am 5 1 0.00 1 12 3:13pm WNW 29.86 63
6 62.7 73.1 2:35pm 55.8 7:21am 4 2 0.00 2 15 4:45am ESE 30.08 65
7 64.8 75.3 2:28pm 56.4 7:36am 3 3 0.00 1 13 1:47am WNW 30.13 65
8 69.1 78.5 1:41pm 62.0 5:18am 1 5 0.00 1 18 1:47am E 30.11 56
9 71.4 82.2 2:37pm 63.8 7:38am 0 7 0.00 1 15 9:25am E 30.05 47
10 71.1 83.2 2:19pm 63.9 6:35am 0 6 0.00 2 22 12:54pm ESE 29.99 45
11 71.1 83.4 1:56pm 62.9 7:26am 0 6 0.00 3 18 1:55am ESE 29.98 44
12 73.7 85.5 2:36pm 66.1 7:24am 0 9 0.00 2 19 2:48am E 29.99 39
13 75.5 87.2 2:30pm 68.4 7:41am 0 10 0.00 3 18 4:55am E 30.01 32
14 73.5 83.3 3:25pm 66.8 6:20am 0 9 0.00 2 13 7:51am E 29.97 35
15 71.1 79.3 3:55pm 64.5 6:52am 0 6 0.00 2 18 7:01am ESE 29.92 43
16 68.8 77.9 2:25pm 62.0 7:48am 1 4 0.00 1 13 8:40am ESE 29.91 52
17 59.0 66.2 12:00am 53.7 10:32pm 6 0 0.55 1 22 8:43am ESE 29.92 86
18 55.1 61.0 3:35pm 51.5 8:39am 10 0 0.00 1 12 12:41pm S 29.98 87
19 54.2 63.0 3:00pm 47.5 7:38am 11 0 0.00 2 15 3:21pm E 30.03 79
20 60.4 71.6 2:20pm 50.8 2:15am 6 1 0.00 3 26 9:13am E 30.00 57
21 62.6 73.7 1:44pm 55.5 7:58am 4 2 0.00 2 21 9:15am E 29.97 48
22 61.9 70.9 2:20pm 56.5 5:06am 4 1 0.00 3 25 11:26pm ESE 29.98 51
23 63.1 71.8 2:11pm 57.1 8:17am 3 2 0.00 1 18 12:04am ESE 30.03 43
24 62.6 72.0 2:44pm 57.1 7:32am 4 1 0.00 3 18 5:08am ESE 30.02 42
25 61.7 70.9 2:57pm 57.2 4:12am 4 1 0.00 2 22 8:20am ESE 29.99 42
26 61.5 71.8 2:39pm 55.1 7:59am 5 1 0.00 2 18 7:03am E 30.02 42
27 61.3 67.7 4:10pm 57.3 4:35am 4 0 0.00 2 21 4:53am ESE 30.02 39
28 55.0 59.0 12:00am 49.4 11:55pm 10 0 0.08 1 22 3:04am SE 30.03 78
29 55.9 69.6 2:33pm 47.5 7:23am 10 0 0.00 2 19 1:26pm NW 30.02 57
30 61.6 74.9 2:29pm 52.6 6:10am 5 2 0.00 2 14 4:19am E 30.06 36
31 64.4 73.9 2:54pm 57.8 8:04am 3 2 0.00 3 15 2:53am ESE 30.10 48
---------------------------------------------------------------------------------------
TOT 64.0 87.2 10/13/15 47.5 10/19/15 122 90 1.12 2 44 10/4/15 ESE 29.98 54
HEAT BASE: 65.0
COOL BASE: 65.0