NOAA-reports For Foresthill Weather.com
2018: Jan | Feb | Mar | Apr | May | Jun | Jul | Aug | Sep | Oct | Nov | Dec 
2017: Jan | Feb | Mar | Apr | May | Jun | Jul | Aug | Sep | Oct | Nov | Dec 
2016: Jan | Feb | Mar | Apr | May | Jun | Jul | Aug | Sep | Oct | Nov | Dec 
2015: Jan | Feb | Mar | Apr | May | Jun | Jul | Aug | Sep | Oct | Nov | Dec 
2014: Jan | Feb | Mar | Apr | May | Jun | Jul | Aug | Sep | Oct | Nov | Dec 
2013: Jan | Feb | Mar | Apr | May | Jun | Jul | Aug | Sep | Oct | Nov | Dec 
2012: Jan | Feb | Mar | Apr | May | Jun | Jul | Aug | Sep | Oct | Nov | Dec 
2011: Jan | Feb | Mar | Apr | May | Jun | Jul | Aug | Sep | Oct | Nov | Dec 
2010: Jan | Feb | Mar | Apr | May | Jun | Jul | Aug | Sep | Oct | Nov | Dec 
2009: Jan | Feb | Mar | Apr | May | Jun | Jul | Aug | Sep | Oct | Nov | Dec 
2008: Jan | Feb | Mar | Apr | May | Jun | Jul | Aug | Sep | Oct | Nov | Dec 

Report for 2015 11
MONTHLY CLIMATOLOGICAL SUMMARY FOR 11/2015 HEAT COOL MEAN DEG DEG WIND SPEED DOM MEAN MEAN DAY TEMP HIGH TIME LOW TIME DAYS DAYS RAIN AVG HI TIME DIR BAROM HUM --------------------------------------------------------------------------------------- 1 56.0 60.9 12:00am 50.6 11:59pm 9 0 0.91 3 21 1:47pm SE 30.07 79 2 46.1 50.6 12:00am 43.5 11:58pm 19 0 0.68 2 19 2:28am NW 29.82 93 3 43.0 48.7 3:06pm 38.6 11:57pm 22 0 0.00 1 18 11:58pm WNW 29.93 89 4 43.1 51.7 1:36pm 37.2 4:09am 22 0 0.00 2 24 6:00am ENE 30.09 64 5 44.0 52.1 1:42pm 38.5 7:09am 21 0 0.00 2 15 3:29am ESE 30.30 61 6 47.6 56.6 1:58pm 40.9 1:20am 17 0 0.00 2 13 5:41am E 30.30 61 7 49.9 59.9 1:29pm 43.4 5:11am 15 0 0.00 3 20 5:49am ESE 30.18 63 8 45.4 50.6 10:10am 42.6 7:05pm 20 0 0.41 5 28 3:22pm SE 30.03 79 9 40.1 43.6 12:00am 34.6 11:56pm 25 0 0.76 5 28 11:55am SE 30.00 93 10 39.4 44.8 3:55pm 34.2 12:27am 26 0 0.19 2 18 1:38am ESE 30.27 93 11 40.9 49.8 2:01pm 34.8 6:30am 24 0 0.00 1 16 3:10am ESE 30.43 80 12 45.0 55.1 2:23pm 37.4 7:08am 20 0 0.00 1 11 4:22am E 30.28 71 13 49.7 59.0 1:44pm 43.1 1:12am 15 0 0.00 2 14 9:18pm E 30.15 62 14 51.5 62.1 1:09pm 45.9 5:46am 14 0 0.00 3 19 5:56am ESE 29.97 61 15 41.4 47.2 12:00am 35.0 11:45pm 24 0 0.85 4 35 2:09pm SE 29.86 89 16 36.5 45.1 2:40pm 30.6 7:19am 28 0 0.01 2 17 12:13pm N 30.28 77 17 44.7 53.4 1:57pm 36.4 12:37am 20 0 0.00 1 10 11:08am NW 30.38 73 18 48.3 57.1 2:10pm 41.1 3:36am 17 0 0.00 2 13 10:42am E 30.26 79 19 52.5 62.1 2:01pm 45.4 6:16am 13 0 0.00 2 17 7:35pm E 30.20 70 20 54.5 63.1 2:59pm 47.7 7:04am 10 0 0.00 2 22 6:13pm E 30.13 68 21 55.5 64.3 1:56pm 50.4 8:03am 9 0 0.00 1 18 11:21pm E 30.12 60 22 56.1 66.1 1:28pm 50.8 7:16am 9 0 0.00 1 18 12:02am ESE 30.04 57 23 52.1 59.3 1:43pm 47.2 9:13pm 13 0 0.00 2 15 12:53pm ESE 29.93 64 24 41.3 47.2 12:00am 34.9 8:37pm 24 0 0.82 6 31 11:43am SSE 29.88 90 25 34.2 36.2 12:09am 31.0 11:55pm 31 0 0.08 1 15 9:54pm ESE 29.99 93 26 33.8 41.5 2:39pm 28.9 6:24am 31 0 0.00 1 19 5:28pm E 30.15 84 27 38.2 45.6 2:01pm 33.2 12:00am 27 0 0.00 5 32 7:22pm E 30.19 56 28 36.6 43.6 1:24pm 32.8 3:39am 28 0 0.00 2 21 5:27am E 30.22 54 29 38.1 46.9 2:00pm 32.9 6:45am 27 0 0.00 2 20 3:03am E 30.27 56 30 39.2 44.9 1:06pm 34.3 7:06am 26 0 0.00 1 20 3:25am E 30.29 62 --------------------------------------------------------------------------------------- TOT 44.8 66.1 11/22/15 28.9 11/26/15 606 0 4.71 2 35 11/15/15 ESE 30.13 73 HEAT BASE: 65.0 COOL BASE: 65.0
powered by Cumulus v1.9.3 (1059)
Ambient Weather VWS v14.00
Top Contact Website Map Copyright © 2007 - noaa Foresthillweather.com Never base important decisions on this or any weather information obtained from the Internet