2024: Jan | Feb | Mar | Apr | May | Jun | Jul | Aug | Sep | Oct | Nov | Dec
2023: Jan | Feb | Mar | Apr | May | Jun | Jul | Aug | Sep | Oct | Nov | Dec
2022: Jan | Feb | Mar | Apr | May | Jun | Jul | Aug | Sep | Oct | Nov | Dec
2021: Jan | Feb | Mar | Apr | May | Jun | Jul | Aug | Sep | Oct | Nov | Dec
2020: Jan | Feb | Mar | Apr | May | Jun | Jul | Aug | Sep | Oct | Nov | Dec
2019: Jan | Feb | Mar | Apr | May | Jun | Jul | Aug | Sep | Oct | Nov | Dec
2018: Jan | Feb | Mar | Apr | May | Jun | Jul | Aug | Sep | Oct | Nov | Dec
2017: Jan | Feb | Mar | Apr | May | Jun | Jul | Aug | Sep | Oct | Nov | Dec
2016: Jan | Feb | Mar | Apr | May | Jun | Jul | Aug | Sep | Oct | Nov | Dec
2015: Jan | Feb | Mar | Apr | May | Jun | Jul | Aug | Sep | Oct | Nov | Dec
2014: Jan | Feb | Mar | Apr | May | Jun | Jul | Aug | Sep | Oct | Nov | Dec
2013: Jan | Feb | Mar | Apr | May | Jun | Jul | Aug | Sep | Oct | Nov | Dec
2012: Jan | Feb | Mar | Apr | May | Jun | Jul | Aug | Sep | Oct | Nov | Dec
2011: Jan | Feb | Mar | Apr | May | Jun | Jul | Aug | Sep | Oct | Nov | Dec
2010: Jan | Feb | Mar | Apr | May | Jun | Jul | Aug | Sep | Oct | Nov | Dec
2009: Jan | Feb | Mar | Apr | May | Jun | Jul | Aug | Sep | Oct | Nov | Dec
2008: Jan | Feb | Mar | Apr | May | Jun | Jul | Aug | Sep | Oct | Nov | Dec
Report for 2015 12
MONTHLY CLIMATOLOGICAL SUMMARY FOR 12/2015
HEAT COOL
MEAN DEG DEG WIND SPEED DOM MEAN MEAN
DAY TEMP HIGH TIME LOW TIME DAYS DAYS RAIN AVG HI TIME DIR BAROM HUM
---------------------------------------------------------------------------------------
1 43.3 51.5 2:02pm 37.8 2:09am 21 0 0.00 2 15 6:26pm E 30.29 65
2 49.1 56.6 1:41pm 42.1 12:00am 16 0 0.00 2 15 8:24am ESE 30.24 69
3 47.9 59.0 11:09am 40.9 5:23pm 17 0 0.94 9 41 2:01pm SE 30.05 67
4 42.1 46.3 3:12pm 39.5 11:59pm 23 0 0.01 2 18 8:39pm E 30.27 91
5 42.9 48.6 3:21pm 38.2 6:46am 22 0 0.00 4 23 3:48am ESE 30.34 71
6 45.4 48.5 3:04pm 41.3 8:34am 20 0 0.29 3 25 7:35am SE 30.37 82
7 48.9 53.5 1:23pm 45.0 2:32am 16 0 0.00 2 15 7:05am ESE 30.35 82
8 50.3 56.4 2:36pm 46.7 11:54pm 15 0 0.00 2 14 12:49am ESE 30.26 81
9 48.8 52.8 1:33pm 45.2 2:32am 16 0 0.09 3 18 3:48pm SE 30.15 87
10 45.3 49.6 12:00am 38.0 7:23pm 20 0 1.53 8 36 6:18am S 29.89 94
11 38.3 41.2 12:00am 35.0 11:57pm 27 0 0.80 1 20 1:21am SSW 29.94 94
12 38.2 43.5 2:35pm 32.1 7:30am 27 0 0.00 1 17 10:40pm ESE 30.20 93
13 38.6 42.2 10:55am 31.9 11:25pm 26 0 0.83 7 41 8:26am SSE 30.00 93
14 33.0 40.2 2:09pm 29.2 11:26pm 32 0 0.01 1 14 5:55pm N 30.15 85
15 34.3 43.2 2:16pm 28.7 1:31am 31 0 0.00 2 19 1:59am E 30.24 68
16 35.2 41.9 2:57pm 30.3 7:20am 30 0 0.00 1 13 12:28am ESE 30.32 74
17 40.4 47.1 3:33pm 35.6 12:02am 25 0 0.00 1 14 2:14am ESE 30.32 80
18 41.3 49.8 1:08pm 35.3 7:01am 24 0 0.17 4 32 10:52pm ESE 30.13 80
19 39.1 41.5 1:30pm 34.4 11:56pm 26 0 0.42 3 24 1:47am SSE 30.04 93
20 35.3 40.4 11:38pm 32.3 6:45am 30 0 0.23 5 26 4:46pm SE 30.25 94
21 43.9 46.3 7:20pm 40.4 12:00am 21 0 4.18 9 28 10:42am S 30.08 95
22 47.7 49.7 12:33pm 44.2 11:53pm 17 0 1.07 6 26 12:58am SSW 29.80 95
23 38.1 44.2 12:00am 32.3 11:49pm 27 0 0.21 1 19 2:04am S 29.97 93
24 34.2 36.1 8:58am 31.9 11:54pm 31 0 0.63 4 23 6:06am S 29.99 94
25 31.9 34.8 3:12pm 28.6 11:50pm 33 0 0.00 1 13 10:42pm SSE 30.28 94
26 32.8 41.6 2:15pm 27.6 6:41am 32 0 0.00 1 26 7:28am E 30.47 80
27 33.2 37.7 2:55pm 29.2 4:47am 32 0 0.00 1 20 5:56am ESE 30.31 81
28 33.0 35.9 3:04pm 31.3 8:51am 32 0 0.06 1 11 5:01am NNE 30.09 91
29 33.7 39.6 2:29pm 30.5 8:17am 31 0 0.00 1 19 5:33am E 30.17 84
30 34.3 40.6 2:39pm 30.6 1:14am 31 0 0.00 2 19 1:55am ESE 30.31 84
31 34.9 41.5 2:24pm 29.8 7:27am 30 0 0.00 3 25 10:23pm ESE 30.28 72
---------------------------------------------------------------------------------------
TOT 39.8 59.0 12/3/15 27.6 12/26/15 779 0 11.49 3 41 12/3/15 ESE 30.18 84
HEAT BASE: 65.0
COOL BASE: 65.0