NOAA-reports For Foresthill Weather.com
2018: Jan | Feb | Mar | Apr | May | Jun | Jul | Aug | Sep | Oct | Nov | Dec 
 2017: Jan | Feb | Mar | Apr | May | Jun | Jul | Aug | Sep | Oct | Nov | Dec 
2016: Jan | Feb | Mar | Apr | May | Jun | Jul | Aug | Sep | Oct | Nov | Dec 
2015: Jan | Feb | Mar | Apr | May | Jun | Jul | Aug | Sep | Oct | Nov | Dec 
2014: Jan | Feb | Mar | Apr | May | Jun | Jul | Aug | Sep | Oct | Nov | Dec 
2013: Jan | Feb | Mar | Apr | May | Jun | Jul | Aug | Sep | Oct | Nov | Dec 
2012: Jan | Feb | Mar | Apr | May | Jun | Jul | Aug | Sep | Oct | Nov | Dec 
2011: Jan | Feb | Mar | Apr | May | Jun | Jul | Aug | Sep | Oct | Nov | Dec 
2010: Jan | Feb | Mar | Apr | May | Jun | Jul | Aug | Sep | Oct | Nov | Dec 
2009: Jan | Feb | Mar | Apr | May | Jun | Jul | Aug | Sep | Oct | Nov | Dec 
2008: Jan | Feb | Mar | Apr | May | Jun | Jul | Aug | Sep | Oct | Nov | Dec 

Report for 2016 01
MONTHLY CLIMATOLOGICAL SUMMARY FOR 1/2016 HEAT COOL MEAN DEG DEG WIND SPEED DOM MEAN MEAN DAY TEMP HIGH TIME LOW TIME DAYS DAYS RAIN AVG HI TIME DIR BAROM HUM --------------------------------------------------------------------------------------- 1 35.1 41.8 1:03pm 31.4 10:01pm 30 0 0.00 3 24 12:00am E 30.21 67 2 38.4 45.3 2:31pm 31.3 2:06am 27 0 0.00 1 18 3:54am ESE 30.15 66 3 44.5 50.5 1:44pm 41.1 2:00am 21 0 0.00 1 19 4:56am ESE 29.97 62 4 43.4 47.4 11:36am 41.3 3:09am 22 0 0.04 5 22 2:39pm ESE 29.83 74 5 42.0 46.2 1:48am 38.3 10:36pm 23 0 1.61 6 29 1:08am SSE 29.76 92 6 38.1 39.2 3:25pm 36.5 9:09am 27 0 0.49 7 34 7:36am SSE 29.79 95 7 37.2 39.9 3:22pm 33.4 10:11pm 28 0 0.26 0 12 1:48am E 30.00 95 8 36.5 42.7 3:02pm 31.9 7:11am 28 0 0.01 1 13 6:16pm E 30.16 93 9 39.4 41.9 12:15pm 36.8 5:06am 26 0 0.09 2 19 4:49am SE 30.23 94 10 40.6 45.2 3:08pm 36.0 8:18am 24 0 0.01 0 8 10:17pm E 30.27 94 11 41.3 48.7 3:06pm 36.9 3:25am 24 0 0.00 2 16 6:44am E 30.40 85 12 43.5 52.9 2:21pm 37.6 3:47am 22 0 0.00 3 21 11:37pm SE 30.28 80 13 43.0 48.6 3:32am 38.0 11:59pm 22 0 0.88 8 40 3:01am S 30.15 89 14 38.4 40.9 12:28pm 35.9 5:32am 27 0 0.42 6 35 5:03pm ESE 30.16 95 15 41.9 45.0 3:15pm 38.9 8:37am 23 0 0.23 1 22 1:16am ESE 30.16 95 16 45.8 49.1 2:13pm 40.9 4:29am 19 0 0.51 3 24 1:36am SE 30.25 95 17 45.2 46.8 12:31pm 43.2 3:45am 20 0 1.11 5 26 10:50pm SE 30.18 95 18 44.9 49.2 3:23pm 39.8 6:56am 20 0 0.55 3 43 6:33am SE 30.20 95 19 46.1 48.8 3:36pm 43.1 8:40am 19 0 0.74 8 41 11:35am S 30.12 95 20 46.6 51.7 2:56pm 42.8 11:59pm 18 0 0.01 1 17 12:14am ESE 30.29 94 21 48.0 58.2 1:47pm 40.8 7:46am 17 0 0.00 4 22 7:51pm SE 30.22 75 22 46.9 50.9 12:35am 44.5 3:01am 18 0 0.74 7 32 9:30pm SE 30.07 88 23 42.7 47.4 12:00am 41.6 2:06am 22 0 1.10 6 33 12:47am S 30.08 95 24 41.9 45.6 3:34pm 37.5 7:02am 23 0 0.08 0 11 5:31am ESE 30.24 95 25 42.5 50.2 1:52pm 36.4 7:16am 23 0 0.01 1 13 10:59pm E 30.30 91 26 43.1 50.6 2:59pm 36.3 7:58am 22 0 0.00 2 16 12:50am ESE 30.39 87 27 47.6 56.8 2:43pm 42.2 1:37am 17 0 0.00 2 18 4:17am E 30.39 73 28 45.9 50.8 1:04pm 41.7 3:20am 19 0 0.12 3 26 3:46pm ESE 30.31 74 29 50.0 52.3 4:04pm 47.3 3:27am 15 0 4.01 7 32 5:07pm S 30.14 95 30 41.5 48.2 12:00am 38.9 8:07am 24 0 0.44 1 23 12:59am WSW 30.03 93 31 36.4 41.0 12:23am 30.7 11:27pm 29 0 0.22 3 24 3:24pm NNW 29.85 94 --------------------------------------------------------------------------------------- TOT 42.5 58.2 1/21/16 30.7 1/31/16 697 0 13.69 3 43 1/18/16 SE 30.15 87 HEAT BASE: 65.0 COOL BASE: 65.0
powered by Cumulus v1.9.3 (1059)
Ambient Weather VWS v14.00
Top Contact Website Map Copyright © 2007 - noaa Foresthillweather.com Never base important decisions on this or any weather information obtained from the Internet