NOAA-reports For Foresthill Weather.com
2018: Jan | Feb | Mar | Apr | May | Jun | Jul | Aug | Sep | Oct | Nov | Dec 
 2017: Jan | Feb | Mar | Apr | May | Jun | Jul | Aug | Sep | Oct | Nov | Dec 
2016: Jan | Feb | Mar | Apr | May | Jun | Jul | Aug | Sep | Oct | Nov | Dec 
2015: Jan | Feb | Mar | Apr | May | Jun | Jul | Aug | Sep | Oct | Nov | Dec 
2014: Jan | Feb | Mar | Apr | May | Jun | Jul | Aug | Sep | Oct | Nov | Dec 
2013: Jan | Feb | Mar | Apr | May | Jun | Jul | Aug | Sep | Oct | Nov | Dec 
2012: Jan | Feb | Mar | Apr | May | Jun | Jul | Aug | Sep | Oct | Nov | Dec 
2011: Jan | Feb | Mar | Apr | May | Jun | Jul | Aug | Sep | Oct | Nov | Dec 
2010: Jan | Feb | Mar | Apr | May | Jun | Jul | Aug | Sep | Oct | Nov | Dec 
2009: Jan | Feb | Mar | Apr | May | Jun | Jul | Aug | Sep | Oct | Nov | Dec 
2008: Jan | Feb | Mar | Apr | May | Jun | Jul | Aug | Sep | Oct | Nov | Dec 

Report for 2016 03
MONTHLY CLIMATOLOGICAL SUMMARY FOR 3/2016 HEAT COOL MEAN DEG DEG WIND SPEED DOM MEAN MEAN DAY TEMP HIGH TIME LOW TIME DAYS DAYS RAIN AVG HI TIME DIR BAROM HUM --------------------------------------------------------------------------------------- 1 55.1 64.3 1:53pm 49.3 11:56pm 10 0 0.00 3 19 5:27am ESE 30.17 53 2 55.2 67.3 1:37pm 47.7 5:59am 10 0 0.00 3 17 12:46pm ESE 30.13 58 3 52.4 56.7 4:20pm 47.5 7:42am 13 0 0.00 1 36 2:29am SE 30.11 84 4 51.7 56.9 12:33pm 49.4 4:57am 13 0 1.98 4 25 6:42pm SE 30.03 92 5 50.1 52.1 2:45pm 46.0 11:35pm 15 0 1.67 11 47 7:32pm SSE 29.83 94 6 42.2 46.0 12:00am 36.0 11:58pm 23 0 1.23 6 33 10:11pm SSE 29.91 93 7 37.7 41.6 5:56pm 32.9 6:18am 27 0 0.88 2 37 12:08am SSE 29.88 94 8 40.7 46.6 11:31am 35.2 6:35am 24 0 0.01 2 16 8:33am ESE 30.14 93 9 47.2 53.1 4:22pm 40.1 12:21am 18 0 0.04 4 21 10:31pm SE 30.17 93 10 50.1 54.2 12:59pm 46.0 10:31pm 15 0 0.24 3 23 3:44pm SSE 30.07 92 11 42.6 46.6 7:21am 38.9 8:50pm 22 0 1.42 7 37 11:19am SSE 29.88 94 12 41.6 44.0 2:22pm 39.4 6:42am 23 0 0.82 9 34 10:32pm SSE 30.16 95 13 44.7 46.8 11:55pm 43.5 12:09am 19 0 2.04 11 35 6:49pm S 30.08 95 14 44.5 48.7 4:43pm 39.6 11:51pm 20 0 0.14 5 31 1:45am SSW 30.21 93 15 45.9 57.2 3:11pm 36.6 6:52am 19 0 0.00 1 14 8:01am E 30.28 72 16 51.7 64.0 2:44pm 43.2 3:39am 13 0 0.00 2 13 1:54am E 30.13 68 17 56.5 68.3 2:39pm 48.4 5:23am 9 0 0.00 3 20 6:28am E 30.00 67 18 57.4 69.4 2:49pm 50.1 6:39am 8 1 0.00 3 16 1:03am ESE 29.99 69 19 56.1 68.6 2:34pm 48.8 7:04am 9 0 0.00 3 18 7:34am ESE 30.03 70 20 52.2 60.5 12:39pm 47.7 6:43am 13 0 0.90 3 22 5:24pm SW 30.06 85 21 44.3 48.7 12:00am 41.5 11:49pm 21 0 0.74 4 33 4:07pm ESE 30.09 93 22 41.0 45.6 2:37pm 38.4 7:09am 24 0 0.07 1 19 12:38am SSW 30.24 92 23 45.9 57.3 2:06pm 35.2 6:26am 19 0 0.00 1 15 8:12am NW 30.35 74 24 51.0 61.1 1:27pm 42.8 5:10am 14 0 0.00 2 18 3:35pm E 30.26 74 25 52.7 63.3 3:14pm 45.4 7:22am 12 0 0.00 2 15 2:01pm ESE 30.06 69 26 54.1 64.8 3:09pm 45.6 3:28am 11 0 0.00 2 20 4:50am E 29.98 56 27 53.8 61.4 12:30pm 48.3 7:17am 11 0 0.00 2 22 12:06pm ESE 30.02 73 28 42.0 50.2 12:00am 35.1 8:46am 23 0 0.08 2 19 3:24am S 29.88 83 29 43.5 52.1 2:33pm 34.7 6:40am 21 0 0.00 1 16 12:46pm NNE 29.92 64 30 48.0 58.3 1:26pm 38.7 6:11am 17 0 0.00 1 15 1:27pm WNW 30.02 68 31 52.0 62.1 2:10pm 43.5 7:35am 13 0 0.00 2 13 2:02am E 30.11 68 --------------------------------------------------------------------------------------- TOT 48.5 69.4 3/18/16 32.9 3/7/16 511 1 12.26 4 47 3/5/16 ESE 30.07 80 HEAT BASE: 65.0 COOL BASE: 65.0
powered by Cumulus v1.9.3 (1059)
Ambient Weather VWS v14.00
Top Contact Website Map Copyright © 2007 - noaa Foresthillweather.com Never base important decisions on this or any weather information obtained from the Internet