NOAA-reports For Foresthill Weather.com
2018: Jan | Feb | Mar | Apr | May | Jun | Jul | Aug | Sep | Oct | Nov | Dec 
 2017: Jan | Feb | Mar | Apr | May | Jun | Jul | Aug | Sep | Oct | Nov | Dec 
2016: Jan | Feb | Mar | Apr | May | Jun | Jul | Aug | Sep | Oct | Nov | Dec 
2015: Jan | Feb | Mar | Apr | May | Jun | Jul | Aug | Sep | Oct | Nov | Dec 
2014: Jan | Feb | Mar | Apr | May | Jun | Jul | Aug | Sep | Oct | Nov | Dec 
2013: Jan | Feb | Mar | Apr | May | Jun | Jul | Aug | Sep | Oct | Nov | Dec 
2012: Jan | Feb | Mar | Apr | May | Jun | Jul | Aug | Sep | Oct | Nov | Dec 
2011: Jan | Feb | Mar | Apr | May | Jun | Jul | Aug | Sep | Oct | Nov | Dec 
2010: Jan | Feb | Mar | Apr | May | Jun | Jul | Aug | Sep | Oct | Nov | Dec 
2009: Jan | Feb | Mar | Apr | May | Jun | Jul | Aug | Sep | Oct | Nov | Dec 
2008: Jan | Feb | Mar | Apr | May | Jun | Jul | Aug | Sep | Oct | Nov | Dec 

Report for 2016 05
MONTHLY CLIMATOLOGICAL SUMMARY FOR 5/2016 HEAT COOL MEAN DEG DEG WIND SPEED DOM MEAN MEAN DAY TEMP HIGH TIME LOW TIME DAYS DAYS RAIN AVG HI TIME DIR BAROM HUM --------------------------------------------------------------------------------------- 1 61.0 70.8 2:02pm 53.3 6:09am 5 1 0.00 3 31 8:13am ESE 29.89 48 2 61.6 72.6 2:26pm 52.3 6:18am 5 2 0.00 2 22 6:19am ESE 30.02 53 3 63.8 73.7 2:40pm 56.4 4:35am 3 2 0.00 3 20 7:28am E 29.97 56 4 62.4 69.7 2:55pm 57.5 11:56pm 3 1 0.00 2 19 12:00am E 29.84 62 5 51.3 57.5 12:00am 48.1 11:47pm 14 0 0.03 2 15 7:44am S 29.85 88 6 50.5 52.7 2:31pm 48.1 12:00am 14 0 0.25 1 13 2:49pm SW 29.88 93 7 50.8 51.7 4:50pm 49.1 11:52pm 14 0 0.16 1 13 11:51am S 29.96 94 8 52.6 56.8 4:36pm 49.1 12:00am 12 0 0.05 1 11 10:01am SSE 29.99 93 9 57.4 65.7 4:38pm 51.4 4:46am 8 0 0.00 1 12 2:12pm SSW 29.97 86 10 61.2 71.6 2:51pm 51.4 6:11am 6 2 0.00 2 19 11:57pm WNW 29.96 72 11 66.5 76.4 2:15pm 58.8 12:05am 2 4 0.00 3 29 1:57am E 29.99 42 12 69.2 81.1 2:50pm 59.7 6:27am 1 6 0.00 1 18 6:07am E 29.99 54 13 67.6 77.9 2:06pm 59.0 11:55pm 1 4 0.00 3 15 3:26am ESE 29.92 59 14 57.0 63.8 2:30pm 49.0 3:59am 8 0 0.00 2 15 4:34pm SE 29.97 73 15 58.2 67.4 2:57pm 49.7 7:00am 7 0 0.00 2 16 1:30pm E 29.95 71 16 62.2 71.2 5:26pm 52.9 5:18am 5 2 0.00 3 19 1:26pm E 29.93 60 17 67.1 80.3 2:40pm 55.4 6:42am 3 5 0.00 1 24 3:00am E 29.93 48 18 69.9 79.3 12:56pm 60.7 5:27am 1 6 0.00 2 18 6:51am ESE 29.93 44 19 63.4 69.2 2:01pm 54.5 11:56pm 2 1 0.00 5 24 1:41am SSE 29.74 55 20 45.1 54.5 12:00am 39.8 8:54pm 20 0 0.42 7 32 2:33pm S 29.76 81 21 46.1 52.1 4:34pm 40.9 6:15am 19 0 0.00 3 18 5:12pm SSE 30.04 86 22 49.5 59.5 1:36pm 41.3 5:59am 15 0 0.00 1 18 12:22pm ESE 30.10 76 23 51.5 60.7 1:30pm 43.5 6:09am 13 0 0.00 2 23 7:10pm E 29.96 74 24 52.9 59.8 4:27pm 49.1 11:59pm 12 0 0.05 1 14 5:56pm ESE 29.96 80 25 54.7 65.5 5:10pm 45.6 6:25am 10 0 0.12 1 19 5:46pm E 30.08 82 26 59.4 69.5 4:04pm 49.9 6:12am 7 1 0.01 1 14 3:59pm NW 30.05 75 27 62.8 72.7 3:56pm 53.4 6:30am 4 2 0.00 2 15 4:02pm E 29.92 61 28 65.1 76.3 1:07pm 56.0 5:56am 3 3 0.00 2 16 1:05am E 29.85 51 29 67.3 78.0 4:14pm 57.6 6:23am 2 4 0.00 2 14 1:28am E 29.93 50 30 69.6 81.2 2:30pm 58.2 6:10am 2 6 0.00 2 13 12:34am E 29.94 50 31 74.3 86.3 2:33pm 63.9 5:33am 0 9 0.00 1 13 6:49am E 29.84 52 --------------------------------------------------------------------------------------- TOT 59.7 86.3 5/31/16 39.8 5/20/16 224 61 1.09 2 32 5/20/16 E 29.94 67 HEAT BASE: 65.0 COOL BASE: 65.0
powered by Cumulus v1.9.3 (1059)
Ambient Weather VWS v14.00
Top Contact Website Map Copyright © 2007 - noaa Foresthillweather.com Never base important decisions on this or any weather information obtained from the Internet