2024: Jan | Feb | Mar | Apr | May | Jun | Jul | Aug | Sep | Oct | Nov | Dec
2023: Jan | Feb | Mar | Apr | May | Jun | Jul | Aug | Sep | Oct | Nov | Dec
2022: Jan | Feb | Mar | Apr | May | Jun | Jul | Aug | Sep | Oct | Nov | Dec
2021: Jan | Feb | Mar | Apr | May | Jun | Jul | Aug | Sep | Oct | Nov | Dec
2020: Jan | Feb | Mar | Apr | May | Jun | Jul | Aug | Sep | Oct | Nov | Dec
2019: Jan | Feb | Mar | Apr | May | Jun | Jul | Aug | Sep | Oct | Nov | Dec
2018: Jan | Feb | Mar | Apr | May | Jun | Jul | Aug | Sep | Oct | Nov | Dec
2017: Jan | Feb | Mar | Apr | May | Jun | Jul | Aug | Sep | Oct | Nov | Dec
2016: Jan | Feb | Mar | Apr | May | Jun | Jul | Aug | Sep | Oct | Nov | Dec
2015: Jan | Feb | Mar | Apr | May | Jun | Jul | Aug | Sep | Oct | Nov | Dec
2014: Jan | Feb | Mar | Apr | May | Jun | Jul | Aug | Sep | Oct | Nov | Dec
2013: Jan | Feb | Mar | Apr | May | Jun | Jul | Aug | Sep | Oct | Nov | Dec
2012: Jan | Feb | Mar | Apr | May | Jun | Jul | Aug | Sep | Oct | Nov | Dec
2011: Jan | Feb | Mar | Apr | May | Jun | Jul | Aug | Sep | Oct | Nov | Dec
2010: Jan | Feb | Mar | Apr | May | Jun | Jul | Aug | Sep | Oct | Nov | Dec
2009: Jan | Feb | Mar | Apr | May | Jun | Jul | Aug | Sep | Oct | Nov | Dec
2008: Jan | Feb | Mar | Apr | May | Jun | Jul | Aug | Sep | Oct | Nov | Dec
Report for 2016 06
MONTHLY CLIMATOLOGICAL SUMMARY FOR 6/2016
HEAT COOL
MEAN DEG DEG WIND SPEED DOM MEAN MEAN
DAY TEMP HIGH TIME LOW TIME DAYS DAYS RAIN AVG HI TIME DIR BAROM HUM
---------------------------------------------------------------------------------------
1 75.2 88.7 1:50pm 66.3 6:57am 0 10 0.00 2 19 11:50pm ESE 29.84 43
2 73.3 85.9 2:57pm 64.5 6:56am 0 8 0.00 3 23 1:42am E 29.96 35
3 75.2 87.8 2:36pm 63.7 6:10am 0 10 0.00 1 18 1:46am E 29.97 38
4 75.0 82.8 12:44pm 69.5 6:49am 0 10 0.00 1 20 6:25am E 29.89 49
5 75.7 85.8 4:18pm 67.1 7:07am 0 11 0.00 2 18 6:21am E 29.83 49
6 75.3 87.0 2:08pm 66.2 5:07am 0 10 0.00 2 19 6:13am ESE 29.75 48
7 75.6 85.1 1:57pm 68.6 6:25am 0 11 0.00 2 23 4:22am ESE 29.81 52
8 70.7 79.7 1:28pm 63.7 11:57pm 0 6 0.00 3 17 10:38pm ESE 29.84 50
9 66.5 77.3 3:04pm 58.2 6:57am 2 4 0.00 2 18 12:52am SE 29.87 46
10 64.1 74.2 1:37pm 56.7 6:54am 3 2 0.00 2 19 12:35pm ESE 29.91 51
11 65.3 77.1 2:47pm 54.9 5:49am 3 3 0.00 1 15 12:20pm E 29.90 54
12 66.6 76.9 2:11pm 58.4 6:54am 2 4 0.00 1 14 12:26pm SE 29.96 55
13 67.1 77.3 2:21pm 59.9 11:57pm 2 4 0.00 4 21 5:24am ESE 29.98 54
14 58.3 65.8 1:37pm 50.8 6:02am 7 0 0.00 4 21 2:42am SSE 29.93 60
15 51.7 56.0 5:17pm 46.3 11:57pm 13 0 0.00 5 21 9:29am SSE 29.96 64
16 54.0 65.1 4:36pm 43.6 4:35am 11 0 0.00 2 15 5:12am SE 30.11 67
17 59.3 70.5 1:22pm 50.0 5:23am 6 1 0.00 2 21 12:49pm E 30.08 70
18 61.7 70.9 5:23pm 54.0 7:23am 5 1 0.00 1 18 10:58pm NW 30.13 73
19 67.6 80.5 2:59pm 57.6 1:29am 2 5 0.00 2 18 5:56am E 30.08 55
20 72.1 85.2 2:30pm 61.3 6:43am 1 8 0.00 2 19 6:46am E 30.04 44
21 75.4 89.4 2:34pm 65.0 6:41am 0 10 0.00 2 15 1:36am E 29.99 36
22 75.4 87.4 1:44pm 65.8 6:42am 0 10 0.00 4 24 1:05am ESE 29.91 34
23 71.7 83.0 2:22pm 62.9 5:22am 0 7 0.00 3 16 2:24am SE 29.97 36
24 69.9 79.8 1:46pm 60.5 7:24am 1 6 0.00 2 18 3:13am SE 29.99 46
25 73.2 85.0 5:00pm 62.0 5:09am 0 9 0.00 2 13 5:47am E 29.94 42
26 76.5 88.8 3:23pm 65.6 6:49am 0 11 0.00 2 14 10:50pm E 29.95 39
27 79.0 91.7 4:26pm 67.6 6:47am 0 14 0.00 2 14 12:00am E 29.96 36
28 79.6 92.0 2:09pm 69.7 6:09am 0 15 0.00 2 15 1:51am E 29.93 38
29 79.3 91.5 3:10pm 71.9 6:55am 0 14 0.00 2 21 2:49am E 29.87 35
30 78.2 90.6 3:22pm 68.6 7:06am 0 13 0.00 2 18 12:33am E 29.81 31
---------------------------------------------------------------------------------------
TOT 70.3 92.0 6/28/16 43.6 6/16/16 60 218 0.00 2 23 6/2/16 E 29.94 48
HEAT BASE: 65.0
COOL BASE: 65.0