2024: Jan | Feb | Mar | Apr | May | Jun | Jul | Aug | Sep | Oct | Nov | Dec
2023: Jan | Feb | Mar | Apr | May | Jun | Jul | Aug | Sep | Oct | Nov | Dec
2022: Jan | Feb | Mar | Apr | May | Jun | Jul | Aug | Sep | Oct | Nov | Dec
2021: Jan | Feb | Mar | Apr | May | Jun | Jul | Aug | Sep | Oct | Nov | Dec
2020: Jan | Feb | Mar | Apr | May | Jun | Jul | Aug | Sep | Oct | Nov | Dec
2019: Jan | Feb | Mar | Apr | May | Jun | Jul | Aug | Sep | Oct | Nov | Dec
2018: Jan | Feb | Mar | Apr | May | Jun | Jul | Aug | Sep | Oct | Nov | Dec
2017: Jan | Feb | Mar | Apr | May | Jun | Jul | Aug | Sep | Oct | Nov | Dec
2016: Jan | Feb | Mar | Apr | May | Jun | Jul | Aug | Sep | Oct | Nov | Dec
2015: Jan | Feb | Mar | Apr | May | Jun | Jul | Aug | Sep | Oct | Nov | Dec
2014: Jan | Feb | Mar | Apr | May | Jun | Jul | Aug | Sep | Oct | Nov | Dec
2013: Jan | Feb | Mar | Apr | May | Jun | Jul | Aug | Sep | Oct | Nov | Dec
2012: Jan | Feb | Mar | Apr | May | Jun | Jul | Aug | Sep | Oct | Nov | Dec
2011: Jan | Feb | Mar | Apr | May | Jun | Jul | Aug | Sep | Oct | Nov | Dec
2010: Jan | Feb | Mar | Apr | May | Jun | Jul | Aug | Sep | Oct | Nov | Dec
2009: Jan | Feb | Mar | Apr | May | Jun | Jul | Aug | Sep | Oct | Nov | Dec
2008: Jan | Feb | Mar | Apr | May | Jun | Jul | Aug | Sep | Oct | Nov | Dec
Report for 2016 09
MONTHLY CLIMATOLOGICAL SUMMARY FOR 9/2016
HEAT COOL
MEAN DEG DEG WIND SPEED DOM MEAN MEAN
DAY TEMP HIGH TIME LOW TIME DAYS DAYS RAIN AVG HI TIME DIR BAROM HUM
---------------------------------------------------------------------------------------
1 70.4 84.1 2:22pm 62.3 5:48am 0 6 0.00 2 16 6:38am ESE 29.90 42
2 70.4 82.8 2:09pm 62.5 7:31am 0 6 0.00 2 18 2:48am ESE 29.86 39
3 67.5 79.6 1:55pm 59.4 11:55pm 1 4 0.00 1 21 11:55am ESE 29.77 45
4 62.0 70.7 4:52pm 54.6 6:35am 4 1 0.00 1 15 3:07am SE 29.79 54
5 64.1 75.7 3:24pm 53.5 6:55am 4 3 0.00 1 13 2:35pm WNW 29.82 49
6 68.6 81.4 2:13pm 58.8 5:39am 2 5 0.00 1 14 3:44pm WNW 29.87 36
7 73.1 86.3 2:57pm 63.2 7:02am 0 8 0.00 2 14 7:51am E 29.92 31
8 73.7 84.9 1:45pm 65.3 6:11am 0 9 0.00 2 15 6:35am E 30.00 36
9 73.2 84.9 3:43pm 63.8 7:31am 0 8 0.00 0 11 10:57pm WSW 29.96 45
10 75.9 88.1 2:49pm 67.8 4:25am 0 11 0.00 1 14 11:38pm E 29.98 39
11 73.8 85.9 2:15pm 66.0 11:55pm 0 9 0.00 3 19 3:22am ESE 29.93 40
12 64.1 73.7 1:51pm 55.1 11:58pm 3 2 0.00 3 26 11:29am SSE 29.79 46
13 54.0 63.6 4:42pm 46.6 8:10am 11 0 0.08 1 13 6:48am SSE 29.91 71
14 58.6 69.1 5:01pm 49.2 7:28am 7 1 0.00 1 14 1:00am WNW 30.10 58
15 63.4 74.8 4:24pm 53.6 7:04am 4 3 0.00 0 13 2:11pm NNE 30.04 52
16 68.7 81.4 2:50pm 58.3 6:20am 2 6 0.00 1 13 2:34pm E 29.97 41
17 73.5 86.5 2:46pm 64.0 7:19am 0 9 0.00 1 16 1:11am E 29.98 29
18 75.7 89.4 2:33pm 66.7 5:29am 0 11 0.00 2 16 11:50pm ESE 29.96 29
19 75.8 91.0 2:38pm 67.9 7:14am 0 7 0.00 3 20 12:37pm ESE 29.94 31
---------------------------------------------------------------------------------------
TOT 68.6 91.0 9/19/16 46.6 9/13/16 40 108 0.08 1 25 9/12/16 ESE 29.92 43
HEAT BASE: 65.0
COOL BASE: 65.0