NOAA-reports For Foresthill Weather.com
2018: Jan | Feb | Mar | Apr | May | Jun | Jul | Aug | Sep | Oct | Nov | Dec 
2017: Jan | Feb | Mar | Apr | May | Jun | Jul | Aug | Sep | Oct | Nov | Dec 
2016: Jan | Feb | Mar | Apr | May | Jun | Jul | Aug | Sep | Oct | Nov | Dec 
2015: Jan | Feb | Mar | Apr | May | Jun | Jul | Aug | Sep | Oct | Nov | Dec 
2014: Jan | Feb | Mar | Apr | May | Jun | Jul | Aug | Sep | Oct | Nov | Dec 
2013: Jan | Feb | Mar | Apr | May | Jun | Jul | Aug | Sep | Oct | Nov | Dec 
2012: Jan | Feb | Mar | Apr | May | Jun | Jul | Aug | Sep | Oct | Nov | Dec 
2011: Jan | Feb | Mar | Apr | May | Jun | Jul | Aug | Sep | Oct | Nov | Dec 
2010: Jan | Feb | Mar | Apr | May | Jun | Jul | Aug | Sep | Oct | Nov | Dec 
2009: Jan | Feb | Mar | Apr | May | Jun | Jul | Aug | Sep | Oct | Nov | Dec 
2008: Jan | Feb | Mar | Apr | May | Jun | Jul | Aug | Sep | Oct | Nov | Dec 

Report for 2016 10
MONTHLY CLIMATOLOGICAL SUMMARY FOR 10/2016 HEAT COOL MEAN DEG DEG WIND SPEED DOM MEAN MEAN DAY TEMP HIGH TIME LOW TIME DAYS DAYS RAIN AVG HI TIME DIR BAROM HUM --------------------------------------------------------------------------------------- 1 55.7 66.1 2:25pm 47.2 5:22am 9 0 0.00 1 18 1:04am ESE 30.06 44 2 50.5 56.2 12:27pm 46.8 7:30am 15 0 0.02 2 17 10:04am ESE 30.02 64 3 47.9 51.4 5:25pm 43.9 6:17am 17 0 0.01 1 14 3:45pm ESE 30.10 82 4 52.3 60.4 4:09pm 46.5 3:30am 13 0 0.00 1 13 2:48pm NNW 30.04 70 5 53.2 63.3 2:31pm 45.3 6:49am 12 0 0.00 2 13 1:18pm E 30.07 61 6 58.3 69.2 2:22pm 50.3 2:43am 8 1 0.00 2 16 5:20am E 30.07 45 7 63.1 75.7 2:07pm 54.2 2:51am 4 3 0.00 2 18 5:08am ESE 30.02 39 8 67.1 80.0 2:46pm 58.8 7:03am 2 4 0.00 2 18 8:13am ESE 29.96 32 9 68.2 80.7 2:08pm 60.7 6:34am 1 4 0.00 3 19 7:21am ESE 29.97 26 10 65.0 74.6 2:47pm 59.1 11:41pm 2 2 0.00 2 15 3:46am ESE 29.94 33 11 62.2 72.0 2:34pm 56.1 2:15am 4 2 0.00 2 16 12:31am E 30.00 46 12 60.7 71.8 2:17pm 54.6 4:45am 5 1 0.00 3 15 6:15am ESE 30.04 52 13 59.9 68.8 1:54pm 55.0 7:59am 6 1 0.00 3 20 2:09pm ESE 30.03 53 14 53.2 55.7 12:00am 51.2 9:42am 12 0 2.23 6 32 1:36pm SSE 29.96 89 15 53.9 55.9 3:53pm 50.3 10:14pm 11 0 1.00 7 35 7:35pm S 29.90 93 16 52.0 54.6 12:41pm 48.9 5:12pm 13 0 3.94 6 32 4:01pm SW 29.82 93 17 49.0 51.7 4:29pm 46.4 11:47pm 16 0 0.07 2 23 2:02am SW 30.05 94 18 49.0 57.1 3:12pm 43.9 7:31am 16 0 0.00 2 14 4:40am ESE 30.19 86 19 54.8 67.3 3:42pm 47.2 12:00am 10 0 0.01 2 19 3:08am E 30.21 67 20 59.2 70.3 3:03pm 52.0 2:46am 7 1 0.00 2 18 2:50am ESE 30.15 62 21 59.9 70.0 2:47pm 53.5 7:54am 6 1 0.00 3 16 4:23am ESE 29.98 63 22 58.8 67.5 2:39pm 54.0 7:54am 6 0 0.00 3 16 4:31am ESE 29.91 67 23 58.5 67.7 3:05pm 52.7 7:39am 7 0 0.00 3 20 12:42pm ESE 29.93 66 24 53.8 58.1 3:46pm 49.8 6:05am 11 0 0.47 3 23 5:49pm SSE 29.98 86 25 52.8 55.1 5:26pm 51.4 8:07am 12 0 0.25 3 22 3:42am SE 30.11 94 26 55.4 65.2 2:58pm 49.0 7:57am 10 0 0.00 2 18 12:14am ESE 30.08 81 27 54.0 57.7 9:12am 52.4 10:27am 11 0 0.87 3 26 8:32am SE 30.01 84 28 54.7 56.1 12:54pm 53.2 11:57pm 10 0 1.32 1 15 4:26pm S 29.94 94 29 54.2 56.4 2:34pm 52.5 12:38am 11 0 0.00 1 21 1:33pm SSE 30.00 94 30 50.8 54.1 12:00am 46.0 2:07pm 14 0 0.84 6 32 10:25am S 29.93 94 31 48.1 50.0 12:39pm 44.9 8:07am 17 0 0.50 1 20 11:43pm SSE 30.09 94 --------------------------------------------------------------------------------------- TOT 56.0 80.7 10/9/16 43.9 10/3/16 298 20 11.54 3 34 10/15/16 ESE 30.02 69 HEAT BASE: 65.0 COOL BASE: 65.0
powered by Cumulus v1.9.3 (1059)
Ambient Weather VWS v14.00
Top Contact Website Map Copyright © 2007 - noaa Foresthillweather.com Never base important decisions on this or any weather information obtained from the Internet