2024: Jan | Feb | Mar | Apr | May | Jun | Jul | Aug | Sep | Oct | Nov | Dec
2023: Jan | Feb | Mar | Apr | May | Jun | Jul | Aug | Sep | Oct | Nov | Dec
2022: Jan | Feb | Mar | Apr | May | Jun | Jul | Aug | Sep | Oct | Nov | Dec
2021: Jan | Feb | Mar | Apr | May | Jun | Jul | Aug | Sep | Oct | Nov | Dec
2020: Jan | Feb | Mar | Apr | May | Jun | Jul | Aug | Sep | Oct | Nov | Dec
2019: Jan | Feb | Mar | Apr | May | Jun | Jul | Aug | Sep | Oct | Nov | Dec
2018: Jan | Feb | Mar | Apr | May | Jun | Jul | Aug | Sep | Oct | Nov | Dec
2017: Jan | Feb | Mar | Apr | May | Jun | Jul | Aug | Sep | Oct | Nov | Dec
2016: Jan | Feb | Mar | Apr | May | Jun | Jul | Aug | Sep | Oct | Nov | Dec
2015: Jan | Feb | Mar | Apr | May | Jun | Jul | Aug | Sep | Oct | Nov | Dec
2014: Jan | Feb | Mar | Apr | May | Jun | Jul | Aug | Sep | Oct | Nov | Dec
2013: Jan | Feb | Mar | Apr | May | Jun | Jul | Aug | Sep | Oct | Nov | Dec
2012: Jan | Feb | Mar | Apr | May | Jun | Jul | Aug | Sep | Oct | Nov | Dec
2011: Jan | Feb | Mar | Apr | May | Jun | Jul | Aug | Sep | Oct | Nov | Dec
2010: Jan | Feb | Mar | Apr | May | Jun | Jul | Aug | Sep | Oct | Nov | Dec
2009: Jan | Feb | Mar | Apr | May | Jun | Jul | Aug | Sep | Oct | Nov | Dec
2008: Jan | Feb | Mar | Apr | May | Jun | Jul | Aug | Sep | Oct | Nov | Dec
Report for 2016 11
MONTHLY CLIMATOLOGICAL SUMMARY FOR 11/2016
HEAT COOL
MEAN DEG DEG WIND SPEED DOM MEAN MEAN
DAY TEMP HIGH TIME LOW TIME DAYS DAYS RAIN AVG HI TIME DIR BAROM HUM
---------------------------------------------------------------------------------------
1 47.6 51.4 4:00pm 44.8 11:55pm 17 0 0.57 2 28 1:35am SSE 30.12 95
2 49.4 59.2 3:26pm 42.8 6:43am 16 0 0.00 1 14 8:36am E 30.24 87
3 53.7 62.0 2:53pm 47.7 4:58am 11 0 0.00 2 15 6:56am E 30.22 76
4 57.9 68.8 2:09pm 52.1 7:20am 8 0 0.00 3 18 8:13am ESE 30.19 65
5 56.4 65.0 2:30pm 51.7 7:48am 9 0 0.00 2 19 8:41am ESE 30.12 65
6 53.9 59.8 1:53pm 49.4 4:58am 11 0 0.00 1 19 6:14am ESE 30.14 82
7 56.5 64.0 1:07pm 51.6 4:08am 9 0 0.00 2 19 6:12am E 30.20 83
8 60.2 68.9 1:41pm 54.9 6:50am 5 1 0.00 3 18 4:31am ESE 30.19 71
9 62.3 72.8 2:09pm 56.5 4:08am 4 1 0.00 3 20 1:48am ESE 30.13 61
10 62.8 72.0 12:30pm 57.5 6:36am 4 1 0.00 4 21 6:55am E 30.10 59
11 61.4 71.5 12:09pm 56.4 7:04am 5 1 0.00 4 21 9:23pm ESE 30.10 61
12 57.6 65.8 1:29pm 52.1 7:28am 7 0 0.00 1 20 11:56pm ESE 30.15 69
13 57.4 66.5 12:53pm 52.3 7:03am 8 0 0.00 3 21 12:48am ESE 30.21 59
14 57.1 66.5 1:58pm 52.3 7:14am 8 0 0.00 2 16 4:34am ESE 30.20 63
15 53.9 62.6 11:59am 47.6 11:58pm 11 0 0.49 3 18 11:34am ESE 30.09 73
16 42.5 47.6 12:00am 37.1 11:03pm 23 0 0.02 1 14 1:32am SE 30.06 89
17 40.8 48.7 2:49pm 35.7 6:34am 24 0 0.00 2 18 11:58pm E 30.16 74
18 47.9 56.6 1:51pm 39.2 4:26am 17 0 0.00 6 24 11:32am SSE 30.11 56
19 46.5 53.4 10:18am 42.4 5:08pm 19 0 1.26 9 32 9:36am SE 30.01 69
20 45.0 47.1 1:51pm 43.4 8:39am 20 0 1.34 5 29 9:34am SE 30.01 94
21 43.8 46.7 2:48pm 39.6 11:55pm 21 0 0.05 0 13 9:39pm ESE 30.09 94
22 43.2 49.2 1:33pm 37.9 7:02am 22 0 0.00 2 18 4:33am SSE 30.22 92
23 40.9 44.7 12:00am 36.0 11:57pm 24 0 0.37 3 21 2:05am S 30.32 94
24 40.6 50.5 2:03pm 34.4 6:15am 24 0 0.00 3 21 2:22am ESE 30.34 83
25 42.7 50.0 2:42pm 37.6 3:16am 22 0 0.00 3 19 6:03am ESE 30.14 80
26 40.0 45.4 10:26am 37.4 4:58pm 25 0 1.17 7 26 9:07am SE 29.91 84
27 39.7 41.9 3:44pm 37.3 9:08am 25 0 0.70 2 25 12:21am SW 30.07 93
28 39.0 43.3 2:37pm 35.5 10:41pm 26 0 0.16 3 19 4:36am SE 30.09 94
29 41.0 45.8 2:25pm 35.5 12:00am 24 0 0.00 1 13 8:59pm ESE 30.16 87
30 43.4 46.4 1:17pm 38.0 10:58pm 22 0 0.00 1 23 2:03am ESE 30.16 85
---------------------------------------------------------------------------------------
TOT 49.5 72.8 11/9/16 34.4 11/24/16 470 5 6.13 3 32 11/19/16 ESE 30.14 78
HEAT BASE: 65.0
COOL BASE: 65.0