2024: Jan | Feb | Mar | Apr | May | Jun | Jul | Aug | Sep | Oct | Nov | Dec
2023: Jan | Feb | Mar | Apr | May | Jun | Jul | Aug | Sep | Oct | Nov | Dec
2022: Jan | Feb | Mar | Apr | May | Jun | Jul | Aug | Sep | Oct | Nov | Dec
2021: Jan | Feb | Mar | Apr | May | Jun | Jul | Aug | Sep | Oct | Nov | Dec
2020: Jan | Feb | Mar | Apr | May | Jun | Jul | Aug | Sep | Oct | Nov | Dec
2019: Jan | Feb | Mar | Apr | May | Jun | Jul | Aug | Sep | Oct | Nov | Dec
2018: Jan | Feb | Mar | Apr | May | Jun | Jul | Aug | Sep | Oct | Nov | Dec
2017: Jan | Feb | Mar | Apr | May | Jun | Jul | Aug | Sep | Oct | Nov | Dec
2016: Jan | Feb | Mar | Apr | May | Jun | Jul | Aug | Sep | Oct | Nov | Dec
2015: Jan | Feb | Mar | Apr | May | Jun | Jul | Aug | Sep | Oct | Nov | Dec
2014: Jan | Feb | Mar | Apr | May | Jun | Jul | Aug | Sep | Oct | Nov | Dec
2013: Jan | Feb | Mar | Apr | May | Jun | Jul | Aug | Sep | Oct | Nov | Dec
2012: Jan | Feb | Mar | Apr | May | Jun | Jul | Aug | Sep | Oct | Nov | Dec
2011: Jan | Feb | Mar | Apr | May | Jun | Jul | Aug | Sep | Oct | Nov | Dec
2010: Jan | Feb | Mar | Apr | May | Jun | Jul | Aug | Sep | Oct | Nov | Dec
2009: Jan | Feb | Mar | Apr | May | Jun | Jul | Aug | Sep | Oct | Nov | Dec
2008: Jan | Feb | Mar | Apr | May | Jun | Jul | Aug | Sep | Oct | Nov | Dec
Report for 2016 12
MONTHLY CLIMATOLOGICAL SUMMARY FOR 12/2016
HEAT COOL
MEAN DEG DEG WIND SPEED DOM MEAN MEAN
DAY TEMP HIGH TIME LOW TIME DAYS DAYS RAIN AVG HI TIME DIR BAROM HUM
---------------------------------------------------------------------------------------
1 41.0 49.0 12:58pm 36.0 7:01am 24 0 0.00 1 21 8:08pm E 30.15 78
2 40.4 48.3 2:38pm 35.1 6:48am 25 0 0.00 1 30 2:15am ENE 30.26 57
3 44.5 53.1 1:51pm 38.3 7:14am 21 0 0.00 0 12 8:47pm ESE 30.28 67
4 44.2 51.0 3:14pm 38.8 6:42am 21 0 0.00 1 13 3:33am ESE 30.20 79
5 42.6 50.2 1:31pm 37.4 11:55pm 22 0 0.00 0 13 1:16am E 30.11 81
6 36.5 40.4 10:47am 32.6 11:55pm 29 0 0.00 1 12 9:20am E 30.11 88
7 36.3 42.4 12:08pm 31.3 5:44am 29 0 0.06 1 13 2:56am E 30.22 81
8 46.4 50.7 5:38pm 37.4 12:00am 19 0 0.50 7 24 4:41pm SSE 30.21 94
9 49.9 51.5 2:03pm 48.4 11:38pm 15 0 0.46 6 28 10:52pm S 30.24 94
10 51.3 52.3 4:41am 48.1 11:57pm 14 0 4.82 9 40 5:11am S 30.08 95
11 43.7 48.1 12:00am 39.5 8:04am 21 0 0.00 2 20 7:30am ESE 30.17 95
12 43.2 50.0 1:13pm 38.5 8:03am 22 0 0.00 3 19 7:59am ESE 30.19 88
13 45.4 48.9 1:10pm 41.7 2:37am 20 0 0.16 1 16 5:17am SSE 30.17 84
14 48.3 49.9 10:39pm 46.1 9:31am 17 0 0.08 5 25 8:03pm SSE 30.09 94
15 50.0 51.9 3:20pm 47.9 9:16am 15 0 2.70 10 38 8:39am SSE 29.82 94
16 37.8 49.2 12:00am 31.9 11:48pm 27 0 0.26 4 25 12:04am S 29.87 95
17 31.9 37.5 2:29pm 27.8 7:33am 33 0 0.01 1 16 4:05am E 30.29 93
18 33.7 41.0 1:48pm 28.5 6:37am 31 0 0.02 1 16 10:45pm ESE 30.41 89
19 38.0 46.0 1:05pm 32.3 5:46am 27 0 0.00 1 16 2:59am ESE 30.47 77
20 45.6 55.5 12:29pm 37.9 12:00am 19 0 0.00 1 18 2:12am ESE 30.35 73
21 48.3 54.7 1:35pm 44.0 11:54pm 17 0 0.00 1 14 2:27am NE 30.14 78
22 45.5 54.6 1:39pm 41.8 11:20pm 20 0 0.00 2 20 11:36pm E 30.03 78
23 40.0 43.6 4:15am 35.9 11:58pm 25 0 0.58 8 40 7:06am SSE 29.88 92
24 34.3 36.2 2:05pm 30.7 11:54pm 31 0 0.00 1 18 11:18pm S 29.91 94
25 31.2 37.1 2:58pm 27.3 6:52am 34 0 0.00 3 21 5:16am ESE 30.16 85
26 34.8 43.2 2:20pm 29.7 3:43am 30 0 0.00 3 22 5:14am E 30.38 69
27 42.2 51.9 1:45pm 35.5 12:00am 23 0 0.00 1 19 5:57am E 30.41 73
28 47.0 57.4 3:04pm 41.1 7:36am 18 0 0.00 2 18 12:36am E 30.33 69
29 50.0 59.1 1:46pm 44.0 2:39am 15 0 0.00 4 21 10:16pm ESE 30.25 56
30 47.7 55.0 12:20pm 41.3 11:57pm 17 0 0.00 5 25 6:09pm ESE 30.04 62
31 40.1 46.1 1:40pm 34.5 7:13am 25 0 0.00 1 20 12:07am SSE 29.95 88
---------------------------------------------------------------------------------------
TOT 42.3 59.1 12/29/16 27.3 12/25/16 703 0 9.66 3 39 12/10/16 ESE 30.17 82
HEAT BASE: 65.0
COOL BASE: 65.0