2024: Jan | Feb | Mar | Apr | May | Jun | Jul | Aug | Sep | Oct | Nov | Dec
2023: Jan | Feb | Mar | Apr | May | Jun | Jul | Aug | Sep | Oct | Nov | Dec
2022: Jan | Feb | Mar | Apr | May | Jun | Jul | Aug | Sep | Oct | Nov | Dec
2021: Jan | Feb | Mar | Apr | May | Jun | Jul | Aug | Sep | Oct | Nov | Dec
2020: Jan | Feb | Mar | Apr | May | Jun | Jul | Aug | Sep | Oct | Nov | Dec
2019: Jan | Feb | Mar | Apr | May | Jun | Jul | Aug | Sep | Oct | Nov | Dec
2018: Jan | Feb | Mar | Apr | May | Jun | Jul | Aug | Sep | Oct | Nov | Dec
2017: Jan | Feb | Mar | Apr | May | Jun | Jul | Aug | Sep | Oct | Nov | Dec
2016: Jan | Feb | Mar | Apr | May | Jun | Jul | Aug | Sep | Oct | Nov | Dec
2015: Jan | Feb | Mar | Apr | May | Jun | Jul | Aug | Sep | Oct | Nov | Dec
2014: Jan | Feb | Mar | Apr | May | Jun | Jul | Aug | Sep | Oct | Nov | Dec
2013: Jan | Feb | Mar | Apr | May | Jun | Jul | Aug | Sep | Oct | Nov | Dec
2012: Jan | Feb | Mar | Apr | May | Jun | Jul | Aug | Sep | Oct | Nov | Dec
2011: Jan | Feb | Mar | Apr | May | Jun | Jul | Aug | Sep | Oct | Nov | Dec
2010: Jan | Feb | Mar | Apr | May | Jun | Jul | Aug | Sep | Oct | Nov | Dec
2009: Jan | Feb | Mar | Apr | May | Jun | Jul | Aug | Sep | Oct | Nov | Dec
2008: Jan | Feb | Mar | Apr | May | Jun | Jul | Aug | Sep | Oct | Nov | Dec
Report for 2017 03
MONTHLY CLIMATOLOGICAL SUMMARY FOR 3/2017
HEAT COOL
MEAN DEG DEG WIND SPEED DOM MEAN MEAN
DAY TEMP HIGH TIME LOW TIME DAYS DAYS RAIN AVG HI TIME DIR BAROM HUM
---------------------------------------------------------------------------------------
1 42.8 54.2 1:12pm 34.7 4:45am 22 0 0.00 2 16 7:58am E 30.44 68
2 47.5 59.3 1:50pm 39.2 4:23am 18 0 0.00 1 19 11:40pm ESE 30.37 64
3 48.3 57.8 1:46pm 42.4 5:59am 17 0 0.00 2 21 4:42am ESE 30.13 61
4 44.5 50.0 2:26pm 39.6 11:59pm 20 0 0.96 6 32 11:54pm S 29.94 80
5 33.9 39.6 12:00am 31.5 9:03pm 31 0 0.57 6 31 1:05am WSW 29.94 92
6 33.4 36.0 3:48pm 31.2 6:14am 28 0 0.17 4 22 8:46am S 30.34 92
7 38.3 45.5 5:17pm 32.9 5:54am 27 0 0.00 2 19 4:45am E 30.43 90
8 49.6 60.9 2:54pm 38.8 1:38am 15 0 0.00 2 22 12:32am E 30.34 79
9 53.3 63.1 11:18am 45.1 1:28am 12 0 0.00 1 12 12:15pm ESE 30.23 78
10 54.2 62.7 4:28pm 49.1 4:37am 11 0 0.00 1 13 8:08am E 30.18 78
11 55.9 67.4 1:46pm 48.3 3:52am 9 0 0.00 1 14 5:49am ESE 30.18 67
12 56.6 69.5 2:47pm 47.4 8:15am 9 1 0.00 1 11 12:01pm E 30.18 63
13 59.1 72.6 2:55pm 48.7 5:59am 8 2 0.00 2 21 8:02am ESE 30.14 54
14 61.1 74.9 2:36pm 52.1 6:52am 6 2 0.00 3 20 4:36am ESE 30.10 49
15 57.7 67.5 2:06pm 51.6 6:55am 8 0 0.00 3 20 1:58am ESE 30.11 67
16 56.2 66.6 2:15pm 47.8 7:48am 9 0 0.00 1 16 12:59pm ESE 30.17 73
17 58.0 70.3 3:01pm 50.2 8:08am 8 1 0.00 2 20 3:39am ESE 30.09 62
18 54.2 58.9 2:33pm 49.0 9:22pm 11 0 0.03 1 19 4:20pm ESE 30.06 80
19 56.3 66.5 1:07pm 50.5 6:16am 9 0 0.00 2 16 8:03am ESE 30.07 74
20 51.7 57.4 12:48pm 47.7 8:45pm 13 0 0.27 2 33 7:28pm SE 30.00 76
21 48.2 50.8 11:27am 42.5 11:58pm 17 0 2.03 6 33 12:49am SSE 29.96 91
22 42.1 46.2 4:12pm 38.2 10:27am 23 0 1.18 3 25 5:43am ESE 30.07 91
23 43.7 53.3 3:25pm 35.9 7:25am 21 0 0.01 1 15 5:41pm SW 30.23 84
24 43.4 45.1 3:54am 41.0 10:07am 22 0 0.45 5 32 2:27pm SE 30.24 90
25 46.3 53.5 2:52pm 42.9 7:23am 19 0 0.06 1 14 1:53pm SE 30.19 89
26 45.4 51.5 3:43pm 42.2 5:14am 20 0 0.64 3 24 11:27pm SSE 30.12 80
27 44.5 50.3 2:56pm 40.7 8:13am 21 0 0.34 1 17 12:00am NNW 30.21 88
28 50.1 62.0 3:36pm 39.1 6:06am 15 0 0.00 2 19 9:45am NW 30.22 69
29 55.3 66.4 2:27pm 45.4 6:47am 10 0 0.00 1 19 7:36am E 30.17 68
30 48.0 54.3 12:00am 41.4 9:01am 17 0 0.35 4 26 1:12pm N 30.02 70
31 50.1 63.5 2:27pm 38.2 4:38am 15 0 0.00 3 27 5:51pm N 30.03 51
---------------------------------------------------------------------------------------
TOT 49.4 74.9 3/14/17 31.2 3/6/17 487 6 7.05 2 33 3/20/17 ESE 30.16 75
HEAT BASE: 65.0
COOL BASE: 65.0