2024: Jan | Feb | Mar | Apr | May | Jun | Jul | Aug | Sep | Oct | Nov | Dec
2023: Jan | Feb | Mar | Apr | May | Jun | Jul | Aug | Sep | Oct | Nov | Dec
2022: Jan | Feb | Mar | Apr | May | Jun | Jul | Aug | Sep | Oct | Nov | Dec
2021: Jan | Feb | Mar | Apr | May | Jun | Jul | Aug | Sep | Oct | Nov | Dec
2020: Jan | Feb | Mar | Apr | May | Jun | Jul | Aug | Sep | Oct | Nov | Dec
2019: Jan | Feb | Mar | Apr | May | Jun | Jul | Aug | Sep | Oct | Nov | Dec
2018: Jan | Feb | Mar | Apr | May | Jun | Jul | Aug | Sep | Oct | Nov | Dec
2017: Jan | Feb | Mar | Apr | May | Jun | Jul | Aug | Sep | Oct | Nov | Dec
2016: Jan | Feb | Mar | Apr | May | Jun | Jul | Aug | Sep | Oct | Nov | Dec
2015: Jan | Feb | Mar | Apr | May | Jun | Jul | Aug | Sep | Oct | Nov | Dec
2014: Jan | Feb | Mar | Apr | May | Jun | Jul | Aug | Sep | Oct | Nov | Dec
2013: Jan | Feb | Mar | Apr | May | Jun | Jul | Aug | Sep | Oct | Nov | Dec
2012: Jan | Feb | Mar | Apr | May | Jun | Jul | Aug | Sep | Oct | Nov | Dec
2011: Jan | Feb | Mar | Apr | May | Jun | Jul | Aug | Sep | Oct | Nov | Dec
2010: Jan | Feb | Mar | Apr | May | Jun | Jul | Aug | Sep | Oct | Nov | Dec
2009: Jan | Feb | Mar | Apr | May | Jun | Jul | Aug | Sep | Oct | Nov | Dec
2008: Jan | Feb | Mar | Apr | May | Jun | Jul | Aug | Sep | Oct | Nov | Dec
Report for 2017 10
MONTHLY CLIMATOLOGICAL SUMMARY FOR 10/2017
HEAT COOL
MEAN DEG DEG WIND SPEED DOM MEAN MEAN
DAY TEMP HIGH TIME LOW TIME DAYS DAYS RAIN AVG HI TIME DIR BAROM HUM
---------------------------------------------------------------------------------------
1 60.8 69.1 2:09pm 54.8 7:49am 5 1 0.00 2 22 11:09pm E 29.88 47
2 57.2 65.9 2:59pm 51.1 5:57am 8 0 0.00 2 24 7:04am E 29.82 36
3 56.5 67.8 2:05pm 49.9 2:58am 9 0 0.00 2 22 2:34pm E 29.85 37
4 56.9 67.8 2:15pm 48.3 7:06am 8 0 0.00 1 14 5:24pm E 30.08 41
5 59.4 70.9 3:15pm 50.9 6:44am 7 1 0.00 1 16 7:22am E 30.05 41
6 65.6 78.4 2:33pm 57.3 1:36am 3 3 0.00 2 22 3:24am E 30.04 32
7 66.7 79.2 2:07pm 60.0 6:32am 2 4 0.00 3 19 5:39am ESE 29.91 35
8 63.7 71.7 2:43pm 56.9 7:49am 3 2 0.00 4 53 11:35pm ESE 29.80 33
9 63.5 74.1 2:44pm 56.7 11:53pm 4 2 0.00 5 52 1:24am ESE 29.92 24
10 61.5 73.7 2:38pm 55.5 3:52am 5 2 0.00 2 19 1:19am ESE 29.96 31
11 55.3 62.1 3:20pm 48.8 11:00pm 10 0 0.00 1 16 5:43am ESE 29.95 37
12 54.7 65.0 2:59pm 47.2 2:36am 10 0 0.00 2 22 7:54am E 30.07 38
13 55.7 66.9 2:49pm 48.4 4:44am 10 0 0.00 1 12 4:07pm E 30.13 32
14 57.8 67.5 3:25pm 49.4 3:39am 7 0 0.00 2 20 6:05am E 30.13 33
15 64.3 77.0 2:05pm 56.8 1:08am 4 3 0.00 3 20 2:05am E 30.19 26
16 65.9 79.5 2:59pm 58.4 3:33am 3 3 0.00 2 18 8:27am E 30.15 24
17 64.7 74.6 2:59pm 59.2 7:34am 3 2 0.00 3 18 12:43am ESE 30.10 29
18 63.1 75.4 2:21pm 56.8 5:16am 4 2 0.00 3 16 11:36pm E 30.02 29
19 57.4 65.7 3:01pm 51.6 11:52pm 8 0 0.05 5 23 11:04pm S 29.91 52
20 45.9 51.7 12:00am 41.6 11:50pm 19 0 0.71 1 35 1:13am E 30.04 86
21 49.0 60.5 3:13pm 40.1 6:09am 15 0 0.00 1 12 6:57am E 30.29 69
22 56.8 68.8 3:23pm 48.0 6:01am 9 0 0.00 1 16 4:32am E 30.36 69
23 67.4 76.2 3:16pm 59.3 12:00am 1 4 0.00 1 22 9:12pm E 30.26 49
24 72.2 81.9 1:24pm 66.5 2:16am 0 7 0.00 2 24 3:44am ESE 30.15 42
25 69.5 79.7 2:22pm 63.5 7:54am 0 5 0.00 2 19 3:22am E 29.99 44
26 68.5 79.3 3:01pm 62.2 5:54am 1 4 0.00 2 16 6:22am ESE 29.93 46
27 67.6 77.6 2:34pm 62.0 6:27am 1 3 0.00 2 16 3:06am E 29.98 42
28 66.9 77.1 3:18pm 60.6 6:18am 1 3 0.00 1 14 6:17am E 29.93 43
29 66.1 75.6 2:16pm 61.1 6:55am 2 3 0.00 2 15 7:07am E 29.86 50
30 58.5 64.8 2:51pm 49.2 10:02pm 6 0 0.00 3 21 9:37am ESE 29.78 60
31 52.3 60.1 3:20pm 47.9 6:47am 13 0 0.00 0 9 10:33pm SW 29.91 76
---------------------------------------------------------------------------------------
TOT 61.0 81.9 10/24/17 40.1 10/21/17 178 56 0.77 2 53 10/8/17 E 30.01 43
HEAT BASE: 65.0
COOL BASE: 65.0