2024: Jan | Feb | Mar | Apr | May | Jun | Jul | Aug | Sep | Oct | Nov | Dec
2023: Jan | Feb | Mar | Apr | May | Jun | Jul | Aug | Sep | Oct | Nov | Dec
2022: Jan | Feb | Mar | Apr | May | Jun | Jul | Aug | Sep | Oct | Nov | Dec
2021: Jan | Feb | Mar | Apr | May | Jun | Jul | Aug | Sep | Oct | Nov | Dec
2020: Jan | Feb | Mar | Apr | May | Jun | Jul | Aug | Sep | Oct | Nov | Dec
2019: Jan | Feb | Mar | Apr | May | Jun | Jul | Aug | Sep | Oct | Nov | Dec
2018: Jan | Feb | Mar | Apr | May | Jun | Jul | Aug | Sep | Oct | Nov | Dec
2017: Jan | Feb | Mar | Apr | May | Jun | Jul | Aug | Sep | Oct | Nov | Dec
2016: Jan | Feb | Mar | Apr | May | Jun | Jul | Aug | Sep | Oct | Nov | Dec
2015: Jan | Feb | Mar | Apr | May | Jun | Jul | Aug | Sep | Oct | Nov | Dec
2014: Jan | Feb | Mar | Apr | May | Jun | Jul | Aug | Sep | Oct | Nov | Dec
2013: Jan | Feb | Mar | Apr | May | Jun | Jul | Aug | Sep | Oct | Nov | Dec
2012: Jan | Feb | Mar | Apr | May | Jun | Jul | Aug | Sep | Oct | Nov | Dec
2011: Jan | Feb | Mar | Apr | May | Jun | Jul | Aug | Sep | Oct | Nov | Dec
2010: Jan | Feb | Mar | Apr | May | Jun | Jul | Aug | Sep | Oct | Nov | Dec
2009: Jan | Feb | Mar | Apr | May | Jun | Jul | Aug | Sep | Oct | Nov | Dec
2008: Jan | Feb | Mar | Apr | May | Jun | Jul | Aug | Sep | Oct | Nov | Dec
Report for 2018 01
MONTHLY CLIMATOLOGICAL SUMMARY FOR 1/2018
HEAT COOL
MEAN DEG DEG WIND SPEED DOM MEAN MEAN
DAY TEMP HIGH TIME LOW TIME DAYS DAYS RAIN AVG HI TIME DIR BAROM HUM
---------------------------------------------------------------------------------------
1 53.9 61.7 1:23pm 49.9 1:32am 11 0 0.00 2 16 4:20am E 30.23 47
2 55.7 62.1 1:20pm 50.7 12:40am 9 0 0.00 3 19 11:27pm ESE 30.21 52
3 55.7 61.1 1:20pm 47.7 11:59pm 9 0 0.17 3 19 7:24pm ESE 30.09 50
4 51.1 56.4 1:24pm 45.9 1:05am 14 0 0.35 3 24 3:28am SE 30.14 90
5 53.2 56.8 11:25am 51.4 11:58pm 12 0 0.67 3 17 11:02am SSE 30.21 92
6 46.7 51.5 12:01am 42.4 11:35pm 18 0 0.55 3 16 10:42pm SE 30.20 93
7 44.3 48.1 1:09pm 39.9 7:37am 21 0 0.00 3 16 5:25am ESE 30.18 82
8 48.0 50.5 2:34pm 44.6 9:06am 17 0 1.80 4 23 3:24pm SE 29.88 90
9 48.6 51.9 12:56pm 45.3 10:36pm 16 0 1.56 5 25 3:05pm SSE 29.74 97
10 44.4 46.0 4:28pm 40.9 11:57pm 21 0 0.18 1 16 9:23am S 30.15 97
11 44.1 49.6 3:25pm 40.9 12:00am 21 0 0.01 1 23 4:06am ESE 30.36 94
12 46.0 54.4 2:39pm 40.0 7:14am 19 0 0.00 1 13 3:13am E 30.38 87
13 52.4 60.5 1:32pm 45.4 12:00am 13 0 0.00 1 12 9:42am SE 30.28 63
14 54.6 63.0 2:19pm 50.3 6:04am 10 0 0.00 2 24 11:53pm E 30.21 60
15 52.4 60.3 12:29pm 47.8 11:22pm 13 0 0.00 3 19 5:28am ESE 30.15 62
16 50.2 58.2 2:28pm 44.7 6:20am 15 0 0.10 1 31 6:21am E 30.25 84
17 51.6 58.9 1:47pm 44.9 11:56pm 13 0 0.00 2 18 7:55pm ESE 30.26 75
18 48.1 52.7 1:34pm 41.6 11:56pm 17 0 1.40 4 22 4:58pm SE 30.09 84
19 39.1 42.3 2:08pm 33.1 11:54pm 26 0 0.10 0 17 12:29am WSW 30.10 91
20 36.6 44.4 2:48pm 31.2 4:55am 28 0 0.00 1 14 10:42pm E 30.20 80
21 38.9 45.3 12:53pm 33.6 5:20am 26 0 0.00 1 20 2:10am E 30.40 71
22 40.9 44.4 1:21pm 35.3 5:01am 24 0 0.63 3 28 4:34am ESE 30.39 93
23 40.7 48.1 3:10pm 34.2 7:42am 24 0 0.01 2 17 8:35pm SE 30.32 92
24 41.6 48.5 12:16pm 38.4 7:01am 23 0 1.02 5 24 9:06pm SE 30.12 84
25 35.8 39.9 12:00am 32.9 3:44pm 29 0 0.48 2 20 12:00am SE 30.16 95
26 36.8 41.5 2:16pm 32.9 7:06am 28 0 0.00 0 11 7:29am ESE 30.41 94
27 43.1 52.1 2:57pm 36.1 12:00am 22 0 0.00 2 16 8:16am ESE 30.48 79
28 50.5 60.2 2:01pm 44.5 12:00am 14 0 0.00 1 18 7:57pm E 30.40 66
29 53.5 61.5 3:02pm 47.9 12:00am 12 0 0.00 2 22 8:24am ESE 30.30 52
30 53.8 64.2 1:08pm 47.2 7:58am 11 0 0.00 2 19 1:49am E 30.17 45
31 53.4 63.8 1:28pm 47.6 6:15am 12 0 0.00 1 13 8:51am E 30.12 54
---------------------------------------------------------------------------------------
TOT 47.3 64.2 1/30/18 31.2 1/20/18 549 0 9.03 2 31 1/16/18 ESE 30.21 77
HEAT BASE: 65.0
COOL BASE: 65.0