NOAA-reports For Foresthill Weather.com
2019: Jan | Feb | Mar | Apr | May | Jun | Jul | Aug | Sep | Oct | Nov | Dec 
2018: Jan | Feb | Mar | Apr | May | Jun | Jul | Aug | Sep | Oct | Nov | Dec 
2017: Jan | Feb | Mar | Apr | May | Jun | Jul | Aug | Sep | Oct | Nov | Dec 
2016: Jan | Feb | Mar | Apr | May | Jun | Jul | Aug | Sep | Oct | Nov | Dec 
2015: Jan | Feb | Mar | Apr | May | Jun | Jul | Aug | Sep | Oct | Nov | Dec 
2014: Jan | Feb | Mar | Apr | May | Jun | Jul | Aug | Sep | Oct | Nov | Dec 
2013: Jan | Feb | Mar | Apr | May | Jun | Jul | Aug | Sep | Oct | Nov | Dec 
2012: Jan | Feb | Mar | Apr | May | Jun | Jul | Aug | Sep | Oct | Nov | Dec 
2011: Jan | Feb | Mar | Apr | May | Jun | Jul | Aug | Sep | Oct | Nov | Dec 
2010: Jan | Feb | Mar | Apr | May | Jun | Jul | Aug | Sep | Oct | Nov | Dec 
2009: Jan | Feb | Mar | Apr | May | Jun | Jul | Aug | Sep | Oct | Nov | Dec 
2008: Jan | Feb | Mar | Apr | May | Jun | Jul | Aug | Sep | Oct | Nov | Dec 

Report for 2018 04
MONTHLY CLIMATOLOGICAL SUMMARY FOR 4/2018 HEAT COOL MEAN DEG DEG WIND SPEED DOM MEAN MEAN DAY TEMP HIGH TIME LOW TIME DAYS DAYS RAIN AVG HI TIME DIR BAROM HUM --------------------------------------------------------------------------------------- 1 58.8 71.2 1:28pm 49.8 6:36am 7 1 0.00 1 20 12:00am ESE 29.93 43 2 55.9 65.9 1:43pm 49.0 6:50am 9 0 0.00 1 18 3:10pm ESE 29.88 55 3 56.5 67.5 3:17pm 47.9 5:48am 9 0 0.00 2 13 7:27am ESE 29.99 48 4 58.1 69.7 12:55pm 50.0 6:47am 8 1 0.00 2 15 8:08am ESE 30.06 46 5 54.5 63.7 1:27pm 46.1 10:38pm 11 0 0.13 2 25 11:31pm SE 30.06 57 6 49.6 53.4 10:52pm 46.1 1:11am 15 0 2.13 7 28 1:21pm SSE 29.99 95 7 51.4 54.7 4:09pm 44.7 10:36pm 14 0 1.25 6 26 1:09am S 29.98 90 8 48.7 59.3 4:29pm 39.2 7:02am 16 0 0.00 0 11 6:15pm NW 30.19 78 9 57.9 69.4 3:32pm 46.3 2:33am 8 1 0.00 2 20 11:34pm E 30.10 65 10 56.0 62.3 2:04pm 48.5 11:59pm 9 0 0.00 1 26 12:45am SE 30.06 68 11 47.4 55.8 1:06pm 37.0 10:05pm 18 0 0.49 4 23 8:32pm ESE 29.99 74 12 40.2 47.1 4:34pm 35.4 7:30am 25 0 0.05 0 14 12:20am W 30.25 82 13 47.5 60.8 4:02pm 34.7 5:53am 17 0 0.00 0 10 1:17pm WNW 30.42 66 14 55.2 68.0 2:20pm 45.4 6:36am 10 0 0.00 2 13 2:16pm E 30.28 65 15 50.3 59.9 12:18pm 38.6 9:53pm 15 0 0.43 5 26 1:58pm SE 29.94 71 16 36.9 39.7 12:00am 33.5 11:53pm 28 0 0.22 2 18 7:02am S 30.03 94 17 40.5 51.8 2:20pm 31.8 6:46am 24 0 0.01 0 9 2:36pm ESE 30.32 81 18 44.1 49.7 2:09pm 39.7 10:50pm 21 0 0.00 1 13 3:05am ESE 30.12 79 19 46.1 57.0 5:12pm 36.0 6:58am 19 0 0.00 1 18 2:35pm WNW 30.09 71 20 55.8 68.3 2:17pm 44.1 5:13am 10 1 0.00 2 15 1:58pm E 30.18 57 21 59.7 71.4 2:04pm 49.4 6:58am 7 1 0.00 2 15 3:35am E 30.12 60 22 62.4 74.7 1:28pm 53.4 6:15am 5 2 0.00 3 20 7:43am E 29.99 55 23 64.5 77.3 1:30pm 54.6 6:55am 4 3 0.00 3 19 2:34am E 29.98 44 24 66.0 78.7 1:06pm 57.3 3:24am 3 4 0.00 2 18 3:13am E 29.98 48 25 66.5 78.7 12:40pm 58.0 7:02am 3 4 0.00 2 15 4:30am E 29.99 50 26 63.6 75.3 1:36pm 54.2 11:28pm 4 2 0.00 2 14 4:52am ESE 29.93 54 27 51.3 60.0 1:51pm 42.8 7:44am 14 0 0.00 4 21 5:05am SSE 30.04 60 28 47.3 54.6 1:43pm 40.5 6:43am 18 0 0.00 1 19 12:57pm SW 30.07 76 29 46.9 53.9 5:44pm 41.2 6:34am 18 0 0.06 0 16 8:46pm E 30.07 78 30 47.4 57.8 4:33pm 39.2 6:50am 18 0 0.02 1 14 3:56pm ESE 30.01 80 --------------------------------------------------------------------------------------- TOT 52.9 78.7 4/24/18 31.8 4/17/18 384 21 4.80 2 28 4/6/18 ESE 30.07 66 HEAT BASE: 65.0 COOL BASE: 65.0
powered by Cumulus v1.9.3 (1059)
Ambient Weather VWS v14.00
Top Contact Website Map Copyright © 2007 - noaa Foresthillweather.com Never base important decisions on this or any weather information obtained from the Internet