NOAA-reports For Foresthill Weather.com
2019: Jan | Feb | Mar | Apr | May | Jun | Jul | Aug | Sep | Oct | Nov | Dec 
2018: Jan | Feb | Mar | Apr | May | Jun | Jul | Aug | Sep | Oct | Nov | Dec 
2017: Jan | Feb | Mar | Apr | May | Jun | Jul | Aug | Sep | Oct | Nov | Dec 
2016: Jan | Feb | Mar | Apr | May | Jun | Jul | Aug | Sep | Oct | Nov | Dec 
2015: Jan | Feb | Mar | Apr | May | Jun | Jul | Aug | Sep | Oct | Nov | Dec 
2014: Jan | Feb | Mar | Apr | May | Jun | Jul | Aug | Sep | Oct | Nov | Dec 
2013: Jan | Feb | Mar | Apr | May | Jun | Jul | Aug | Sep | Oct | Nov | Dec 
2012: Jan | Feb | Mar | Apr | May | Jun | Jul | Aug | Sep | Oct | Nov | Dec 
2011: Jan | Feb | Mar | Apr | May | Jun | Jul | Aug | Sep | Oct | Nov | Dec 
2010: Jan | Feb | Mar | Apr | May | Jun | Jul | Aug | Sep | Oct | Nov | Dec 
2009: Jan | Feb | Mar | Apr | May | Jun | Jul | Aug | Sep | Oct | Nov | Dec 
2008: Jan | Feb | Mar | Apr | May | Jun | Jul | Aug | Sep | Oct | Nov | Dec 

Report for 2018 09
MONTHLY CLIMATOLOGICAL SUMMARY FOR 9/2018 HEAT COOL MEAN DEG DEG WIND SPEED DOM MEAN MEAN DAY TEMP HIGH TIME LOW TIME DAYS DAYS RAIN AVG HI TIME DIR BAROM HUM --------------------------------------------------------------------------------------- 1 70.3 81.6 1:38pm 60.4 6:03am 1 6 0.00 1 11 1:42pm W 29.83 50 2 74.4 87.6 3:04pm 64.4 4:46am 0 9 0.00 1 13 3:07pm ESE 29.80 42 3 76.1 87.2 1:04pm 68.0 7:02am 0 11 0.00 1 13 1:55am E 29.81 37 4 76.6 89.5 2:10pm 69.2 6:59am 0 12 0.00 2 15 4:08am E 29.81 33 5 76.8 91.8 1:40pm 69.0 11:15pm 0 12 0.00 2 20 1:33am ESE 29.89 34 6 75.9 88.9 2:06pm 68.5 7:55am 0 11 0.00 2 15 1:11am ESE 29.98 33 7 77.1 90.6 2:32pm 68.5 7:27am 0 12 0.00 2 21 7:11am E 29.97 29 8 75.2 88.9 2:02pm 67.7 6:58am 0 10 0.00 2 16 4:34am ESE 29.91 28 9 74.4 87.3 1:17pm 65.8 6:56am 0 9 0.00 3 18 7:37am E 29.85 26 10 73.3 84.8 3:05pm 65.4 5:40am 0 8 0.00 2 16 1:34am E 29.85 29 11 71.7 85.1 1:52pm 64.2 7:40am 0 7 0.00 4 21 4:40am ESE 29.81 30 12 62.1 69.2 1:28pm 54.6 7:05am 3 1 0.00 1 22 2:56am SSE 29.84 39 13 60.9 72.1 2:52pm 55.1 1:15am 5 1 0.00 1 18 2:15pm SSE 29.95 46 14 62.0 74.6 1:49pm 53.6 3:47am 5 2 0.00 2 15 1:50am E 29.92 41 15 61.4 71.6 1:56pm 55.2 10:53pm 5 1 0.00 2 22 2:32pm ESE 29.89 42 16 62.3 75.6 2:55pm 52.8 7:46am 5 3 0.00 1 13 4:55am ESE 29.97 42 17 64.1 77.1 2:20pm 56.2 6:43am 4 3 0.00 2 14 2:03am E 29.94 41 18 64.6 77.1 2:47pm 56.6 6:42am 3 3 0.00 1 12 2:49pm ESE 29.91 44 19 65.0 76.1 2:03pm 56.3 7:42am 3 3 0.00 2 14 4:31pm E 29.87 42 20 69.5 81.3 2:33pm 60.6 2:49am 1 5 0.00 2 18 6:07am E 29.86 34 21 71.8 84.9 1:54pm 63.3 7:38am 0 7 0.00 3 19 12:53am E 29.95 32 22 71.1 83.9 1:55pm 62.7 7:01am 0 6 0.00 3 18 12:05am ESE 29.94 29 23 69.8 82.4 2:13pm 61.8 6:45am 1 5 0.00 3 19 2:36am ESE 29.86 31 24 70.3 84.2 1:51pm 62.1 5:17am 1 6 0.00 1 22 6:10am ESE 29.85 27 25 73.3 85.3 1:24pm 64.9 4:38am 0 8 0.00 2 19 6:41am E 29.91 24 26 76.5 88.7 2:21pm 69.1 6:10am 0 12 0.00 2 16 5:16am E 29.97 22 27 76.2 89.0 2:29pm 67.5 5:23am 0 11 0.00 1 14 7:45am ESE 29.89 21 28 73.1 84.9 1:59pm 58.9 11:59pm 0 8 0.00 2 18 8:16am ESE 29.79 30 29 57.5 69.4 2:46pm 49.7 8:08am 8 0 0.00 3 17 3:02pm S 29.84 66 30 60.2 71.7 2:21pm 50.4 7:07am 6 1 0.00 1 21 11:30am ESE 29.92 66 --------------------------------------------------------------------------------------- TOT 69.8 91.8 9/5/18 49.7 9/29/18 53 196 0.00 2 22 9/12/18 ESE 29.89 36 HEAT BASE: 65.0 COOL BASE: 65.0
powered by Cumulus v1.9.3 (1059)
Ambient Weather VWS v14.00
Top Contact Website Map Copyright © 2007 - noaa Foresthillweather.com Never base important decisions on this or any weather information obtained from the Internet