2024: Jan | Feb | Mar | Apr | May | Jun | Jul | Aug | Sep | Oct | Nov | Dec
2023: Jan | Feb | Mar | Apr | May | Jun | Jul | Aug | Sep | Oct | Nov | Dec
2022: Jan | Feb | Mar | Apr | May | Jun | Jul | Aug | Sep | Oct | Nov | Dec
2021: Jan | Feb | Mar | Apr | May | Jun | Jul | Aug | Sep | Oct | Nov | Dec
2020: Jan | Feb | Mar | Apr | May | Jun | Jul | Aug | Sep | Oct | Nov | Dec
2019: Jan | Feb | Mar | Apr | May | Jun | Jul | Aug | Sep | Oct | Nov | Dec
2018: Jan | Feb | Mar | Apr | May | Jun | Jul | Aug | Sep | Oct | Nov | Dec
2017: Jan | Feb | Mar | Apr | May | Jun | Jul | Aug | Sep | Oct | Nov | Dec
2016: Jan | Feb | Mar | Apr | May | Jun | Jul | Aug | Sep | Oct | Nov | Dec
2015: Jan | Feb | Mar | Apr | May | Jun | Jul | Aug | Sep | Oct | Nov | Dec
2014: Jan | Feb | Mar | Apr | May | Jun | Jul | Aug | Sep | Oct | Nov | Dec
2013: Jan | Feb | Mar | Apr | May | Jun | Jul | Aug | Sep | Oct | Nov | Dec
2012: Jan | Feb | Mar | Apr | May | Jun | Jul | Aug | Sep | Oct | Nov | Dec
2011: Jan | Feb | Mar | Apr | May | Jun | Jul | Aug | Sep | Oct | Nov | Dec
2010: Jan | Feb | Mar | Apr | May | Jun | Jul | Aug | Sep | Oct | Nov | Dec
2009: Jan | Feb | Mar | Apr | May | Jun | Jul | Aug | Sep | Oct | Nov | Dec
2008: Jan | Feb | Mar | Apr | May | Jun | Jul | Aug | Sep | Oct | Nov | Dec
Report for 2018 11
MONTHLY CLIMATOLOGICAL SUMMARY FOR 11/2018
HEAT COOL
MEAN DEG DEG WIND SPEED DOM MEAN MEAN
DAY TEMP HIGH TIME LOW TIME DAYS DAYS RAIN AVG HI TIME DIR BAROM HUM
---------------------------------------------------------------------------------------
1 63.6 72.9 2:50pm 56.9 4:25am 3 2 0.00 1 15 6:05am E 30.16 47
2 61.5 70.8 3:01pm 55.2 7:25am 5 1 0.00 1 16 7:24am E 30.16 50
3 63.9 72.9 2:33pm 57.7 5:37am 3 2 0.00 1 16 3:15am E 30.11 28
4 63.0 71.4 3:34pm 57.0 11:56pm 3 1 0.00 1 16 7:29am ESE 30.01 40
5 58.3 66.5 1:50pm 52.3 6:32am 7 0 0.00 1 14 12:10am E 29.94 38
6 57.4 65.9 2:06pm 52.5 4:07am 8 0 0.00 1 14 11:46pm E 30.00 25
7 55.0 64.6 2:10pm 49.7 6:56am 10 0 0.00 2 20 10:59pm ESE 30.06 30
8 55.3 64.3 1:03pm 47.7 7:31am 10 0 0.00 5 34 12:05pm E 30.13 19
9 53.9 63.8 1:25pm 47.8 11:59pm 11 0 0.00 2 21 12:02am E 30.16 22
10 52.1 61.7 1:58pm 47.0 6:59am 13 0 0.00 2 20 10:54pm E 30.07 27
11 52.4 64.0 11:40am 46.1 6:57am 13 0 0.00 1 26 8:53am ESE 30.16 27
12 52.5 62.1 1:30pm 46.6 6:53am 13 0 0.00 1 12 3:37am E 30.36 25
13 52.0 60.2 1:56pm 47.0 5:19am 13 0 0.00 0 14 8:12pm E 30.44 31
14 52.4 62.4 12:50pm 45.9 3:25am 13 0 0.00 1 19 5:37am E 30.35 35
15 53.2 63.4 1:22pm 47.4 4:44am 12 0 0.00 2 18 6:10am E 30.19 34
16 55.2 65.5 1:57pm 50.2 7:14am 10 0 0.00 2 18 5:38am E 30.06 30
17 54.0 63.7 12:33pm 48.4 5:44am 11 0 0.00 1 16 6:39am E 30.06 31
18 54.0 64.2 2:26pm 49.2 5:39am 11 0 0.00 1 15 5:19am E 30.10 34
19 54.7 65.3 1:54pm 49.6 11:57pm 10 0 0.00 2 22 1:51am E 30.09 30
20 53.0 61.9 12:24pm 48.1 7:12am 12 0 0.00 2 21 3:52am ESE 30.04 32
21 48.7 54.2 11:15am 44.4 11:34pm 16 0 1.05 4 26 2:41pm SE 30.04 63
22 45.3 47.0 12:32pm 42.8 11:45pm 20 0 1.47 6 31 7:15pm S 30.15 96
23 46.3 49.5 10:37pm 42.8 12:00am 19 0 2.85 8 24 8:40am SSE 30.16 97
24 50.3 52.8 12:57pm 47.1 11:58pm 15 0 0.33 1 16 2:08am S 30.06 97
25 48.1 54.3 1:55pm 43.4 7:27am 17 0 0.00 1 15 9:15am ESE 30.13 95
26 49.8 55.9 1:40pm 45.1 3:22am 15 0 0.00 1 19 3:48am E 30.22 87
27 46.9 49.1 12:00am 45.4 5:12pm 18 0 0.26 3 25 3:54pm SE 30.12 91
28 48.0 49.8 12:16pm 46.2 11:04pm 17 0 0.23 2 26 11:38pm SSE 29.89 97
29 43.2 46.3 12:00am 40.4 2:08pm 22 0 1.40 7 35 11:05am SSE 29.61 97
30 41.3 44.2 2:15pm 37.6 6:26pm 24 0 0.00 0 15 8:57pm ESE 30.04 95
---------------------------------------------------------------------------------------
TOT 52.8 72.9 11/1/18 37.6 11/30/18 371 6 7.58 2 35 11/29/18 E 30.10 52
HEAT BASE: 65.0
COOL BASE: 65.0