2024: Jan | Feb | Mar | Apr | May | Jun | Jul | Aug | Sep | Oct | Nov | Dec
2023: Jan | Feb | Mar | Apr | May | Jun | Jul | Aug | Sep | Oct | Nov | Dec
2022: Jan | Feb | Mar | Apr | May | Jun | Jul | Aug | Sep | Oct | Nov | Dec
2021: Jan | Feb | Mar | Apr | May | Jun | Jul | Aug | Sep | Oct | Nov | Dec
2020: Jan | Feb | Mar | Apr | May | Jun | Jul | Aug | Sep | Oct | Nov | Dec
2019: Jan | Feb | Mar | Apr | May | Jun | Jul | Aug | Sep | Oct | Nov | Dec
2018: Jan | Feb | Mar | Apr | May | Jun | Jul | Aug | Sep | Oct | Nov | Dec
2017: Jan | Feb | Mar | Apr | May | Jun | Jul | Aug | Sep | Oct | Nov | Dec
2016: Jan | Feb | Mar | Apr | May | Jun | Jul | Aug | Sep | Oct | Nov | Dec
2015: Jan | Feb | Mar | Apr | May | Jun | Jul | Aug | Sep | Oct | Nov | Dec
2014: Jan | Feb | Mar | Apr | May | Jun | Jul | Aug | Sep | Oct | Nov | Dec
2013: Jan | Feb | Mar | Apr | May | Jun | Jul | Aug | Sep | Oct | Nov | Dec
2012: Jan | Feb | Mar | Apr | May | Jun | Jul | Aug | Sep | Oct | Nov | Dec
2011: Jan | Feb | Mar | Apr | May | Jun | Jul | Aug | Sep | Oct | Nov | Dec
2010: Jan | Feb | Mar | Apr | May | Jun | Jul | Aug | Sep | Oct | Nov | Dec
2009: Jan | Feb | Mar | Apr | May | Jun | Jul | Aug | Sep | Oct | Nov | Dec
2008: Jan | Feb | Mar | Apr | May | Jun | Jul | Aug | Sep | Oct | Nov | Dec
Report for 2020 03
MONTHLY CLIMATOLOGICAL SUMMARY FOR 3/2020
HEAT COOL
MEAN DEG DEG WIND SPEED DOM MEAN MEAN
DAY TEMP HIGH TIME LOW TIME DAYS DAYS RAIN AVG HI TIME DIR BAROM HUM
---------------------------------------------------------------------------------------
1 40.0 47.2 4:16pm 35.4 10:26am 25 0 0.28 4 44 8:15pm ENE 30.00 76
2 48.3 63.4 2:20pm 37.2 3:59am 17 0 0.00 3 36 4:50am ENE 30.12 39
3 56.0 68.4 1:50pm 45.0 5:49am 10 0 0.00 1 21 12:57am ENE 30.06 51
4 56.8 70.0 1:07pm 47.8 5:39am 9 1 0.00 2 19 9:43pm ESE 30.11 48
5 56.8 71.9 1:22pm 48.6 6:31am 9 1 0.00 3 20 1:12am ESE 30.11 52
6 51.7 63.9 1:12pm 43.4 11:59pm 13 0 0.00 3 21 1:07pm ESE 29.95 69
7 40.6 43.5 12:00am 39.1 10:55pm 24 0 0.81 3 19 6:54am S 29.95 94
8 41.9 46.1 2:37pm 38.3 1:08am 22 0 0.06 0 13 1:01am E 30.05 93
9 46.6 56.5 2:31pm 40.0 6:42am 18 0 0.00 1 13 5:24am ESE 30.15 81
10 53.4 67.6 1:34pm 43.0 2:50am 12 0 0.00 2 20 8:00am E 30.07 63
11 52.1 63.2 2:01pm 43.7 7:38am 13 0 0.00 2 15 3:59am E 30.06 70
12 57.8 76.1 2:56pm 44.1 6:10am 10 2 0.00 2 27 2:03pm ESE 29.87 53
13 52.6 62.1 1:52pm 43.0 11:59pm 12 0 0.00 7 29 11:01am S 29.72 57
14 38.4 43.1 12:00am 35.2 8:30pm 27 0 2.43 6 30 8:38am SSW 29.95 94
15 34.7 38.3 5:58am 32.2 11:53pm 30 0 2.50 6 37 4:12am S 30.01 96
16 33.4 36.0 2:08pm 31.9 1:06am 32 0 0.79 0 1 9:59am SSE 29.99 96
17 34.2 38.9 2:59pm 32.0 6:41am 31 0 0.28 1 18 3:28pm ESE 30.03 95
18 35.2 39.2 4:08pm 32.5 6:51am 30 0 0.17 1 14 3:43am SE 29.97 96
19 38.4 49.2 2:06pm 30.9 7:04am 27 0 0.06 2 19 4:53am ESE 30.09 86
20 41.1 51.4 5:44pm 33.0 7:44am 24 0 0.00 1 12 2:42am E 30.26 85
21 44.7 55.6 1:03pm 36.9 6:41am 20 0 0.05 2 16 2:05pm ESE 30.20 78
22 47.3 61.5 1:56pm 37.8 6:01am 18 0 0.00 3 19 6:18pm E 30.13 74
23 44.8 52.4 3:40pm 39.8 11:26pm 20 0 0.00 6 22 1:06pm S 30.09 80
24 38.6 43.0 2:13pm 35.8 6:55am 26 0 0.50 3 22 4:20pm SSE 30.16 94
25 38.5 46.6 3:20pm 33.9 11:57pm 27 0 0.00 4 17 11:38am S 30.09 84
26 35.2 43.7 1:05pm 31.1 5:39am 30 0 0.33 0 14 2:33pm NE 30.10 89
27 40.0 51.8 2:22pm 30.7 6:23am 25 0 0.00 3 20 8:16am E 30.19 74
28 40.5 47.1 1:42pm 34.8 5:03am 24 0 0.30 3 19 1:01pm S 30.23 86
29 43.3 52.6 5:05pm 39.1 6:16am 22 0 0.18 0 12 7:36am ESE 30.18 89
30 46.1 54.3 3:32pm 40.9 3:05am 19 0 0.00 1 16 2:20pm SSE 30.32 86
31 51.2 60.0 2:12pm 44.9 5:34am 14 0 0.00 2 16 6:47am SE 30.19 77
---------------------------------------------------------------------------------------
TOT 44.5 76.1 3/12/20 30.7 3/27/20 639 5 8.75 3 44 3/1/20 ESE 30.08 78
HEAT BASE: 65.0
COOL BASE: 65.0