2024: Jan | Feb | Mar | Apr | May | Jun | Jul | Aug | Sep | Oct | Nov | Dec
2023: Jan | Feb | Mar | Apr | May | Jun | Jul | Aug | Sep | Oct | Nov | Dec
2022: Jan | Feb | Mar | Apr | May | Jun | Jul | Aug | Sep | Oct | Nov | Dec
2021: Jan | Feb | Mar | Apr | May | Jun | Jul | Aug | Sep | Oct | Nov | Dec
2020: Jan | Feb | Mar | Apr | May | Jun | Jul | Aug | Sep | Oct | Nov | Dec
2019: Jan | Feb | Mar | Apr | May | Jun | Jul | Aug | Sep | Oct | Nov | Dec
2018: Jan | Feb | Mar | Apr | May | Jun | Jul | Aug | Sep | Oct | Nov | Dec
2017: Jan | Feb | Mar | Apr | May | Jun | Jul | Aug | Sep | Oct | Nov | Dec
2016: Jan | Feb | Mar | Apr | May | Jun | Jul | Aug | Sep | Oct | Nov | Dec
2015: Jan | Feb | Mar | Apr | May | Jun | Jul | Aug | Sep | Oct | Nov | Dec
2014: Jan | Feb | Mar | Apr | May | Jun | Jul | Aug | Sep | Oct | Nov | Dec
2013: Jan | Feb | Mar | Apr | May | Jun | Jul | Aug | Sep | Oct | Nov | Dec
2012: Jan | Feb | Mar | Apr | May | Jun | Jul | Aug | Sep | Oct | Nov | Dec
2011: Jan | Feb | Mar | Apr | May | Jun | Jul | Aug | Sep | Oct | Nov | Dec
2010: Jan | Feb | Mar | Apr | May | Jun | Jul | Aug | Sep | Oct | Nov | Dec
2009: Jan | Feb | Mar | Apr | May | Jun | Jul | Aug | Sep | Oct | Nov | Dec
2008: Jan | Feb | Mar | Apr | May | Jun | Jul | Aug | Sep | Oct | Nov | Dec
Report for 2020 09
MONTHLY CLIMATOLOGICAL SUMMARY FOR 9/2020
HEAT COOL
MEAN DEG DEG WIND SPEED DOM MEAN MEAN
DAY TEMP HIGH TIME LOW TIME DAYS DAYS RAIN AVG HI TIME DIR BAROM HUM
---------------------------------------------------------------------------------------
1 77.6 91.7 1:07pm 68.8 3:58am 0 13 0.00 2 14 2:35pm ESE 29.86 42
2 77.2 89.1 1:56pm 68.6 6:51am 0 12 0.00 2 19 3:57am ESE 29.95 39
3 76.8 89.8 1:30pm 67.1 6:53am 0 12 0.00 1 12 10:53pm ESE 29.95 44
4 79.2 92.6 1:49pm 69.6 6:58am 0 14 0.00 1 12 1:03am ESE 29.93 41
5 83.2 98.1 1:17pm 73.6 3:07am 0 18 0.00 3 19 6:36am E 29.96 33
6 87.6 101.7 4:56pm 79.4 3:53am 0 23 0.00 5 24 7:18am E 29.95 26
7 84.9 98.1 2:42pm 77.5 6:54am 0 20 0.00 4 16 1:39am ESE 29.78 28
8 80.4 92.8 1:11pm 73.9 11:58pm 0 15 0.00 8 38 9:26pm E 29.64 17
9 74.3 85.5 12:58pm 65.2 11:56pm 0 9 0.00 4 30 12:26am ESE 29.78 23
10 70.0 81.5 1:16pm 63.2 2:46am 0 5 0.00 1 16 4:51am ESE 29.99 33
11 71.0 84.8 1:20pm 62.3 5:56am 1 7 0.00 1 15 6:27am ESE 30.00 37
12 72.2 86.6 1:49pm 62.3 6:22am 0 8 0.00 1 13 9:05pm ESE 29.92 37
13 73.8 87.4 1:08pm 65.6 6:17am 0 9 0.00 1 16 1:05am ESE 29.90 30
14 74.2 88.5 1:34pm 66.6 7:09am 0 9 0.00 2 21 3:13am ESE 29.96 32
15 74.8 88.3 2:37pm 66.7 5:18am 0 10 0.00 2 22 5:36am ESE 30.02 30
16 73.3 86.9 2:08pm 65.6 7:24am 0 8 0.00 2 14 2:39am ESE 30.00 35
17 72.2 85.2 2:11pm 63.9 6:34am 0 7 0.00 3 20 3:04am ESE 29.94 36
18 65.1 74.8 4:48pm 57.4 11:27pm 2 2 0.00 2 18 1:50pm ESE 29.94 55
19 66.2 80.3 2:00pm 56.1 7:08am 3 4 0.00 2 14 5:34am E 29.96 54
20 69.9 83.7 2:37pm 59.6 6:14am 1 6 0.00 2 15 4:41am ESE 29.90 44
21 71.4 85.0 1:46pm 62.6 7:02am 0 7 0.00 3 16 1:15am ESE 29.90 39
22 70.6 84.6 1:39pm 62.1 7:18am 0 6 0.00 3 22 2:33pm ESE 29.99 38
23 71.1 85.6 1:43pm 61.8 6:28am 1 7 0.00 3 18 6:44am ESE 30.04 32
24 69.0 83.4 1:54pm 59.5 7:12am 1 5 0.00 2 19 3:45am ESE 29.98 43
25 67.6 82.4 2:44pm 57.0 5:33am 2 5 0.00 1 16 12:54am ESE 29.97 54
26 69.3 82.0 2:45pm 59.5 7:01am 1 6 0.00 2 15 4:24pm NNW 29.99 48
27 77.3 94.8 2:28pm 66.0 12:28am 0 12 0.00 4 35 11:01pm ESE 29.90 31
28 81.0 98.7 1:46pm 73.4 7:26am 0 16 0.00 7 35 1:12am ESE 29.92 19
29 78.2 92.1 2:22pm 69.4 7:05am 0 13 0.00 3 25 12:39am ESE 29.99 26
30 78.9 94.0 1:41pm 68.5 7:17am 0 14 0.00 4 19 3:56pm ESE 30.03 27
---------------------------------------------------------------------------------------
TOT 74.6 101.7 9/6/20 56.1 9/19/20 15 303 0.00 3 38 9/8/20 ESE 29.94 36
HEAT BASE: 65.0
COOL BASE: 65.0