2024: Jan | Feb | Mar | Apr | May | Jun | Jul | Aug | Sep | Oct | Nov | Dec
2023: Jan | Feb | Mar | Apr | May | Jun | Jul | Aug | Sep | Oct | Nov | Dec
2022: Jan | Feb | Mar | Apr | May | Jun | Jul | Aug | Sep | Oct | Nov | Dec
2021: Jan | Feb | Mar | Apr | May | Jun | Jul | Aug | Sep | Oct | Nov | Dec
2020: Jan | Feb | Mar | Apr | May | Jun | Jul | Aug | Sep | Oct | Nov | Dec
2019: Jan | Feb | Mar | Apr | May | Jun | Jul | Aug | Sep | Oct | Nov | Dec
2018: Jan | Feb | Mar | Apr | May | Jun | Jul | Aug | Sep | Oct | Nov | Dec
2017: Jan | Feb | Mar | Apr | May | Jun | Jul | Aug | Sep | Oct | Nov | Dec
2016: Jan | Feb | Mar | Apr | May | Jun | Jul | Aug | Sep | Oct | Nov | Dec
2015: Jan | Feb | Mar | Apr | May | Jun | Jul | Aug | Sep | Oct | Nov | Dec
2014: Jan | Feb | Mar | Apr | May | Jun | Jul | Aug | Sep | Oct | Nov | Dec
2013: Jan | Feb | Mar | Apr | May | Jun | Jul | Aug | Sep | Oct | Nov | Dec
2012: Jan | Feb | Mar | Apr | May | Jun | Jul | Aug | Sep | Oct | Nov | Dec
2011: Jan | Feb | Mar | Apr | May | Jun | Jul | Aug | Sep | Oct | Nov | Dec
2010: Jan | Feb | Mar | Apr | May | Jun | Jul | Aug | Sep | Oct | Nov | Dec
2009: Jan | Feb | Mar | Apr | May | Jun | Jul | Aug | Sep | Oct | Nov | Dec
2008: Jan | Feb | Mar | Apr | May | Jun | Jul | Aug | Sep | Oct | Nov | Dec
Report for 2021 04
MONTHLY CLIMATOLOGICAL SUMMARY FOR 4/2021
HEAT COOL
MEAN DEG DEG WIND SPEED DOM MEAN MEAN
DAY TEMP HIGH TIME LOW TIME DAYS DAYS RAIN AVG HI TIME DIR BAROM HUM
---------------------------------------------------------------------------------------
1 61.7 77.3 2:55pm 50.3 6:25am 7 3 0.00 2 20 12:31am ESE 30.00 37
2 61.8 76.9 1:09pm 50.8 6:46am 6 3 0.00 3 20 12:56am ESE 30.00 34
3 58.7 72.9 11:29am 47.4 11:09pm 8 1 0.00 2 22 3:22am ESE 30.08 50
4 53.7 66.0 12:49pm 40.6 5:25am 11 0 0.00 2 15 1:53pm ESE 30.12 67
5 51.9 63.5 3:10pm 41.7 7:41am 13 0 0.00 2 31 8:35am SE 30.02 69
6 55.9 70.0 1:44pm 45.0 4:19am 10 1 0.00 2 16 7:27am ESE 30.04 59
7 55.5 67.7 1:43pm 47.1 7:05am 10 0 0.00 3 19 12:54pm ESE 30.11 53
8 55.3 67.5 4:55pm 44.5 6:50am 10 0 0.00 2 21 12:13am ESE 30.13 41
9 56.6 69.5 2:22pm 45.8 6:34am 9 1 0.00 2 16 3:36pm ESE 30.08 48
10 57.8 71.4 5:03pm 46.5 7:05am 9 1 0.00 2 13 1:34am ESE 30.02 50
11 58.3 72.2 2:26pm 46.5 6:52am 8 1 0.00 1 12 2:40pm WNW 29.88 44
12 61.1 73.5 1:50pm 51.5 6:55am 6 2 0.00 2 16 8:15am ESE 29.81 36
13 54.7 63.8 1:54pm 44.2 11:54pm 10 0 0.00 4 26 11:28pm ESE 29.77 50
14 48.5 58.7 1:55pm 40.6 6:10am 16 0 0.00 3 28 12:22am ESE 29.93 68
15 52.9 66.2 2:01pm 42.2 6:22am 12 0 0.00 2 20 1:21am ESE 30.05 53
16 57.4 70.8 5:25pm 44.3 6:27am 9 1 0.00 2 15 2:14pm NW 30.00 47
17 61.0 75.7 2:48pm 50.0 6:21am 7 3 0.00 4 32 9:26am E 30.05 29
18 64.0 78.6 1:18pm 51.4 6:43am 5 4 0.00 2 25 7:17am E 30.11 25
19 65.0 78.7 2:16pm 54.7 6:46am 4 4 0.00 2 20 12:00am E 30.03 36
20 59.9 69.6 1:32pm 50.2 10:39pm 6 1 0.00 3 21 1:41am ESE 29.82 48
21 57.6 68.2 4:49pm 49.3 7:08am 8 0 0.00 1 20 1:16am WSW 29.80 57
22 58.0 69.8 1:54pm 48.3 6:35am 8 1 0.00 1 20 11:12pm ESE 29.88 56
23 58.8 69.0 2:10pm 50.3 6:26am 7 1 0.00 3 20 10:22pm ESE 29.93 53
24 50.9 57.8 2:50pm 44.7 6:28am 14 0 0.00 4 22 12:19am SSW 29.96 61
25 45.0 51.1 12:04pm 39.7 11:57pm 20 0 0.12 3 22 1:02pm S 29.89 77
26 42.5 54.6 3:12pm 34.8 6:44am 23 0 0.01 1 14 1:21am ESE 29.94 80
27 52.5 68.8 5:11pm 38.0 1:54am 13 0 0.00 2 21 5:12pm ENE 30.04 55
28 60.5 75.5 4:39pm 46.7 4:58am 7 3 0.00 2 21 8:02am ESE 30.19 37
29 66.4 80.6 4:41pm 55.0 4:54am 3 5 0.00 2 14 4:12pm ESE 30.20 38
30 68.9 82.1 2:57pm 59.7 5:22am 2 6 0.00 4 19 3:22am ESE 30.08 40
---------------------------------------------------------------------------------------
TOT 57.1 82.1 4/30/21 34.8 4/26/21 280 43 0.13 2 31 4/5/21 ESE 30.00 50
HEAT BASE: 65.0
COOL BASE: 65.0