2024: Jan | Feb | Mar | Apr | May | Jun | Jul | Aug | Sep | Oct | Nov | Dec
2023: Jan | Feb | Mar | Apr | May | Jun | Jul | Aug | Sep | Oct | Nov | Dec
2022: Jan | Feb | Mar | Apr | May | Jun | Jul | Aug | Sep | Oct | Nov | Dec
2021: Jan | Feb | Mar | Apr | May | Jun | Jul | Aug | Sep | Oct | Nov | Dec
2020: Jan | Feb | Mar | Apr | May | Jun | Jul | Aug | Sep | Oct | Nov | Dec
2019: Jan | Feb | Mar | Apr | May | Jun | Jul | Aug | Sep | Oct | Nov | Dec
2018: Jan | Feb | Mar | Apr | May | Jun | Jul | Aug | Sep | Oct | Nov | Dec
2017: Jan | Feb | Mar | Apr | May | Jun | Jul | Aug | Sep | Oct | Nov | Dec
2016: Jan | Feb | Mar | Apr | May | Jun | Jul | Aug | Sep | Oct | Nov | Dec
2015: Jan | Feb | Mar | Apr | May | Jun | Jul | Aug | Sep | Oct | Nov | Dec
2014: Jan | Feb | Mar | Apr | May | Jun | Jul | Aug | Sep | Oct | Nov | Dec
2013: Jan | Feb | Mar | Apr | May | Jun | Jul | Aug | Sep | Oct | Nov | Dec
2012: Jan | Feb | Mar | Apr | May | Jun | Jul | Aug | Sep | Oct | Nov | Dec
2011: Jan | Feb | Mar | Apr | May | Jun | Jul | Aug | Sep | Oct | Nov | Dec
2010: Jan | Feb | Mar | Apr | May | Jun | Jul | Aug | Sep | Oct | Nov | Dec
2009: Jan | Feb | Mar | Apr | May | Jun | Jul | Aug | Sep | Oct | Nov | Dec
2008: Jan | Feb | Mar | Apr | May | Jun | Jul | Aug | Sep | Oct | Nov | Dec
Report for 2021 08
MONTHLY CLIMATOLOGICAL SUMMARY FOR 8/2021
HEAT COOL
MEAN DEG DEG WIND SPEED DOM MEAN MEAN
DAY TEMP HIGH TIME LOW TIME DAYS DAYS RAIN AVG HI TIME DIR BAROM HUM
---------------------------------------------------------------------------------------
1 77.5 94.3 4:49pm 72.7 4:32am 0 8 0.00 3 18 2:47am ESE 29.98 28
2 77.0 96.3 4:40pm 67.6 4:15am 0 9 0.00 2 16 5:03am E 29.98 33
3 75.9 99.2 4:51pm 71.2 2:54am 0 6 0.00 1 14 6:17am ESE 29.93 30
4 82.2 94.8 1:23pm 73.2 6:28am 0 17 0.00 4 17 12:13pm ESE 29.86 21
5 76.3 87.3 5:02pm 67.6 6:24am 0 11 0.00 3 21 5:39am SE 29.90 22
6 74.5 85.0 5:06pm 66.8 5:54am 0 9 0.00 1 15 12:25am ESE 29.91 28
7 76.4 88.7 4:28pm 68.2 6:11am 0 11 0.00 2 13 4:12am ESE 29.86 34
8 78.6 91.2 4:17pm 69.4 6:06am 0 14 0.00 4 18 4:42am ESE 29.82 30
9 79.8 90.7 3:01pm 70.8 6:55am 0 15 0.00 3 18 2:13am ESE 29.82 30
10 81.9 94.4 4:04pm 72.2 5:20am 0 17 0.00 2 18 1:54pm E 29.87 32
11 84.3 98.0 3:59pm 73.8 6:04am 0 19 0.00 4 18 11:53pm E 29.88 29
12 83.3 94.2 2:37pm 76.4 6:38am 0 18 0.00 4 21 1:41am E 29.87 32
13 82.9 92.2 2:11pm 75.4 6:42am 0 18 0.00 3 19 4:48am ESE 29.94 34
14 85.3 97.4 1:23pm 76.1 7:06am 0 20 0.00 2 15 12:58am W 29.96 34
15 83.4 94.4 3:16pm 75.3 6:19am 0 18 0.00 2 13 2:35am E 29.87 36
16 85.1 95.9 2:11pm 77.4 6:33am 0 20 0.00 4 21 11:30pm ESE 29.72 35
17 76.2 85.3 2:23pm 67.0 11:52pm 0 11 0.00 4 22 5:44am SE 29.67 39
18 68.9 77.9 4:47pm 62.1 6:10am 0 4 0.00 0 13 7:45am ESE 29.76 49
19 70.5 80.2 4:18pm 63.0 5:45am 0 6 0.00 1 14 2:19am W 29.85 37
20 69.5 78.4 3:31pm 61.4 6:23am 1 5 0.00 1 12 12:50am SSW 29.79 45
21 67.0 76.4 4:39pm 60.1 1:37am 2 4 0.00 3 21 2:49pm SE 29.74 53
22 69.7 80.8 2:45pm 60.7 1:31am 1 6 0.00 3 16 12:51pm ESE 29.78 44
23 70.8 81.5 4:38pm 62.9 6:29am 0 6 0.00 3 20 3:17pm ESE 29.80 41
24 71.2 81.7 4:25pm 62.7 5:39am 0 7 0.00 3 19 2:37am ESE 29.87 40
25 72.0 84.1 2:14pm 61.3 4:05am 1 8 0.00 3 19 1:27pm ESE 29.94 39
26 75.7 89.0 4:13pm 64.4 6:41am 0 11 0.00 2 20 3:28am ESE 29.91 25
27 78.0 91.6 4:35pm 65.7 6:35am 0 13 0.00 2 18 10:47pm ESE 29.76 25
28 81.2 94.9 5:10pm 71.7 3:46am 0 16 0.00 2 15 6:22am ESE 29.73 24
29 83.2 96.8 4:14pm 72.8 6:17am 0 18 0.00 3 18 3:12am ESE 29.75 20
30 82.5 95.1 2:10pm 73.3 6:11am 0 17 0.00 5 21 3:53am ESE 29.69 19
31 78.5 90.9 1:19pm 67.7 11:21pm 0 14 0.00 6 20 5:12am ESE 29.64 23
---------------------------------------------------------------------------------------
TOT 77.4 98.0 8/11/21 60.1 8/21/21 5 377 0.00 3 22 8/17/21 ESE 29.83 33
HEAT BASE: 65.0
COOL BASE: 65.0