2024: Jan | Feb | Mar | Apr | May | Jun | Jul | Aug | Sep | Oct | Nov | Dec
2023: Jan | Feb | Mar | Apr | May | Jun | Jul | Aug | Sep | Oct | Nov | Dec
2022: Jan | Feb | Mar | Apr | May | Jun | Jul | Aug | Sep | Oct | Nov | Dec
2021: Jan | Feb | Mar | Apr | May | Jun | Jul | Aug | Sep | Oct | Nov | Dec
2020: Jan | Feb | Mar | Apr | May | Jun | Jul | Aug | Sep | Oct | Nov | Dec
2019: Jan | Feb | Mar | Apr | May | Jun | Jul | Aug | Sep | Oct | Nov | Dec
2018: Jan | Feb | Mar | Apr | May | Jun | Jul | Aug | Sep | Oct | Nov | Dec
2017: Jan | Feb | Mar | Apr | May | Jun | Jul | Aug | Sep | Oct | Nov | Dec
2016: Jan | Feb | Mar | Apr | May | Jun | Jul | Aug | Sep | Oct | Nov | Dec
2015: Jan | Feb | Mar | Apr | May | Jun | Jul | Aug | Sep | Oct | Nov | Dec
2014: Jan | Feb | Mar | Apr | May | Jun | Jul | Aug | Sep | Oct | Nov | Dec
2013: Jan | Feb | Mar | Apr | May | Jun | Jul | Aug | Sep | Oct | Nov | Dec
2012: Jan | Feb | Mar | Apr | May | Jun | Jul | Aug | Sep | Oct | Nov | Dec
2011: Jan | Feb | Mar | Apr | May | Jun | Jul | Aug | Sep | Oct | Nov | Dec
2010: Jan | Feb | Mar | Apr | May | Jun | Jul | Aug | Sep | Oct | Nov | Dec
2009: Jan | Feb | Mar | Apr | May | Jun | Jul | Aug | Sep | Oct | Nov | Dec
2008: Jan | Feb | Mar | Apr | May | Jun | Jul | Aug | Sep | Oct | Nov | Dec
Report for 2022 09
MONTHLY CLIMATOLOGICAL SUMMARY FOR 9/2022
HEAT COOL
MEAN DEG DEG WIND SPEED DOM MEAN MEAN
DAY TEMP HIGH TIME LOW TIME DAYS DAYS RAIN AVG HI TIME DIR BAROM HUM
---------------------------------------------------------------------------------------
1 84.5 98.1 3:16pm 75.0 6:15am 0 20 0.00 2 19 7:24am ESE 29.82 26
2 85.6 99.8 1:59pm 76.0 7:07am 0 21 0.00 3 19 1:33am ESE 29.80 23
3 82.9 96.5 2:23pm 72.7 7:27am 0 18 0.00 3 18 2:52pm ESE 29.87 25
4 86.5 99.8 1:43pm 75.7 4:09am 0 21 0.00 3 20 6:56am ESE 29.86 22
5 90.4 106.0 1:13pm 79.1 6:12am 0 25 0.00 4 18 1:58pm ESE 29.75 21
6 92.2 107.6 2:39pm 80.5 5:39am 0 27 0.00 4 25 8:07pm ESE 29.77 22
7 87.8 99.1 4:01pm 79.6 7:26am 0 23 0.00 4 18 6:23am ESE 29.86 25
8 87.0 100.9 2:29pm 76.4 6:03am 0 22 0.00 2 17 4:42pm E 29.75 28
9 83.4 93.6 4:40pm 77.1 11:59pm 0 18 0.00 2 16 8:30am ESE 29.53 32
10 76.0 87.5 2:14pm 66.2 9:54pm 0 11 0.00 1 13 4:03pm ESE 29.78 42
11 74.1 85.7 2:41pm 65.3 4:09am 0 9 0.00 1 13 6:18am ESE 29.97 39
12 72.4 80.3 5:10pm 66.6 2:55am 0 7 0.00 0 8 7:06am SSE 29.89 45
13 68.1 76.2 1:51pm 55.2 11:56pm 1 4 0.00 3 16 11:50am SE 29.81 51
14 60.2 70.6 1:37pm 51.7 6:04am 6 1 0.00 2 18 1:43pm SSW 29.90 65
15 60.2 71.0 1:21pm 51.4 6:37am 6 1 0.00 1 16 12:52pm SW 29.99 68
16 62.0 73.8 2:43pm 52.9 6:47am 5 2 0.00 1 12 1:54pm WSW 29.96 60
17 61.4 73.2 1:12pm 53.9 11:58pm 5 2 0.00 4 24 1:23pm ESE 29.76 59
18 55.7 67.4 3:37pm 49.4 5:40am 9 0 0.25 5 29 2:05pm SE 29.71 73
19 55.8 64.0 2:27pm 52.7 3:47am 9 0 0.77 2 19 12:08am SE 29.86 85
20 57.5 66.5 12:58pm 52.5 6:51am 8 0 0.08 1 18 12:19pm SE 29.94 81
21 54.9 62.2 4:58pm 52.4 12:14pm 10 0 0.19 1 20 1:24pm ESE 30.00 84
22 60.7 73.9 1:10pm 50.3 5:17am 6 2 0.00 2 12 2:22am E 30.07 68
23 68.2 82.7 12:51pm 57.0 4:01am 3 6 0.00 2 20 5:48am ESE 30.00 51
24 73.7 88.0 12:45pm 64.3 7:15am 0 9 0.00 2 21 5:16am ESE 30.02 40
25 75.6 90.2 2:31pm 65.5 2:24am 0 11 0.00 3 21 6:29am ESE 29.98 40
26 76.2 90.4 1:38pm 68.0 6:55am 0 11 0.00 2 16 4:46am ESE 29.91 47
27 73.8 87.0 1:54pm 66.0 7:25am 0 9 0.00 2 19 9:43pm ESE 29.91 48
28 70.4 83.0 1:14pm 62.7 7:14am 0 6 0.00 2 20 1:52am ESE 29.98 35
29 68.4 83.0 2:00pm 59.4 6:32am 2 5 0.00 1 13 2:36pm ESE 29.99 44
30 70.5 83.4 2:00pm 62.2 5:53am 1 6 0.00 2 16 7:49am ESE 29.84 44
---------------------------------------------------------------------------------------
TOT 72.5 107.6 9/6/22 49.4 9/18/22 71 297 1.29 2 29 9/18/22 ESE 29.88 46
HEAT BASE: 65.0
COOL BASE: 65.0