2024: Jan | Feb | Mar | Apr | May | Jun | Jul | Aug | Sep | Oct | Nov | Dec
2023: Jan | Feb | Mar | Apr | May | Jun | Jul | Aug | Sep | Oct | Nov | Dec
2022: Jan | Feb | Mar | Apr | May | Jun | Jul | Aug | Sep | Oct | Nov | Dec
2021: Jan | Feb | Mar | Apr | May | Jun | Jul | Aug | Sep | Oct | Nov | Dec
2020: Jan | Feb | Mar | Apr | May | Jun | Jul | Aug | Sep | Oct | Nov | Dec
2019: Jan | Feb | Mar | Apr | May | Jun | Jul | Aug | Sep | Oct | Nov | Dec
2018: Jan | Feb | Mar | Apr | May | Jun | Jul | Aug | Sep | Oct | Nov | Dec
2017: Jan | Feb | Mar | Apr | May | Jun | Jul | Aug | Sep | Oct | Nov | Dec
2016: Jan | Feb | Mar | Apr | May | Jun | Jul | Aug | Sep | Oct | Nov | Dec
2015: Jan | Feb | Mar | Apr | May | Jun | Jul | Aug | Sep | Oct | Nov | Dec
2014: Jan | Feb | Mar | Apr | May | Jun | Jul | Aug | Sep | Oct | Nov | Dec
2013: Jan | Feb | Mar | Apr | May | Jun | Jul | Aug | Sep | Oct | Nov | Dec
2012: Jan | Feb | Mar | Apr | May | Jun | Jul | Aug | Sep | Oct | Nov | Dec
2011: Jan | Feb | Mar | Apr | May | Jun | Jul | Aug | Sep | Oct | Nov | Dec
2010: Jan | Feb | Mar | Apr | May | Jun | Jul | Aug | Sep | Oct | Nov | Dec
2009: Jan | Feb | Mar | Apr | May | Jun | Jul | Aug | Sep | Oct | Nov | Dec
2008: Jan | Feb | Mar | Apr | May | Jun | Jul | Aug | Sep | Oct | Nov | Dec
Report for 2022 11
MONTHLY CLIMATOLOGICAL SUMMARY FOR 11/2022
HEAT COOL
MEAN DEG DEG WIND SPEED DOM MEAN MEAN
DAY TEMP HIGH TIME LOW TIME DAYS DAYS RAIN AVG HI TIME DIR BAROM HUM
---------------------------------------------------------------------------------------
1 45.6 51.1 12:00am 39.7 11:56pm 20 0 0.75 6 28 2:53pm S 29.83 84
2 38.6 42.0 3:40pm 32.6 11:58pm 26 0 0.13 4 21 4:18am S 30.10 95
3 38.1 48.7 3:01pm 32.4 12:08am 27 0 0.13 0 15 10:18pm E 30.24 87
4 44.5 55.0 2:46pm 37.8 2:22am 20 0 0.00 2 18 1:30am ESE 30.38 66
5 46.5 49.6 11:52pm 42.1 2:51am 19 0 0.36 4 17 8:55pm SSE 30.17 87
6 45.5 49.6 12:00am 41.6 10:53pm 20 0 0.09 6 29 11:31pm S 29.89 96
7 39.4 44.9 2:05pm 35.1 2:29am 26 0 0.77 5 34 1:24am SSE 29.89 90
8 36.3 38.1 12:04am 32.8 9:50am 29 0 1.25 6 29 4:41am SSE 29.72 96
9 36.9 40.4 1:11pm 33.4 11:54pm 28 0 0.22 3 23 12:22am S 30.16 96
10 38.7 50.6 1:12pm 31.2 6:32am 26 0 0.01 1 14 7:36am ESE 30.31 87
11 42.0 52.8 1:01pm 35.7 5:16am 23 0 0.00 3 19 6:49am ESE 30.21 77
12 41.1 46.8 11:50am 35.6 11:58pm 24 0 0.01 1 17 9:27am ESE 30.15 84
13 41.6 52.8 12:18pm 33.8 6:22am 23 0 0.00 2 28 9:47am ESE 30.19 68
14 42.3 53.9 2:02pm 34.8 6:58am 23 0 0.00 1 20 10:49pm ESE 30.21 66
15 50.6 63.8 1:11pm 40.7 4:40am 14 0 0.00 6 36 9:30pm E 30.28 41
16 50.0 60.3 1:22pm 43.9 6:21am 15 0 0.00 1 33 12:20am ESE 30.37 44
17 48.6 61.8 1:20pm 42.7 2:38am 16 0 0.00 1 16 6:10am ESE 30.29 53
18 50.0 63.0 12:50pm 43.0 6:11am 15 0 0.00 4 38 7:20pm ESE 30.11 40
19 47.8 60.4 1:43pm 40.4 4:50am 17 0 0.00 2 24 12:18am ESE 30.22 38
20 47.3 60.2 1:44pm 40.9 6:31am 18 0 0.00 2 18 1:00am E 30.30 45
21 48.1 60.5 1:09pm 41.7 6:24am 17 0 0.00 1 16 4:23am ESE 30.25 38
22 48.9 59.4 1:24pm 43.2 4:40am 16 0 0.00 1 18 5:09am E 30.21 45
23 52.6 63.2 12:36pm 44.8 5:55am 12 0 0.00 2 23 10:27pm E 30.20 47
24 55.7 68.3 1:14pm 49.8 11:58pm 9 0 0.00 1 22 12:38am ESE 30.26 36
25 53.4 67.5 12:34pm 47.6 11:50pm 12 0 0.00 1 21 7:57am E 30.33 37
26 51.9 63.4 1:06pm 47.1 1:59am 13 0 0.00 1 19 11:47pm E 30.19 42
27 49.0 60.0 1:38pm 42.7 11:58pm 16 0 0.00 2 19 12:25am ESE 30.11 51
28 43.5 51.3 12:35pm 37.5 10:47pm 22 0 0.00 1 14 1:38pm ESE 29.97 68
29 40.4 52.5 1:53pm 34.3 6:53am 25 0 0.00 1 18 11:16pm ESE 30.06 69
30 40.8 49.5 1:29pm 35.4 7:02am 24 0 0.00 4 18 11:57am ESE 30.03 74
---------------------------------------------------------------------------------------
TOT 45.2 68.3 11/24/22 31.2 11/10/22 595 0 3.71 3 37 11/18/22 ESE 30.15 65
HEAT BASE: 65.0
COOL BASE: 65.0