2024: Jan | Feb | Mar | Apr | May | Jun | Jul | Aug | Sep | Oct | Nov | Dec
2023: Jan | Feb | Mar | Apr | May | Jun | Jul | Aug | Sep | Oct | Nov | Dec
2022: Jan | Feb | Mar | Apr | May | Jun | Jul | Aug | Sep | Oct | Nov | Dec
2021: Jan | Feb | Mar | Apr | May | Jun | Jul | Aug | Sep | Oct | Nov | Dec
2020: Jan | Feb | Mar | Apr | May | Jun | Jul | Aug | Sep | Oct | Nov | Dec
2019: Jan | Feb | Mar | Apr | May | Jun | Jul | Aug | Sep | Oct | Nov | Dec
2018: Jan | Feb | Mar | Apr | May | Jun | Jul | Aug | Sep | Oct | Nov | Dec
2017: Jan | Feb | Mar | Apr | May | Jun | Jul | Aug | Sep | Oct | Nov | Dec
2016: Jan | Feb | Mar | Apr | May | Jun | Jul | Aug | Sep | Oct | Nov | Dec
2015: Jan | Feb | Mar | Apr | May | Jun | Jul | Aug | Sep | Oct | Nov | Dec
2014: Jan | Feb | Mar | Apr | May | Jun | Jul | Aug | Sep | Oct | Nov | Dec
2013: Jan | Feb | Mar | Apr | May | Jun | Jul | Aug | Sep | Oct | Nov | Dec
2012: Jan | Feb | Mar | Apr | May | Jun | Jul | Aug | Sep | Oct | Nov | Dec
2011: Jan | Feb | Mar | Apr | May | Jun | Jul | Aug | Sep | Oct | Nov | Dec
2010: Jan | Feb | Mar | Apr | May | Jun | Jul | Aug | Sep | Oct | Nov | Dec
2009: Jan | Feb | Mar | Apr | May | Jun | Jul | Aug | Sep | Oct | Nov | Dec
2008: Jan | Feb | Mar | Apr | May | Jun | Jul | Aug | Sep | Oct | Nov | Dec
Report for 2023 02
MONTHLY CLIMATOLOGICAL SUMMARY FOR 2/2023
HEAT COOL
MEAN DEG DEG WIND SPEED DOM MEAN MEAN
DAY TEMP HIGH TIME LOW TIME DAYS DAYS RAIN AVG HI TIME DIR BAROM HUM
---------------------------------------------------------------------------------------
1 41.7 54.2 2:21pm 34.3 12:02am 23 0 0.00 1 13 9:31pm ESE 30.28 63
2 46.0 58.2 1:12pm 37.8 6:31am 19 0 0.00 4 23 11:24pm ESE 30.32 49
3 44.2 49.3 2:32pm 40.1 11:57pm 21 0 0.02 6 31 11:11am SE 30.29 64
4 45.2 55.5 1:43pm 37.8 7:14am 20 0 0.83 7 36 8:57pm S 30.15 73
5 38.2 43.4 12:00am 33.3 11:35pm 27 0 0.66 3 24 12:59am SW 30.21 96
6 39.5 52.9 3:12pm 31.0 4:25am 25 0 0.00 1 19 11:00pm NNE 30.43 78
7 43.3 52.6 3:18pm 35.9 8:00am 22 0 0.00 0 16 1:20am E 30.41 72
8 47.6 59.3 1:16pm 39.6 7:08am 17 0 0.00 1 11 2:55am E 30.39 61
9 50.5 62.1 2:07pm 44.6 12:00am 15 0 0.00 2 18 11:47pm E 30.32 61
10 46.5 58.3 12:11pm 37.7 11:57pm 19 0 0.03 4 21 11:31am S 30.16 70
11 38.2 50.6 1:45pm 30.0 6:43am 27 0 0.00 1 15 4:21pm SE 30.01 81
12 51.5 67.8 2:31pm 36.7 12:00am 14 0 0.00 2 28 9:12am E 30.03 45
13 48.6 58.1 1:46pm 38.6 11:59pm 16 0 0.00 1 25 12:02am E 29.88 55
14 33.4 40.5 11:09am 27.9 6:18am 32 0 0.00 2 26 4:00pm NW 30.01 64
15 38.0 54.4 2:22pm 28.7 7:17am 27 0 0.00 2 20 10:58am ESE 30.29 45
16 38.5 51.2 1:25pm 29.9 5:45am 26 0 0.00 3 21 7:09am E 30.32 48
17 41.7 54.9 1:22pm 32.8 6:41am 23 0 0.00 2 15 3:43am E 30.19 43
18 43.7 56.7 12:57pm 34.8 7:07am 21 0 0.00 2 19 7:09am ESE 30.14 46
19 47.7 59.7 1:39pm 38.9 3:24am 17 0 0.00 1 12 6:37am E 30.13 48
20 50.1 62.5 1:52pm 41.9 3:53am 15 0 0.00 1 11 11:33pm WNW 30.16 57
21 44.2 52.5 11:30am 30.2 11:30pm 21 0 0.00 5 39 4:09pm NNW 29.75 57
22 30.8 38.1 12:35pm 25.8 7:18am 34 0 0.02 4 24 4:55pm S 29.74 77
23 29.4 32.6 11:57pm 27.0 5:18am 36 0 0.35 10 35 11:17pm S 29.85 91
24 32.1 33.0 12:58am 30.8 2:21am 33 0 1.22 4 36 12:56am SSE 29.80 93
25 33.1 35.3 3:06pm 32.4 12:01am 32 0 0.09 1 13 2:21am ESE 29.94 96
26 32.5 33.2 12:28pm 32.2 7:07pm 31 0 0.96 5 23 11:41am SSE 30.06 96
27 31.6 33.2 12:38am 30.8 6:49am 33 0 0.81 4 23 10:16am S 29.99 96
28 31.6 32.3 2:11pm 30.4 11:38pm 33 0 1.85 5 23 1:48pm S 29.90 96
---------------------------------------------------------------------------------------
TOT 40.7 67.8 2/12/23 25.8 2/22/23 679 0 6.84 3 39 2/21/23 S 30.11 69
HEAT BASE: 65.0
COOL BASE: 65.0