2024: Jan | Feb | Mar | Apr | May | Jun | Jul | Aug | Sep | Oct | Nov | Dec
2023: Jan | Feb | Mar | Apr | May | Jun | Jul | Aug | Sep | Oct | Nov | Dec
2022: Jan | Feb | Mar | Apr | May | Jun | Jul | Aug | Sep | Oct | Nov | Dec
2021: Jan | Feb | Mar | Apr | May | Jun | Jul | Aug | Sep | Oct | Nov | Dec
2020: Jan | Feb | Mar | Apr | May | Jun | Jul | Aug | Sep | Oct | Nov | Dec
2019: Jan | Feb | Mar | Apr | May | Jun | Jul | Aug | Sep | Oct | Nov | Dec
2018: Jan | Feb | Mar | Apr | May | Jun | Jul | Aug | Sep | Oct | Nov | Dec
2017: Jan | Feb | Mar | Apr | May | Jun | Jul | Aug | Sep | Oct | Nov | Dec
2016: Jan | Feb | Mar | Apr | May | Jun | Jul | Aug | Sep | Oct | Nov | Dec
2015: Jan | Feb | Mar | Apr | May | Jun | Jul | Aug | Sep | Oct | Nov | Dec
2014: Jan | Feb | Mar | Apr | May | Jun | Jul | Aug | Sep | Oct | Nov | Dec
2013: Jan | Feb | Mar | Apr | May | Jun | Jul | Aug | Sep | Oct | Nov | Dec
2012: Jan | Feb | Mar | Apr | May | Jun | Jul | Aug | Sep | Oct | Nov | Dec
2011: Jan | Feb | Mar | Apr | May | Jun | Jul | Aug | Sep | Oct | Nov | Dec
2010: Jan | Feb | Mar | Apr | May | Jun | Jul | Aug | Sep | Oct | Nov | Dec
2009: Jan | Feb | Mar | Apr | May | Jun | Jul | Aug | Sep | Oct | Nov | Dec
2008: Jan | Feb | Mar | Apr | May | Jun | Jul | Aug | Sep | Oct | Nov | Dec
Report for 2023 04
MONTHLY CLIMATOLOGICAL SUMMARY FOR 4/2023
HEAT COOL
MEAN DEG DEG WIND SPEED DOM MEAN MEAN
DAY TEMP HIGH TIME LOW TIME DAYS DAYS RAIN AVG HI TIME DIR BAROM HUM
---------------------------------------------------------------------------------------
1 45.5 55.9 2:51pm 36.2 5:54am 20 0 0.00 2 16 1:47am ESE 30.25 77
2 42.6 46.4 4:58pm 34.8 11:52pm 22 0 0.13 6 24 7:35pm S 30.10 90
3 34.4 44.0 2:47pm 27.2 7:17am 31 0 0.01 2 26 4:11pm NW 30.09 75
4 36.6 48.1 2:17pm 27.2 6:30am 28 0 0.00 2 14 12:03pm E 30.24 60
5 41.8 54.7 2:17pm 31.2 5:18am 23 0 0.00 1 16 1:44pm E 30.25 57
6 47.8 60.3 2:33pm 36.8 5:46am 17 0 0.00 2 18 1:35pm E 30.16 58
7 44.8 48.6 4:50pm 40.5 6:39am 20 0 0.39 3 20 9:28am SSE 30.07 91
8 51.0 61.9 2:54pm 42.6 7:12am 14 0 0.00 1 13 2:57pm ESE 30.15 81
9 56.9 70.3 2:37pm 45.2 3:46am 9 1 0.00 1 13 1:22pm E 30.19 63
10 61.9 74.5 1:06pm 51.5 7:06am 6 3 0.00 3 21 4:45am ESE 30.06 59
11 56.2 66.8 1:57pm 46.7 5:27am 9 0 0.00 2 17 2:12pm SE 30.02 69
12 47.7 57.9 2:11pm 39.4 8:09am 17 0 0.00 2 18 12:29am SE 29.90 66
13 47.6 58.7 4:54pm 37.8 5:55am 17 0 0.00 1 15 1:17pm W 29.86 56
14 49.8 61.6 3:50pm 39.3 6:56am 15 0 0.00 2 16 2:59am ESE 29.98 53
15 53.0 65.5 1:38pm 42.1 5:42am 12 0 0.00 2 16 7:04am ESE 30.13 55
16 53.0 64.2 1:56pm 44.8 6:17am 12 0 0.00 2 17 1:43pm ESE 30.10 61
17 46.9 56.1 1:59pm 40.3 11:54pm 18 0 0.00 5 22 7:04pm S 29.99 68
18 41.1 50.0 1:38pm 34.0 7:12am 24 0 0.28 4 23 12:08am SW 30.07 72
19 43.0 54.0 4:28pm 33.0 5:55am 22 0 0.00 3 16 6:12am ESE 30.25 58
20 50.1 63.4 4:42pm 37.0 5:43am 15 0 0.00 1 14 3:10pm E 30.35 49
21 59.3 72.7 12:45pm 46.7 3:03am 7 2 0.00 1 19 5:10pm WNW 30.26 54
22 63.0 74.1 2:47pm 54.0 6:41am 5 3 0.00 2 21 5:38am E 29.97 50
23 61.0 72.0 1:23pm 51.0 6:41am 6 2 0.00 2 19 3:48pm ESE 29.87 56
24 60.5 72.0 1:18pm 51.6 5:58am 6 2 0.00 2 18 6:07am ESE 29.94 47
25 63.0 77.6 1:19pm 49.7 4:01am 6 4 0.00 2 23 7:55am E 29.93 38
26 67.5 80.7 4:54pm 54.8 6:33am 3 5 0.00 2 24 2:41am ESE 29.97 33
27 69.6 83.3 1:59pm 57.9 6:38am 2 7 0.00 2 21 6:52am E 29.93 38
28 71.0 84.0 2:10pm 60.4 6:29am 1 7 0.00 2 18 4:48am ESE 29.93 39
29 70.7 84.0 1:11pm 61.0 6:25am 1 7 0.00 2 18 4:15am ESE 29.96 41
30 62.3 74.5 1:46pm 47.9 11:59pm 5 2 0.00 3 19 3:07pm ESE 29.82 52
---------------------------------------------------------------------------------------
TOT 53.3 84.0 4/28/23 27.2 4/3/23 393 43 0.81 2 26 4/3/23 ESE 30.06 59
HEAT BASE: 65.0
COOL BASE: 65.0